54.236.1.11 - - [20/Jun/2026:03:26:06 +0200] "GET /produit/formule-voyage/?attribute_nombre-detapes=Jusqu'%C3%A0%2020%20%C3%A9tapes&attribute_anecdotes=Unie&attribute_impression=45x60cm HTTP/1.1" 200 314371 "-" "Mozilla/5.0 (compatible; Pinterestbot/1.0; +http://www.pinterest.com/bot.html)"
109.234.166.195 - - [20/Jun/2026:03:28:59 +0200] "POST /wp-cron.php?doing_wp_cron=1781918939.7156579494476318359375 HTTP/1.1" 200 - "-" "WordPress/7.0; https://www.tracestudio.fr"
54.236.1.52 - - [20/Jun/2026:03:28:56 +0200] "GET /produit/affiche-gr20-traversee-de-la-corse/?attribute_couleurs=Ocre%20relief&attribute_tailles=40x50cm HTTP/1.1" 200 248012 "-" "Mozilla/5.0 (compatible; Pinterestbot/1.0; +http://www.pinterest.com/bot.html)"
109.234.166.195 - - [20/Jun/2026:03:36:41 +0200] "POST /wp-cron.php?doing_wp_cron=1781919401.5986878871917724609375 HTTP/1.1" 200 - "-" "WordPress/7.0; https://www.tracestudio.fr"
57.141.20.20 - - [20/Jun/2026:03:36:41 +0200] "GET /commander-2/ HTTP/1.1" 302 - "-" "meta-externalagent/1.1 (+https://developers.facebook.com/docs/sharing/webmasters/crawler)"
109.234.166.195 - - [20/Jun/2026:03:49:09 +0200] "POST /wp-cron.php?doing_wp_cron=1781920149.7238790988922119140625 HTTP/1.1" 200 - "-" "WordPress/7.0; https://www.tracestudio.fr"
54.236.1.13 - - [20/Jun/2026:03:49:07 +0200] "GET /produit/affiche-personnalisee-gr20-corse/?attribute_couleurs=Beige%20relief%20Marron&attribute_tailles=20x30cm HTTP/1.1" 200 252715 "-" "Mozilla/5.0 (compatible; Pinterestbot/1.0; +http://www.pinterest.com/bot.html)"
109.234.166.195 - - [20/Jun/2026:03:50:49 +0200] "POST /wp-cron.php?doing_wp_cron=1781920249.6093969345092773437500 HTTP/1.1" 200 - "-" "WordPress/7.0; https://www.tracestudio.fr"
138.246.253.24 - - [20/Jun/2026:03:50:49 +0200] "GET /robots.txt HTTP/1.1" 301 - "-" "Mozilla/5.0 (Windows NT 10.0; Win64; x64) AppleWebKit/537.36 (KHTML, like Gecko) Chrome/103.0.5060.134 Safari/537.36"
109.234.166.195 - - [20/Jun/2026:03:57:44 +0200] "POST /wp-cron.php?doing_wp_cron=1781920664.3255269527435302734375 HTTP/1.1" 200 - "-" "WordPress/7.0; https://www.tracestudio.fr"
57.141.20.38 - - [20/Jun/2026:03:57:43 +0200] "GET /mentions-legales-et-rgpd/ HTTP/1.1" 200 216211 "-" "meta-externalagent/1.1 (+https://developers.facebook.com/docs/sharing/webmasters/crawler)"
109.234.166.195 - - [20/Jun/2026:04:03:58 +0200] "POST /wp-cron.php?doing_wp_cron=1781921038.8268139362335205078125 HTTP/1.1" 200 - "-" "WordPress/7.0; https://www.tracestudio.fr"
54.236.1.51 - - [20/Jun/2026:04:03:56 +0200] "GET /produit/affiche-tmb-tour-du-mont-blanc/?attribute_couleurs=Vert%20relief&attribute_tailles=40x50cm HTTP/1.1" 200 323900 "-" "Mozilla/5.0 (compatible; Pinterestbot/1.0; +http://www.pinterest.com/bot.html)"
109.234.166.195 - - [20/Jun/2026:04:12:13 +0200] "POST /wp-cron.php?doing_wp_cron=1781921533.2927019596099853515625 HTTP/1.1" 200 - "-" "WordPress/7.0; https://www.tracestudio.fr"
57.141.20.0 - - [20/Jun/2026:04:12:12 +0200] "GET /mon-compte/ HTTP/1.1" 200 206229 "-" "meta-externalagent/1.1 (+https://developers.facebook.com/docs/sharing/webmasters/crawler)"
109.234.166.195 - - [20/Jun/2026:04:21:21 +0200] "POST /wp-cron.php?doing_wp_cron=1781922081.1066811084747314453125 HTTP/1.1" 200 - "-" "WordPress/7.0; https://www.tracestudio.fr"
57.141.20.3 - - [20/Jun/2026:04:21:20 +0200] "GET /sitemap-taxonomy-product_cat.xml HTTP/1.1" 200 951 "-" "meta-externalagent/1.1 (+https://developers.facebook.com/docs/sharing/webmasters/crawler)"
109.234.166.195 - - [20/Jun/2026:04:21:22 +0200] "POST /koko-analytics-collect.php?test=1 HTTP/1.1" 200 - "-" "WordPress/7.0; https://www.tracestudio.fr"
109.234.166.195 - - [20/Jun/2026:04:25:30 +0200] "POST /wp-cron.php?doing_wp_cron=1781922330.3625879287719726562500 HTTP/1.1" 200 - "-" "WordPress/7.0; https://www.tracestudio.fr"
54.236.1.53 - - [20/Jun/2026:04:25:27 +0200] "GET /produit/formule-voyage/ HTTP/1.1" 200 313783 "-" "Mozilla/5.0 (compatible; Pinterestbot/1.0; +http://www.pinterest.com/bot.html)"
109.234.166.195 - - [20/Jun/2026:04:26:14 +0200] "POST /wp-cron.php?doing_wp_cron=1781922374.7844169139862060546875 HTTP/1.1" 200 - "-" "WordPress/7.0; https://www.tracestudio.fr"
109.234.166.195 - - [20/Jun/2026:04:26:14 +0200] "POST /wp-cron.php?doing_wp_cron=1781922374.8185729980468750000000 HTTP/1.1" 200 - "-" "WordPress/7.0; https://www.tracestudio.fr"
51.75.236.130 - - [20/Jun/2026:04:26:14 +0200] "GET /sitemap.xml HTTP/1.1" 200 703 "-" "Mozilla/5.0 (compatible; AhrefsBot/7.0; +http://ahrefs.com/robot/)"
109.234.166.195 - - [20/Jun/2026:04:26:17 +0200] "POST /wp-cron.php?doing_wp_cron=1781922377.0081679821014404296875 HTTP/1.1" 200 - "-" "WordPress/7.0; https://www.tracestudio.fr"
5.39.1.253 - - [20/Jun/2026:04:26:16 +0200] "GET /sitemap-post-type-post.xml HTTP/1.1" 200 13045 "-" "Mozilla/5.0 (compatible; AhrefsBot/7.0; +http://ahrefs.com/robot/)"
176.31.139.14 - - [20/Jun/2026:04:26:18 +0200] "GET /sitemap-post-type-page.xml HTTP/1.1" 200 24361 "-" "Mozilla/5.0 (compatible; AhrefsBot/7.0; +http://ahrefs.com/robot/)"
51.68.247.214 - - [20/Jun/2026:04:26:19 +0200] "GET /sitemap-post-type-product.xml HTTP/1.1" 200 2667 "-" "Mozilla/5.0 (compatible; AhrefsBot/7.0; +http://ahrefs.com/robot/)"
94.23.188.221 - - [20/Jun/2026:04:26:21 +0200] "GET /sitemap-taxonomy-category.xml HTTP/1.1" 200 356 "-" "Mozilla/5.0 (compatible; AhrefsBot/7.0; +http://ahrefs.com/robot/)"
94.23.188.221 - - [20/Jun/2026:04:26:22 +0200] "GET /sitemap-taxonomy-product_cat.xml HTTP/1.1" 200 951 "-" "Mozilla/5.0 (compatible; AhrefsBot/7.0; +http://ahrefs.com/robot/)"
109.234.166.195 - - [20/Jun/2026:04:28:53 +0200] "POST /wp-cron.php?doing_wp_cron=1781922533.8714718818664550781250 HTTP/1.1" 200 - "-" "WordPress/7.0; https://www.tracestudio.fr"
54.236.1.52 - - [20/Jun/2026:04:28:52 +0200] "GET / HTTP/1.1" 200 355019 "-" "Mozilla/5.0 (compatible; Pinterestbot/1.0; +http://www.pinterest.com/bot.html)"
109.234.166.195 - - [20/Jun/2026:04:32:08 +0200] "POST /wp-cron.php?doing_wp_cron=1781922728.0189120769500732421875 HTTP/1.1" 200 - "-" "WordPress/7.0; https://www.tracestudio.fr"
54.236.1.52 - - [20/Jun/2026:04:32:05 +0200] "GET /produit/formule-voyage/?attribute_nombre-detapes=Jusqu'%C3%A0%2010%20%C3%A9tapes&attribute_anecdotes=Unie&attribute_impression=30x40cm HTTP/1.1" 200 314158 "-" "Mozilla/5.0 (compatible; Pinterestbot/1.0; +http://www.pinterest.com/bot.html)"
109.234.166.195 - - [20/Jun/2026:04:39:37 +0200] "POST /wp-cron.php?doing_wp_cron=1781923177.9087910652160644531250 HTTP/1.1" 200 - "-" "WordPress/7.0; https://www.tracestudio.fr"
54.236.1.13 - - [20/Jun/2026:04:39:37 +0200] "GET /produit/affiche-gr20 HTTP/1.1" 301 - "-" "Mozilla/5.0 (compatible; Pinterestbot/1.0; +http://www.pinterest.com/bot.html)"
54.236.1.13 - - [20/Jun/2026:04:39:38 +0200] "GET /produit/affiche-gr20-traversee-de-la-corse/ HTTP/1.1" 200 248092 "-" "Mozilla/5.0 (compatible; Pinterestbot/1.0; +http://www.pinterest.com/bot.html)"
109.234.166.195 - - [20/Jun/2026:05:07:51 +0200] "POST /wp-cron.php?doing_wp_cron=1781924871.2684109210968017578125 HTTP/1.1" 200 - "-" "WordPress/7.0; https://www.tracestudio.fr"
57.141.20.71 - - [20/Jun/2026:05:07:50 +0200] "GET /sitemap-post-type-post.xml HTTP/1.1" 200 13045 "-" "meta-externalagent/1.1 (+https://developers.facebook.com/docs/sharing/webmasters/crawler)"
109.234.166.195 - - [20/Jun/2026:05:24:06 +0200] "POST /wp-cron.php?doing_wp_cron=1781925846.7888998985290527343750 HTTP/1.1" 200 - "-" "WordPress/7.0; https://www.tracestudio.fr"
54.236.1.11 - - [20/Jun/2026:05:24:03 +0200] "GET /produit/affiche-personnalisee-gr20-corse/ HTTP/1.1" 200 252532 "-" "Mozilla/5.0 (compatible; Pinterestbot/1.0; +http://www.pinterest.com/bot.html)"
109.234.166.195 - - [20/Jun/2026:05:24:07 +0200] "POST /koko-analytics-collect.php?test=1 HTTP/1.1" 200 - "-" "WordPress/7.0; https://www.tracestudio.fr"
109.234.166.195 - - [20/Jun/2026:05:34:08 +0200] "POST /wp-cron.php?doing_wp_cron=1781926448.3818271160125732421875 HTTP/1.1" 200 - "-" "WordPress/7.0; https://www.tracestudio.fr"
109.234.166.195 - - [20/Jun/2026:05:34:08 +0200] "POST /wp-cron.php?doing_wp_cron=1781926448.4127020835876464843750 HTTP/1.1" 200 - "-" "WordPress/7.0; https://www.tracestudio.fr"
57.141.20.20 - - [20/Jun/2026:05:34:07 +0200] "GET /produit/formule-aventure-affiche-100-personnalisee-jusqua-20-etapes-illustrees/ HTTP/1.1" 301 - "-" "meta-externalagent/1.1 (+https://developers.facebook.com/docs/sharing/webmasters/crawler)"
109.234.166.195 - - [20/Jun/2026:05:38:06 +0200] "POST /wp-cron.php?doing_wp_cron=1781926686.5119709968566894531250 HTTP/1.1" 200 - "-" "WordPress/7.0; https://www.tracestudio.fr"
8.229.96.31 - - [20/Jun/2026:05:38:06 +0200] "GET / HTTP/1.1" 301 - "https://www.google.com/" "Mozilla/5.0 (X11; Linux x86_64) AppleWebKit/537.36 (KHTML, like Gecko) Chrome/124.0.0.0 Safari/537.36"
8.229.96.31 - - [20/Jun/2026:05:38:07 +0200] "GET / HTTP/1.1" 200 355019 "https://www.google.com/" "Mozilla/5.0 (X11; Linux x86_64) AppleWebKit/537.36 (KHTML, like Gecko) Chrome/124.0.0.0 Safari/537.36"
8.229.96.31 - - [20/Jun/2026:05:38:10 +0200] "GET /wp-includes/js/jquery/jquery.min.js?ver=3.7.1 HTTP/1.1" 200 87553 "https://tracestudio.fr" "Mozilla/5.0 (X11; Linux x86_64) AppleWebKit/537.36 (KHTML, like Gecko) Chrome/124.0.0.0 Safari/537.36"
8.229.96.31 - - [20/Jun/2026:05:38:10 +0200] "GET /wp-content/plugins/pinterest-for-woocommerce/assets/js/pinterest-for-woocommerce-save-button.min.js?ver=1.4.27 HTTP/1.1" 200 303 "https://tracestudio.fr" "Mozilla/5.0 (X11; Linux x86_64) AppleWebKit/537.36 (KHTML, like Gecko) Chrome/124.0.0.0 Safari/537.36"
8.229.96.31 - - [20/Jun/2026:05:38:10 +0200] "GET /wp-content/litespeed/js/e44a87b8472e8535706a5bcad2cbd96d.js?ver=b46e1 HTTP/1.1" 200 655359 "https://tracestudio.fr" "Mozilla/5.0 (X11; Linux x86_64) AppleWebKit/537.36 (KHTML, like Gecko) Chrome/124.0.0.0 Safari/537.36"
109.234.166.195 - - [20/Jun/2026:05:48:49 +0200] "POST /wp-cron.php?doing_wp_cron=1781927329.5111749172210693359375 HTTP/1.1" 200 - "-" "WordPress/7.0; https://www.tracestudio.fr"
66.249.70.2 - - [20/Jun/2026:05:48:49 +0200] "GET /2026/04/21/9-idees-de-cadeaux-de-mariage-originaux-pour-un-couple-voyageur/ HTTP/1.1" 301 - "-" "Mozilla/5.0 (Linux; Android 6.0.1; Nexus 5X Build/MMB29P) AppleWebKit/537.36 (KHTML, like Gecko) Chrome/148.0.7778.96 Mobile Safari/537.36 (compatible; Googlebot/2.1; +http://www.google.com/bot.html)"
66.249.70.2 - - [20/Jun/2026:05:48:57 +0200] "GET /wp-content/litespeed/css/38f86ff2b76dfe92ece3be81c7ff0674.css?ver=b46e1 HTTP/1.1" 200 611826 "https://www.tracestudio.fr/blog/9-idees-de-cadeaux-de-mariage-originaux-pour-un-couple-voyageur/" "Mozilla/5.0 (Linux; Android 6.0.1; Nexus 5X Build/MMB29P) AppleWebKit/537.36 (KHTML, like Gecko) Chrome/148.0.7778.96 Mobile Safari/537.36 (compatible; Googlebot/2.1; +http://www.google.com/bot.html)"
109.234.166.195 - - [20/Jun/2026:05:51:06 +0200] "POST /wp-cron.php?doing_wp_cron=1781927466.6840000152587890625000 HTTP/1.1" 200 - "-" "WordPress/7.0; https://www.tracestudio.fr"
54.236.1.53 - - [20/Jun/2026:05:51:04 +0200] "GET /produit/affiche-personnalisee-trail-running/?attribute_couleurs=Marron%20&%20Ocre&attribute_tailles=40x50cm HTTP/1.1" 200 249355 "-" "Mozilla/5.0 (compatible; Pinterestbot/1.0; +http://www.pinterest.com/bot.html)"
52.167.144.216 - - [20/Jun/2026:05:51:10 +0200] "GET /wp-content/uploads/2026/02/Cadre-caillou-GR20-vert-2-600x600.png HTTP/1.1" 200 314507 "-" "Mozilla/5.0 AppleWebKit/537.36 (KHTML, like Gecko; compatible; bingbot/2.0; +http://www.bing.com/bingbot.htm) Chrome/116.0.1938.76 Safari/537.36"
109.234.166.195 - - [20/Jun/2026:05:59:10 +0200] "POST /wp-cron.php?doing_wp_cron=1781927950.2919769287109375000000 HTTP/1.1" 200 - "-" "WordPress/7.0; https://www.tracestudio.fr"
54.236.1.52 - - [20/Jun/2026:05:59:09 +0200] "GET /2025/12/08/pourquoi-offrir-une-carte-personnalisee-7-raisons-qui-font-la-difference/ HTTP/1.1" 301 - "-" "Mozilla/5.0 (compatible; Pinterestbot/1.0; +http://www.pinterest.com/bot.html)"
54.236.1.52 - - [20/Jun/2026:05:59:10 +0200] "GET /blog/pourquoi-offrir-une-carte-personnalisee-7-raisons-qui-font-la-difference/ HTTP/1.1" 200 228181 "-" "Mozilla/5.0 (compatible; Pinterestbot/1.0; +http://www.pinterest.com/bot.html)"
109.234.166.195 - - [20/Jun/2026:06:04:24 +0200] "POST /wp-cron.php?doing_wp_cron=1781928264.4333310127258300781250 HTTP/1.1" 200 - "-" "WordPress/7.0; https://www.tracestudio.fr"
15.235.96.124 - - [20/Jun/2026:06:04:23 +0200] "GET /robots.txt HTTP/1.1" 200 374 "-" "Mozilla/5.0 (compatible; AhrefsBot/7.0; +http://ahrefs.com/robot/)"
51.68.247.192 - - [20/Jun/2026:06:04:25 +0200] "GET /sitemap.xml HTTP/1.1" 200 703 "-" "Mozilla/5.0 (compatible; AhrefsBot/7.0; +http://ahrefs.com/robot/)"
92.222.104.218 - - [20/Jun/2026:06:04:27 +0200] "GET /sitemap-post-type-post.xml HTTP/1.1" 200 13045 "-" "Mozilla/5.0 (compatible; AhrefsBot/7.0; +http://ahrefs.com/robot/)"
5.39.1.232 - - [20/Jun/2026:06:04:28 +0200] "GET /sitemap-post-type-page.xml HTTP/1.1" 200 24361 "-" "Mozilla/5.0 (compatible; AhrefsBot/7.0; +http://ahrefs.com/robot/)"
51.75.236.130 - - [20/Jun/2026:06:04:30 +0200] "GET /sitemap-post-type-product.xml HTTP/1.1" 200 2667 "-" "Mozilla/5.0 (compatible; AhrefsBot/7.0; +http://ahrefs.com/robot/)"
109.234.166.195 - - [20/Jun/2026:06:04:47 +0200] "POST /wp-cron.php?doing_wp_cron=1781928287.1581850051879882812500 HTTP/1.1" 200 - "-" "WordPress/7.0; https://www.tracestudio.fr"
51.75.236.151 - - [20/Jun/2026:06:04:46 +0200] "GET /sitemap-taxonomy-category.xml HTTP/1.1" 200 356 "-" "Mozilla/5.0 (compatible; AhrefsBot/7.0; +http://ahrefs.com/robot/)"
92.222.108.123 - - [20/Jun/2026:06:04:48 +0200] "GET /sitemap-taxonomy-product_cat.xml HTTP/1.1" 200 951 "-" "Mozilla/5.0 (compatible; AhrefsBot/7.0; +http://ahrefs.com/robot/)"
109.234.166.195 - - [20/Jun/2026:06:08:27 +0200] "POST /wp-cron.php?doing_wp_cron=1781928507.5557849407196044921875 HTTP/1.1" 200 - "-" "WordPress/7.0; https://www.tracestudio.fr"
54.236.1.54 - - [20/Jun/2026:06:08:25 +0200] "GET /produit/formule-voyage/?attribute_nombre-detapes=Jusqu'%C3%A0%2020%20%C3%A9tapes&attribute_anecdotes=Unie&attribute_impression=45x60cm HTTP/1.1" 200 314154 "-" "Mozilla/5.0 (compatible; Pinterestbot/1.0; +http://www.pinterest.com/bot.html)"
109.234.166.195 - - [20/Jun/2026:06:23:44 +0200] "POST /wp-cron.php?doing_wp_cron=1781929424.9622409343719482421875 HTTP/1.1" 200 - "-" "WordPress/7.0; https://www.tracestudio.fr"
54.236.1.52 - - [20/Jun/2026:06:23:43 +0200] "GET /produit/affiche-gr20-traversee-de-la-corse/?attribute_couleurs=Bleu%20minimaliste&attribute_tailles=30x40cm HTTP/1.1" 200 248367 "-" "Mozilla/5.0 (compatible; Pinterestbot/1.0; +http://www.pinterest.com/bot.html)"
109.234.166.195 - - [20/Jun/2026:06:23:46 +0200] "POST /koko-analytics-collect.php?test=1 HTTP/1.1" 200 - "-" "WordPress/7.0; https://www.tracestudio.fr"
104.197.69.115 - - [20/Jun/2026:06:59:58 +0200] "GET / HTTP/1.1" 200 355019 "http://tracestudio.fr/" "Mozilla/5.0 (X11; Linux x86_64) AppleWebKit/537.36 (KHTML, like Gecko) Chrome/125.0.0.0 Safari/537.36"
104.197.69.115 - - [20/Jun/2026:07:00:01 +0200] "GET /wp-content/litespeed/css/c4717bfaebb021a1620362789a722ca2.css?ver=b46e1 HTTP/1.1" 200 659553 "https://www.tracestudio.fr/" "Mozilla/5.0 (X11; Linux x86_64) AppleWebKit/537.36 (KHTML, like Gecko) Chrome/125.0.0.0 Safari/537.36"
104.197.69.115 - - [20/Jun/2026:07:00:02 +0200] "GET /wp-content/uploads/elementor/google-fonts/fonts/worksans-qgysz_wnahgadqq43rh_fkdp.woff2 HTTP/1.1" 200 50316 "https://www.tracestudio.fr/wp-content/litespeed/css/c4717bfaebb021a1620362789a722ca2.css?ver=b46e1" "Mozilla/5.0 (X11; Linux x86_64) AppleWebKit/537.36 (KHTML, like Gecko) Chrome/125.0.0.0 Safari/537.36"
104.197.69.115 - - [20/Jun/2026:07:00:02 +0200] "GET /wp-content/uploads/elementor/google-fonts/fonts/robotoslab-bngmuxzytxpivibgjjsb6ufn5qu.woff2 HTTP/1.1" 200 34236 "https://www.tracestudio.fr/wp-content/litespeed/css/c4717bfaebb021a1620362789a722ca2.css?ver=b46e1" "Mozilla/5.0 (X11; Linux x86_64) AppleWebKit/537.36 (KHTML, like Gecko) Chrome/125.0.0.0 Safari/537.36"
104.197.69.115 - - [20/Jun/2026:07:00:02 +0200] "GET /wp-content/uploads/elementor/google-fonts/fonts/roboto-kfo7cnqeu92fr1me7ksn66agldtyluama3yuba.woff2 HTTP/1.1" 200 40128 "https://www.tracestudio.fr/wp-content/litespeed/css/c4717bfaebb021a1620362789a722ca2.css?ver=b46e1" "Mozilla/5.0 (X11; Linux x86_64) AppleWebKit/537.36 (KHTML, like Gecko) Chrome/125.0.0.0 Safari/537.36"
104.197.69.115 - - [20/Jun/2026:07:00:02 +0200] "POST /wp-content/plugins/litespeed-cache/guest.vary.php HTTP/1.1" 200 16 "https://www.tracestudio.fr/" "Mozilla/5.0 (X11; Linux x86_64) AppleWebKit/537.36 (KHTML, like Gecko) Chrome/125.0.0.0 Safari/537.36"
104.197.69.115 - - [20/Jun/2026:07:00:03 +0200] "GET /wp-content/uploads/2025/10/cropped-Logo-TRACE-STUDIO-132x69.png HTTP/1.1" 200 3306 "https://www.tracestudio.fr/" "Mozilla/5.0 (X11; Linux x86_64) AppleWebKit/537.36 (KHTML, like Gecko) Chrome/125.0.0.0 Safari/537.36"
104.197.69.115 - - [20/Jun/2026:07:00:03 +0200] "GET /wp-content/uploads/2026/03/icone-etape-1-1024x1024.png HTTP/1.1" 200 5570 "https://www.tracestudio.fr/" "Mozilla/5.0 (X11; Linux x86_64) AppleWebKit/537.36 (KHTML, like Gecko) Chrome/125.0.0.0 Safari/537.36"
104.197.69.115 - - [20/Jun/2026:07:00:03 +0200] "GET /wp-content/uploads/2026/03/icone-etape-2-1024x1024.png HTTP/1.1" 200 5724 "https://www.tracestudio.fr/" "Mozilla/5.0 (X11; Linux x86_64) AppleWebKit/537.36 (KHTML, like Gecko) Chrome/125.0.0.0 Safari/537.36"
104.197.69.115 - - [20/Jun/2026:07:00:03 +0200] "GET /wp-content/uploads/2026/03/icone-etape-3-1024x1024.png HTTP/1.1" 200 5632 "https://www.tracestudio.fr/" "Mozilla/5.0 (X11; Linux x86_64) AppleWebKit/537.36 (KHTML, like Gecko) Chrome/125.0.0.0 Safari/537.36"
104.197.69.115 - - [20/Jun/2026:07:00:03 +0200] "GET / HTTP/1.1" 200 343894 "https://www.tracestudio.fr/" "Mozilla/5.0 (X11; Linux x86_64) AppleWebKit/537.36 (KHTML, like Gecko) Chrome/125.0.0.0 Safari/537.36"
104.197.69.115 - - [20/Jun/2026:07:00:05 +0200] "GET /wp-content/litespeed/css/1462d63f6fc39a8c2417de63cf47e85e.css?ver=4a225 HTTP/1.1" 200 87573 "https://www.tracestudio.fr/" "Mozilla/5.0 (X11; Linux x86_64) AppleWebKit/537.36 (KHTML, like Gecko) Chrome/125.0.0.0 Safari/537.36"
104.197.69.115 - - [20/Jun/2026:07:00:05 +0200] "GET /wp-content/litespeed/css/a1a9691e41862e3b12101786b03b2fff.css?ver=a3c73 HTTP/1.1" 200 45717 "https://www.tracestudio.fr/" "Mozilla/5.0 (X11; Linux x86_64) AppleWebKit/537.36 (KHTML, like Gecko) Chrome/125.0.0.0 Safari/537.36"
104.197.69.115 - - [20/Jun/2026:07:00:05 +0200] "GET /wp-content/litespeed/css/c7c35c4626e0ca6dbdcdaca4261dc67e.css?ver=f2d26 HTTP/1.1" 200 16313 "https://www.tracestudio.fr/" "Mozilla/5.0 (X11; Linux x86_64) AppleWebKit/537.36 (KHTML, like Gecko) Chrome/125.0.0.0 Safari/537.36"
104.197.69.115 - - [20/Jun/2026:07:00:05 +0200] "GET /wp-content/litespeed/css/921ce184a605f4f8a31b113bafa4d811.css?ver=1ac66 HTTP/1.1" 200 6005 "https://www.tracestudio.fr/" "Mozilla/5.0 (X11; Linux x86_64) AppleWebKit/537.36 (KHTML, like Gecko) Chrome/125.0.0.0 Safari/537.36"
104.197.69.115 - - [20/Jun/2026:07:00:05 +0200] "GET /wp-content/litespeed/css/766a59994c294f45f4a92f1346e4cd63.css?ver=74041 HTTP/1.1" 200 117876 "https://www.tracestudio.fr/" "Mozilla/5.0 (X11; Linux x86_64) AppleWebKit/537.36 (KHTML, like Gecko) Chrome/125.0.0.0 Safari/537.36"
104.197.69.115 - - [20/Jun/2026:07:00:05 +0200] "GET /wp-content/litespeed/css/5db7496669045f1e5bbe1569775745a6.css?ver=74e49 HTTP/1.1" 200 2770 "https://www.tracestudio.fr/" "Mozilla/5.0 (X11; Linux x86_64) AppleWebKit/537.36 (KHTML, like Gecko) Chrome/125.0.0.0 Safari/537.36"
104.197.69.115 - - [20/Jun/2026:07:00:05 +0200] "GET /wp-content/litespeed/css/1b2674af1a75e39d10647585e51abafb.css?ver=c7c51 HTTP/1.1" 200 583 "https://www.tracestudio.fr/" "Mozilla/5.0 (X11; Linux x86_64) AppleWebKit/537.36 (KHTML, like Gecko) Chrome/125.0.0.0 Safari/537.36"
104.197.69.115 - - [20/Jun/2026:07:00:05 +0200] "GET /wp-content/litespeed/css/8db8b901d3dd1f6bbd953c3959213b48.css?ver=1cf91 HTTP/1.1" 200 32452 "https://www.tracestudio.fr/" "Mozilla/5.0 (X11; Linux x86_64) AppleWebKit/537.36 (KHTML, like Gecko) Chrome/125.0.0.0 Safari/537.36"
104.197.69.115 - - [20/Jun/2026:07:00:05 +0200] "GET /wp-content/litespeed/css/0c4dbfef275241757f7f0bc9b7318b30.css?ver=e7317 HTTP/1.1" 200 59046 "https://www.tracestudio.fr/" "Mozilla/5.0 (X11; Linux x86_64) AppleWebKit/537.36 (KHTML, like Gecko) Chrome/125.0.0.0 Safari/537.36"
104.197.69.115 - - [20/Jun/2026:07:00:05 +0200] "GET /wp-content/litespeed/css/8e5e6a935b121c86745677c8221d1ae4.css?ver=2bad9 HTTP/1.1" 200 18840 "https://www.tracestudio.fr/" "Mozilla/5.0 (X11; Linux x86_64) AppleWebKit/537.36 (KHTML, like Gecko) Chrome/125.0.0.0 Safari/537.36"
104.197.69.115 - - [20/Jun/2026:07:00:05 +0200] "GET /wp-content/litespeed/css/7d5de56dd1c1d2d56b02bc90aa074de5.css?ver=16474 HTTP/1.1" 200 54652 "https://www.tracestudio.fr/" "Mozilla/5.0 (X11; Linux x86_64) AppleWebKit/537.36 (KHTML, like Gecko) Chrome/125.0.0.0 Safari/537.36"
104.197.69.115 - - [20/Jun/2026:07:00:05 +0200] "GET /wp-content/litespeed/css/10a95f48cb60370e16ea44820305e435.css?ver=e8c8b HTTP/1.1" 200 1149 "https://www.tracestudio.fr/" "Mozilla/5.0 (X11; Linux x86_64) AppleWebKit/537.36 (KHTML, like Gecko) Chrome/125.0.0.0 Safari/537.36"
104.197.69.115 - - [20/Jun/2026:07:00:05 +0200] "GET /wp-content/litespeed/css/6d53e4f7b83f37cc61c8b1f8a02c1264.css?ver=2dcdc HTTP/1.1" 200 214 "https://www.tracestudio.fr/" "Mozilla/5.0 (X11; Linux x86_64) AppleWebKit/537.36 (KHTML, like Gecko) Chrome/125.0.0.0 Safari/537.36"
104.197.69.115 - - [20/Jun/2026:07:00:05 +0200] "GET /wp-content/litespeed/css/5c2db52a1745ef8354b05dd930214405.css?ver=525d3 HTTP/1.1" 200 560 "https://www.tracestudio.fr/" "Mozilla/5.0 (X11; Linux x86_64) AppleWebKit/537.36 (KHTML, like Gecko) Chrome/125.0.0.0 Safari/537.36"
104.197.69.115 - - [20/Jun/2026:07:00:05 +0200] "GET /wp-content/litespeed/css/749dc87977bd778b07eaad33b746c55a.css?ver=4ed8a HTTP/1.1" 200 16193 "https://www.tracestudio.fr/" "Mozilla/5.0 (X11; Linux x86_64) AppleWebKit/537.36 (KHTML, like Gecko) Chrome/125.0.0.0 Safari/537.36"
104.197.69.115 - - [20/Jun/2026:07:00:05 +0200] "GET /wp-content/litespeed/css/f4f36628bd24623f4975b6ba4ed82e9a.css?ver=48870 HTTP/1.1" 200 5488 "https://www.tracestudio.fr/" "Mozilla/5.0 (X11; Linux x86_64) AppleWebKit/537.36 (KHTML, like Gecko) Chrome/125.0.0.0 Safari/537.36"
104.197.69.115 - - [20/Jun/2026:07:00:05 +0200] "GET /wp-content/litespeed/css/8208ef4dd95e5a2c19ac175fbb68b13a.css?ver=0dc7f HTTP/1.1" 200 342 "https://www.tracestudio.fr/" "Mozilla/5.0 (X11; Linux x86_64) AppleWebKit/537.36 (KHTML, like Gecko) Chrome/125.0.0.0 Safari/537.36"
104.197.69.115 - - [20/Jun/2026:07:00:05 +0200] "GET /wp-content/litespeed/css/b830a990ce84e696b111503da248c461.css?ver=143a4 HTTP/1.1" 200 38766 "https://www.tracestudio.fr/" "Mozilla/5.0 (X11; Linux x86_64) AppleWebKit/537.36 (KHTML, like Gecko) Chrome/125.0.0.0 Safari/537.36"
104.197.69.115 - - [20/Jun/2026:07:00:05 +0200] "GET /wp-content/litespeed/css/b3e5c0cf4786646e9b16458c298e6e24.css?ver=c5ae6 HTTP/1.1" 200 2049 "https://www.tracestudio.fr/" "Mozilla/5.0 (X11; Linux x86_64) AppleWebKit/537.36 (KHTML, like Gecko) Chrome/125.0.0.0 Safari/537.36"
104.197.69.115 - - [20/Jun/2026:07:00:05 +0200] "GET /wp-content/litespeed/css/f9abb121cc7b8cbee8f05a3eca86ffe2.css?ver=0e47e HTTP/1.1" 200 95400 "https://www.tracestudio.fr/" "Mozilla/5.0 (X11; Linux x86_64) AppleWebKit/537.36 (KHTML, like Gecko) Chrome/125.0.0.0 Safari/537.36"
104.197.69.115 - - [20/Jun/2026:07:00:05 +0200] "GET /wp-content/litespeed/css/8bcf08a244abf7572e748086a7a127e3.css?ver=3c3f7 HTTP/1.1" 200 21807 "https://www.tracestudio.fr/" "Mozilla/5.0 (X11; Linux x86_64) AppleWebKit/537.36 (KHTML, like Gecko) Chrome/125.0.0.0 Safari/537.36"
104.197.69.115 - - [20/Jun/2026:07:00:05 +0200] "GET /wp-content/litespeed/css/584a0aae0a7be1db62276a96df16e322.css?ver=615b0 HTTP/1.1" 200 21717 "https://www.tracestudio.fr/" "Mozilla/5.0 (X11; Linux x86_64) AppleWebKit/537.36 (KHTML, like Gecko) Chrome/125.0.0.0 Safari/537.36"
104.197.69.115 - - [20/Jun/2026:07:00:05 +0200] "GET /wp-content/litespeed/js/8c178822fcff61f05d9e0ef529b0c70a.js?ver=81c34 HTTP/1.1" 200 15526 "https://www.tracestudio.fr/" "Mozilla/5.0 (X11; Linux x86_64) AppleWebKit/537.36 (KHTML, like Gecko) Chrome/125.0.0.0 Safari/537.36"
104.197.69.115 - - [20/Jun/2026:07:00:05 +0200] "GET /wp-includes/js/jquery/jquery.min.js?ver=3.7.1 HTTP/1.1" 200 87553 "https://www.tracestudio.fr/" "Mozilla/5.0 (X11; Linux x86_64) AppleWebKit/537.36 (KHTML, like Gecko) Chrome/125.0.0.0 Safari/537.36"
104.197.69.115 - - [20/Jun/2026:07:00:05 +0200] "GET /wp-content/litespeed/js/6496589df84ee03a67d7f187f6f963d3.js?ver=c21af HTTP/1.1" 200 13577 "https://www.tracestudio.fr/" "Mozilla/5.0 (X11; Linux x86_64) AppleWebKit/537.36 (KHTML, like Gecko) Chrome/125.0.0.0 Safari/537.36"
104.197.69.115 - - [20/Jun/2026:07:00:05 +0200] "GET /wp-content/litespeed/js/c5ae9835ff6ea478eda8dc38c2cce799.js?ver=bff0a HTTP/1.1" 200 9637 "https://www.tracestudio.fr/" "Mozilla/5.0 (X11; Linux x86_64) AppleWebKit/537.36 (KHTML, like Gecko) Chrome/125.0.0.0 Safari/537.36"
104.197.69.115 - - [20/Jun/2026:07:00:05 +0200] "GET /wp-content/litespeed/js/5f3cef9d995afe978b1bee5a05bda812.js?ver=c25c8 HTTP/1.1" 200 1721 "https://www.tracestudio.fr/" "Mozilla/5.0 (X11; Linux x86_64) AppleWebKit/537.36 (KHTML, like Gecko) Chrome/125.0.0.0 Safari/537.36"
104.197.69.115 - - [20/Jun/2026:07:00:05 +0200] "GET /wp-content/litespeed/js/1c95e2c4ac0283c43be7310b7f74b6b7.js?ver=15e52 HTTP/1.1" 200 19013 "https://www.tracestudio.fr/" "Mozilla/5.0 (X11; Linux x86_64) AppleWebKit/537.36 (KHTML, like Gecko) Chrome/125.0.0.0 Safari/537.36"
104.197.69.115 - - [20/Jun/2026:07:00:05 +0200] "GET /wp-content/litespeed/js/a214f7a9f665e9930ccc37ddacac1358.js?ver=c4249 HTTP/1.1" 200 1432 "https://www.tracestudio.fr/" "Mozilla/5.0 (X11; Linux x86_64) AppleWebKit/537.36 (KHTML, like Gecko) Chrome/125.0.0.0 Safari/537.36"
104.197.69.115 - - [20/Jun/2026:07:00:05 +0200] "GET /wp-content/litespeed/js/74ac07f62e578bbafce7045866186d28.js?ver=a7b77 HTTP/1.1" 200 9133 "https://www.tracestudio.fr/" "Mozilla/5.0 (X11; Linux x86_64) AppleWebKit/537.36 (KHTML, like Gecko) Chrome/125.0.0.0 Safari/537.36"
104.197.69.115 - - [20/Jun/2026:07:00:05 +0200] "GET /wp-content/uploads/2026/01/Carte-Traversee-alpes-VTT-683x1024.webp HTTP/1.1" 200 30975 "https://www.tracestudio.fr/" "Mozilla/5.0 (X11; Linux x86_64) AppleWebKit/537.36 (KHTML, like Gecko) Chrome/125.0.0.0 Safari/537.36"
104.197.69.115 - - [20/Jun/2026:07:00:06 +0200] "GET /wp-content/uploads/2026/03/icone-etape-1-1024x1024.png HTTP/1.1" 200 5570 "https://www.tracestudio.fr/" "Mozilla/5.0 (X11; Linux x86_64) AppleWebKit/537.36 (KHTML, like Gecko) Chrome/125.0.0.0 Safari/537.36"
104.197.69.115 - - [20/Jun/2026:07:00:06 +0200] "GET /wp-content/uploads/2025/08/mockup-groenlandd-768x768.jpg HTTP/1.1" 200 27151 "https://www.tracestudio.fr/" "Mozilla/5.0 (X11; Linux x86_64) AppleWebKit/537.36 (KHTML, like Gecko) Chrome/125.0.0.0 Safari/537.36"
104.197.69.115 - - [20/Jun/2026:07:00:06 +0200] "GET /wp-content/uploads/2026/03/Affiche-personnalisee-voyage-Amerique-latine-couple-768x768.jpg HTTP/1.1" 200 34545 "https://www.tracestudio.fr/" "Mozilla/5.0 (X11; Linux x86_64) AppleWebKit/537.36 (KHTML, like Gecko) Chrome/125.0.0.0 Safari/537.36"
104.197.69.115 - - [20/Jun/2026:07:00:06 +0200] "GET /wp-content/uploads/2025/11/mock-up-alpes-vtt-cadre-1080-768x768.jpg HTTP/1.1" 200 22434 "https://www.tracestudio.fr/" "Mozilla/5.0 (X11; Linux x86_64) AppleWebKit/537.36 (KHTML, like Gecko) Chrome/125.0.0.0 Safari/537.36"
104.197.69.115 - - [20/Jun/2026:07:00:06 +0200] "GET /wp-content/litespeed/css/db76b9771ea5ebf96cc36e740cb40fdc.css?ver=7f05e HTTP/1.1" 200 13999 "https://www.tracestudio.fr/" "Mozilla/5.0 (X11; Linux x86_64) AppleWebKit/537.36 (KHTML, like Gecko) Chrome/125.0.0.0 Safari/537.36"
104.197.69.115 - - [20/Jun/2026:07:00:06 +0200] "GET /wp-content/litespeed/js/e7668a0acc7124d1b6d1d4f244ab77af.js?ver=12ac1 HTTP/1.1" 200 25966 "https://www.tracestudio.fr/" "Mozilla/5.0 (X11; Linux x86_64) AppleWebKit/537.36 (KHTML, like Gecko) Chrome/125.0.0.0 Safari/537.36"
104.197.69.115 - - [20/Jun/2026:07:00:06 +0200] "GET /wp-content/litespeed/js/d91c61479c3dbe4bcbf19037a515409d.js?ver=f9bd2 HTTP/1.1" 200 4351 "https://www.tracestudio.fr/" "Mozilla/5.0 (X11; Linux x86_64) AppleWebKit/537.36 (KHTML, like Gecko) Chrome/125.0.0.0 Safari/537.36"
104.197.69.115 - - [20/Jun/2026:07:00:06 +0200] "GET /wp-content/litespeed/js/9ab614eafc412041ef10abd16439f359.js?ver=20b5e HTTP/1.1" 200 5504 "https://www.tracestudio.fr/" "Mozilla/5.0 (X11; Linux x86_64) AppleWebKit/537.36 (KHTML, like Gecko) Chrome/125.0.0.0 Safari/537.36"
104.197.69.115 - - [20/Jun/2026:07:00:06 +0200] "GET /wp-content/litespeed/js/d3f6eb2dd3c3a621bea4998f0d4065f0.js?ver=cadf7 HTTP/1.1" 200 23906 "https://www.tracestudio.fr/" "Mozilla/5.0 (X11; Linux x86_64) AppleWebKit/537.36 (KHTML, like Gecko) Chrome/125.0.0.0 Safari/537.36"
104.197.69.115 - - [20/Jun/2026:07:00:06 +0200] "GET /wp-content/litespeed/js/2fb64b8d9f5621bd0155197a2e96a122.js?ver=a91ac HTTP/1.1" 200 4271 "https://www.tracestudio.fr/" "Mozilla/5.0 (X11; Linux x86_64) AppleWebKit/537.36 (KHTML, like Gecko) Chrome/125.0.0.0 Safari/537.36"
104.197.69.115 - - [20/Jun/2026:07:00:06 +0200] "GET /wp-content/litespeed/js/39dea682234ad2659aac5e97ae3fdb46.js?ver=ed03f HTTP/1.1" 200 15316 "https://www.tracestudio.fr/" "Mozilla/5.0 (X11; Linux x86_64) AppleWebKit/537.36 (KHTML, like Gecko) Chrome/125.0.0.0 Safari/537.36"
104.197.69.115 - - [20/Jun/2026:07:00:06 +0200] "GET /wp-content/litespeed/js/d128ca0038114f6c5dfcc0e5479bbbe3.js?ver=6652b HTTP/1.1" 200 2440 "https://www.tracestudio.fr/" "Mozilla/5.0 (X11; Linux x86_64) AppleWebKit/537.36 (KHTML, like Gecko) Chrome/125.0.0.0 Safari/537.36"
104.197.69.115 - - [20/Jun/2026:07:00:06 +0200] "GET /wp-content/litespeed/js/4adfeeb39bcc294c93d864e2f9347a94.js?ver=62e85 HTTP/1.1" 200 21465 "https://www.tracestudio.fr/" "Mozilla/5.0 (X11; Linux x86_64) AppleWebKit/537.36 (KHTML, like Gecko) Chrome/125.0.0.0 Safari/537.36"
104.197.69.115 - - [20/Jun/2026:07:00:06 +0200] "GET /wp-content/litespeed/js/328b0e01b26099af039c23165e8e6147.js?ver=b7afa HTTP/1.1" 200 36749 "https://www.tracestudio.fr/" "Mozilla/5.0 (X11; Linux x86_64) AppleWebKit/537.36 (KHTML, like Gecko) Chrome/125.0.0.0 Safari/537.36"
104.197.69.115 - - [20/Jun/2026:07:00:06 +0200] "GET /wp-content/litespeed/js/a155f3377601a66be157d0a34b0a5bed.js?ver=c5cb5 HTTP/1.1" 200 2559 "https://www.tracestudio.fr/" "Mozilla/5.0 (X11; Linux x86_64) AppleWebKit/537.36 (KHTML, like Gecko) Chrome/125.0.0.0 Safari/537.36"
104.197.69.115 - - [20/Jun/2026:07:00:06 +0200] "GET /wp-content/litespeed/js/b3c6e6e2b288124a6e96f24f5445f8be.js?ver=7fffe HTTP/1.1" 200 9803 "https://www.tracestudio.fr/" "Mozilla/5.0 (X11; Linux x86_64) AppleWebKit/537.36 (KHTML, like Gecko) Chrome/125.0.0.0 Safari/537.36"
104.197.69.115 - - [20/Jun/2026:07:00:06 +0200] "GET /wp-content/litespeed/js/adb23302a53a69cfe2af649653b22458.js?ver=c4344 HTTP/1.1" 200 14752 "https://www.tracestudio.fr/" "Mozilla/5.0 (X11; Linux x86_64) AppleWebKit/537.36 (KHTML, like Gecko) Chrome/125.0.0.0 Safari/537.36"
104.197.69.115 - - [20/Jun/2026:07:00:06 +0200] "GET /wp-content/litespeed/js/7b4da6ec58a64e8fbe930ce8d96e99e1.js?ver=1bdfd HTTP/1.1" 200 77916 "https://www.tracestudio.fr/" "Mozilla/5.0 (X11; Linux x86_64) AppleWebKit/537.36 (KHTML, like Gecko) Chrome/125.0.0.0 Safari/537.36"
104.197.69.115 - - [20/Jun/2026:07:00:06 +0200] "GET /wp-content/litespeed/js/bcbf4df316dd472ce2fc4529178f3e49.js?ver=7ce18 HTTP/1.1" 200 5014 "https://www.tracestudio.fr/" "Mozilla/5.0 (X11; Linux x86_64) AppleWebKit/537.36 (KHTML, like Gecko) Chrome/125.0.0.0 Safari/537.36"
104.197.69.115 - - [20/Jun/2026:07:00:06 +0200] "GET /wp-content/litespeed/js/f7cc3018d2873c050e17bc29aaa91f75.js?ver=989cd HTTP/1.1" 200 49362 "https://www.tracestudio.fr/" "Mozilla/5.0 (X11; Linux x86_64) AppleWebKit/537.36 (KHTML, like Gecko) Chrome/125.0.0.0 Safari/537.36"
104.197.69.115 - - [20/Jun/2026:07:00:06 +0200] "GET /wp-content/litespeed/js/79d425bc1e0f14380c1e3c2ca1356655.js?ver=b2a19 HTTP/1.1" 200 5820 "https://www.tracestudio.fr/" "Mozilla/5.0 (X11; Linux x86_64) AppleWebKit/537.36 (KHTML, like Gecko) Chrome/125.0.0.0 Safari/537.36"
104.197.69.115 - - [20/Jun/2026:07:00:06 +0200] "GET /wp-content/litespeed/js/2aabf333f5fe7c960a5aa2cbb81665e6.js?ver=fb9b5 HTTP/1.1" 200 50603 "https://www.tracestudio.fr/" "Mozilla/5.0 (X11; Linux x86_64) AppleWebKit/537.36 (KHTML, like Gecko) Chrome/125.0.0.0 Safari/537.36"
104.197.69.115 - - [20/Jun/2026:07:00:06 +0200] "GET /wp-content/litespeed/js/72a2cbda934812363508278ab8cd8c2d.js?ver=aa7b9 HTTP/1.1" 200 32099 "https://www.tracestudio.fr/" "Mozilla/5.0 (X11; Linux x86_64) AppleWebKit/537.36 (KHTML, like Gecko) Chrome/125.0.0.0 Safari/537.36"
104.197.69.115 - - [20/Jun/2026:07:00:06 +0200] "GET /wp-content/litespeed/js/aa714373e6977c465ee302ac81779a74.js?ver=f5c87 HTTP/1.1" 200 143405 "https://www.tracestudio.fr/" "Mozilla/5.0 (X11; Linux x86_64) AppleWebKit/537.36 (KHTML, like Gecko) Chrome/125.0.0.0 Safari/537.36"
104.197.69.115 - - [20/Jun/2026:07:00:06 +0200] "GET /wp-content/uploads/2025/10/cropped-Logo-TRACE-STUDIO-132x69.png HTTP/1.1" 200 3306 "https://www.tracestudio.fr/" "Mozilla/5.0 (X11; Linux x86_64) AppleWebKit/537.36 (KHTML, like Gecko) Chrome/125.0.0.0 Safari/537.36"
104.197.69.115 - - [20/Jun/2026:07:00:06 +0200] "GET /wp-content/uploads/2025/08/mockup-Corse-768x768.jpg HTTP/1.1" 200 24259 "https://www.tracestudio.fr/" "Mozilla/5.0 (X11; Linux x86_64) AppleWebKit/537.36 (KHTML, like Gecko) Chrome/125.0.0.0 Safari/537.36"
104.197.69.115 - - [20/Jun/2026:07:00:06 +0200] "GET /wp-content/uploads/2026/03/Affiche-personnalisee-Voyage-road-trip-768x768.jpg HTTP/1.1" 200 53804 "https://www.tracestudio.fr/" "Mozilla/5.0 (X11; Linux x86_64) AppleWebKit/537.36 (KHTML, like Gecko) Chrome/125.0.0.0 Safari/537.36"
104.197.69.115 - - [20/Jun/2026:07:00:06 +0200] "GET /wp-content/uploads/2025/09/mock-up-sicile-2-768x768.jpg HTTP/1.1" 200 28589 "https://www.tracestudio.fr/" "Mozilla/5.0 (X11; Linux x86_64) AppleWebKit/537.36 (KHTML, like Gecko) Chrome/125.0.0.0 Safari/537.36"
104.197.69.115 - - [20/Jun/2026:07:00:06 +0200] "GET /wp-content/uploads/2026/05/Affiche-GR20-Corse-Randonnee-768x768.jpg HTTP/1.1" 200 36071 "https://www.tracestudio.fr/" "Mozilla/5.0 (X11; Linux x86_64) AppleWebKit/537.36 (KHTML, like Gecko) Chrome/125.0.0.0 Safari/537.36"
104.197.69.115 - - [20/Jun/2026:07:00:06 +0200] "GET /wp-content/uploads/2026/01/10801080-Carte-Mercantour-2-768x768.jpg HTTP/1.1" 200 33448 "https://www.tracestudio.fr/" "Mozilla/5.0 (X11; Linux x86_64) AppleWebKit/537.36 (KHTML, like Gecko) Chrome/125.0.0.0 Safari/537.36"
104.197.69.115 - - [20/Jun/2026:07:00:06 +0200] "GET /wp-content/uploads/2026/03/Affiche-personnalisee-Trail-1-768x768.jpg HTTP/1.1" 200 25537 "https://www.tracestudio.fr/" "Mozilla/5.0 (X11; Linux x86_64) AppleWebKit/537.36 (KHTML, like Gecko) Chrome/125.0.0.0 Safari/537.36"
104.197.69.115 - - [20/Jun/2026:07:00:06 +0200] "GET /wp-content/uploads/2026/01/10801080-cadre-La-reunion-768x768.jpg HTTP/1.1" 200 35162 "https://www.tracestudio.fr/" "Mozilla/5.0 (X11; Linux x86_64) AppleWebKit/537.36 (KHTML, like Gecko) Chrome/125.0.0.0 Safari/537.36"
104.197.69.115 - - [20/Jun/2026:07:00:06 +0200] "GET /wp-content/uploads/2025/08/mockup-Laos-768x768.jpg HTTP/1.1" 200 17747 "https://www.tracestudio.fr/" "Mozilla/5.0 (X11; Linux x86_64) AppleWebKit/537.36 (KHTML, like Gecko) Chrome/125.0.0.0 Safari/537.36"
104.197.69.115 - - [20/Jun/2026:07:00:06 +0200] "GET /wp-content/uploads/2026/03/Affiche-personnalisee-Voyage-road-trip-Vietnam-768x768.jpg HTTP/1.1" 200 21042 "https://www.tracestudio.fr/" "Mozilla/5.0 (X11; Linux x86_64) AppleWebKit/537.36 (KHTML, like Gecko) Chrome/125.0.0.0 Safari/537.36"
104.197.69.115 - - [20/Jun/2026:07:00:06 +0200] "GET /wp-content/uploads/2026/05/Affiche-TMB-Tour-Mont-Blanc-Randonnee-768x768.jpg HTTP/1.1" 200 30060 "https://www.tracestudio.fr/" "Mozilla/5.0 (X11; Linux x86_64) AppleWebKit/537.36 (KHTML, like Gecko) Chrome/125.0.0.0 Safari/537.36"
104.197.69.115 - - [20/Jun/2026:07:00:06 +0200] "GET /wp-content/uploads/2025/08/mockup-ski-belledone-768x768.jpg HTTP/1.1" 200 25690 "https://www.tracestudio.fr/" "Mozilla/5.0 (X11; Linux x86_64) AppleWebKit/537.36 (KHTML, like Gecko) Chrome/125.0.0.0 Safari/537.36"
104.197.69.115 - - [20/Jun/2026:07:00:06 +0200] "GET /wp-content/uploads/2025/11/mock-up-carte-beaufortain-2-1080-768x768.jpg HTTP/1.1" 200 48075 "https://www.tracestudio.fr/" "Mozilla/5.0 (X11; Linux x86_64) AppleWebKit/537.36 (KHTML, like Gecko) Chrome/125.0.0.0 Safari/537.36"
104.197.69.115 - - [20/Jun/2026:07:00:06 +0200] "GET /wp-content/uploads/2025/09/10801080-carte-sicile-768x768.jpg HTTP/1.1" 200 40531 "https://www.tracestudio.fr/" "Mozilla/5.0 (X11; Linux x86_64) AppleWebKit/537.36 (KHTML, like Gecko) Chrome/125.0.0.0 Safari/537.36"
104.197.69.115 - - [20/Jun/2026:07:00:06 +0200] "GET /wp-includes/images/spinner.gif HTTP/1.1" 200 3656 "https://www.tracestudio.fr/" "Mozilla/5.0 (X11; Linux x86_64) AppleWebKit/537.36 (KHTML, like Gecko) Chrome/125.0.0.0 Safari/537.36"
104.197.69.115 - - [20/Jun/2026:07:00:06 +0200] "GET /wp-content/litespeed/js/77cd7b042a0f0ff7595d54232c87a145.js?ver=7a145 HTTP/1.1" 200 2507 "https://www.tracestudio.fr/" "Mozilla/5.0 (X11; Linux x86_64) AppleWebKit/537.36 (KHTML, like Gecko) Chrome/125.0.0.0 Safari/537.36"
104.197.69.115 - - [20/Jun/2026:07:00:06 +0200] "GET /wp-content/litespeed/js/39017f87e13c815dd4cfb6fdc8cd8133.js?ver=d8133 HTTP/1.1" 200 6484 "https://www.tracestudio.fr/" "Mozilla/5.0 (X11; Linux x86_64) AppleWebKit/537.36 (KHTML, like Gecko) Chrome/125.0.0.0 Safari/537.36"
104.197.69.115 - - [20/Jun/2026:07:00:06 +0200] "GET /wp-content/litespeed/js/2e6e4008241ab0627de89d36b216794f.js?ver=d1868 HTTP/1.1" 200 42016 "https://www.tracestudio.fr/" "Mozilla/5.0 (X11; Linux x86_64) AppleWebKit/537.36 (KHTML, like Gecko) Chrome/125.0.0.0 Safari/537.36"
104.197.69.115 - - [20/Jun/2026:07:00:06 +0200] "GET /wp-content/litespeed/js/84b5b97aeb435de2934eca8c14cbc0a9.js?ver=a8fcb HTTP/1.1" 200 2940 "https://www.tracestudio.fr/" "Mozilla/5.0 (X11; Linux x86_64) AppleWebKit/537.36 (KHTML, like Gecko) Chrome/125.0.0.0 Safari/537.36"
104.197.69.115 - - [20/Jun/2026:07:00:07 +0200] "GET /wp-content/uploads/2026/03/icone-etape-2-1024x1024.png HTTP/1.1" 200 5724 "https://www.tracestudio.fr/" "Mozilla/5.0 (X11; Linux x86_64) AppleWebKit/537.36 (KHTML, like Gecko) Chrome/125.0.0.0 Safari/537.36"
104.197.69.115 - - [20/Jun/2026:07:00:07 +0200] "GET /wp-content/uploads/2026/03/icone-etape-3-1024x1024.png HTTP/1.1" 200 5632 "https://www.tracestudio.fr/" "Mozilla/5.0 (X11; Linux x86_64) AppleWebKit/537.36 (KHTML, like Gecko) Chrome/125.0.0.0 Safari/537.36"
104.197.69.115 - - [20/Jun/2026:07:00:07 +0200] "GET /wp-content/uploads/2026/01/10801080-Carte-NZ-1-1024x1024.jpg HTTP/1.1" 200 34896 "https://www.tracestudio.fr/" "Mozilla/5.0 (X11; Linux x86_64) AppleWebKit/537.36 (KHTML, like Gecko) Chrome/125.0.0.0 Safari/537.36"
104.197.69.115 - - [20/Jun/2026:07:00:07 +0200] "GET /wp-content/uploads/2026/01/10801080-Carte-Traversee-atlantique-1024x1024.jpg HTTP/1.1" 200 33343 "https://www.tracestudio.fr/" "Mozilla/5.0 (X11; Linux x86_64) AppleWebKit/537.36 (KHTML, like Gecko) Chrome/125.0.0.0 Safari/537.36"
104.197.69.115 - - [20/Jun/2026:07:00:07 +0200] "GET /wp-content/uploads/2026/02/Cadre-chambre-GR20-vert-3-1024x1024.png HTTP/1.1" 200 56914 "https://www.tracestudio.fr/" "Mozilla/5.0 (X11; Linux x86_64) AppleWebKit/537.36 (KHTML, like Gecko) Chrome/125.0.0.0 Safari/537.36"
104.197.69.115 - - [20/Jun/2026:07:00:07 +0200] "GET /wp-content/uploads/2026/05/Bon-cadeau-affiche-personnalisee-trace-studio-1024x1024.jpg HTTP/1.1" 200 35328 "https://www.tracestudio.fr/" "Mozilla/5.0 (X11; Linux x86_64) AppleWebKit/537.36 (KHTML, like Gecko) Chrome/125.0.0.0 Safari/537.36"
104.197.69.115 - - [20/Jun/2026:07:00:07 +0200] "GET /wp-content/uploads/2026/03/Affiche-voyage-personnalisee-600x600.jpg HTTP/1.1" 200 21342 "https://www.tracestudio.fr/" "Mozilla/5.0 (X11; Linux x86_64) AppleWebKit/537.36 (KHTML, like Gecko) Chrome/125.0.0.0 Safari/537.36"
104.197.69.115 - - [20/Jun/2026:07:00:07 +0200] "GET /wp-content/uploads/2026/03/Affiche-personnalisee-Trail-600x600.jpg HTTP/1.1" 200 16920 "https://www.tracestudio.fr/" "Mozilla/5.0 (X11; Linux x86_64) AppleWebKit/537.36 (KHTML, like Gecko) Chrome/125.0.0.0 Safari/537.36"
104.197.69.115 - - [20/Jun/2026:07:00:07 +0200] "GET /wp-content/uploads/complianz/css/banner-1-optin.css?v=533 HTTP/1.1" 200 15411 "https://www.tracestudio.fr/" "Mozilla/5.0 (X11; Linux x86_64) AppleWebKit/537.36 (KHTML, like Gecko) Chrome/125.0.0.0 Safari/537.36"
104.197.69.115 - - [20/Jun/2026:07:00:07 +0200] "GET /?wc-ajax=get_refreshed_fragments HTTP/1.1" 200 2889 "https://www.tracestudio.fr/" "Mozilla/5.0 (X11; Linux x86_64) AppleWebKit/537.36 (KHTML, like Gecko) Chrome/125.0.0.0 Safari/537.36"
104.197.69.115 - - [20/Jun/2026:07:00:07 +0200] "POST /?wc-ajax=get_refreshed_fragments HTTP/1.1" 200 2889 "https://www.tracestudio.fr/" "Mozilla/5.0 (X11; Linux x86_64) AppleWebKit/537.36 (KHTML, like Gecko) Chrome/125.0.0.0 Safari/537.36"
104.197.69.115 - - [20/Jun/2026:07:00:07 +0200] "GET /wp-json/complianz/v1/cookie_data HTTP/1.1" 200 287 "https://www.tracestudio.fr/" "Mozilla/5.0 (X11; Linux x86_64) AppleWebKit/537.36 (KHTML, like Gecko) Chrome/125.0.0.0 Safari/537.36"
104.197.69.115 - - [20/Jun/2026:07:00:08 +0200] "GET /wp-content/plugins/elementor/assets/js/shared-frontend-handlers.03caa53373b56d3bab67.bundle.min.js HTTP/1.1" 200 8481 "https://www.tracestudio.fr/" "Mozilla/5.0 (X11; Linux x86_64) AppleWebKit/537.36 (KHTML, like Gecko) Chrome/125.0.0.0 Safari/537.36"
104.197.69.115 - - [20/Jun/2026:07:00:08 +0200] "GET /wp-content/plugins/elementor/assets/js/text-editor.45609661e409413f1cef.bundle.min.js HTTP/1.1" 200 1348 "https://www.tracestudio.fr/" "Mozilla/5.0 (X11; Linux x86_64) AppleWebKit/537.36 (KHTML, like Gecko) Chrome/125.0.0.0 Safari/537.36"
104.197.69.115 - - [20/Jun/2026:07:00:08 +0200] "GET /wp-content/plugins/elementor/assets/js/image-carousel.6167d20b95b33386757b.bundle.min.js HTTP/1.1" 200 408 "https://www.tracestudio.fr/" "Mozilla/5.0 (X11; Linux x86_64) AppleWebKit/537.36 (KHTML, like Gecko) Chrome/125.0.0.0 Safari/537.36"
104.197.69.115 - - [20/Jun/2026:07:00:08 +0200] "POST /koko-analytics-collect.php HTTP/1.1" 200 - "https://www.tracestudio.fr/" "Mozilla/5.0 (X11; Linux x86_64) AppleWebKit/537.36 (KHTML, like Gecko) Chrome/125.0.0.0 Safari/537.36"
104.197.69.115 - - [20/Jun/2026:07:00:08 +0200] "GET /wp-content/uploads/2025/08/AdobeStock_567785796-scaled.jpeg HTTP/1.1" 200 767505 "https://www.tracestudio.fr/" "Mozilla/5.0 (X11; Linux x86_64) AppleWebKit/537.36 (KHTML, like Gecko) Chrome/125.0.0.0 Safari/537.36"
205.169.39.26 - - [20/Jun/2026:07:00:06 +0200] "GET / HTTP/1.1" 200 355019 "-" "Mozilla/5.0 (Windows NT 10.0) AppleWebKit/537.36 (KHTML, like Gecko) Chrome/106.0.0.0 Safari/537.36"
104.197.69.115 - - [20/Jun/2026:07:00:11 +0200] "GET /wp-content/uploads/2026/02/Affiches-mythique-GR20-2-600x600.jpg HTTP/1.1" 200 17788 "https://www.tracestudio.fr/" "Mozilla/5.0 (X11; Linux x86_64) AppleWebKit/537.36 (KHTML, like Gecko) Chrome/125.0.0.0 Safari/537.36"
104.197.69.115 - - [20/Jun/2026:07:00:11 +0200] "GET /wp-content/uploads/2025/08/mockup-groenlandd-768x768.jpg HTTP/1.1" 200 27151 "https://www.tracestudio.fr/" "Mozilla/5.0 (X11; Linux x86_64) AppleWebKit/537.36 (KHTML, like Gecko) Chrome/125.0.0.0 Safari/537.36"
104.197.69.115 - - [20/Jun/2026:07:00:11 +0200] "GET /wp-content/uploads/2026/03/Affiche-personnalisee-voyage-Amerique-latine-couple-768x768.jpg HTTP/1.1" 200 34545 "https://www.tracestudio.fr/" "Mozilla/5.0 (X11; Linux x86_64) AppleWebKit/537.36 (KHTML, like Gecko) Chrome/125.0.0.0 Safari/537.36"
104.197.69.115 - - [20/Jun/2026:07:00:11 +0200] "GET /wp-content/uploads/2025/11/mock-up-alpes-vtt-cadre-1080-768x768.jpg HTTP/1.1" 200 22434 "https://www.tracestudio.fr/" "Mozilla/5.0 (X11; Linux x86_64) AppleWebKit/537.36 (KHTML, like Gecko) Chrome/125.0.0.0 Safari/537.36"
104.197.69.115 - - [20/Jun/2026:07:00:11 +0200] "GET /wp-content/uploads/2025/09/10801080-carte-sicile-768x768.jpg HTTP/1.1" 200 40531 "https://www.tracestudio.fr/" "Mozilla/5.0 (X11; Linux x86_64) AppleWebKit/537.36 (KHTML, like Gecko) Chrome/125.0.0.0 Safari/537.36"
104.197.69.115 - - [20/Jun/2026:07:00:11 +0200] "GET /wp-content/uploads/2025/11/mock-up-carte-beaufortain-2-1080-768x768.jpg HTTP/1.1" 200 48075 "https://www.tracestudio.fr/" "Mozilla/5.0 (X11; Linux x86_64) AppleWebKit/537.36 (KHTML, like Gecko) Chrome/125.0.0.0 Safari/537.36"
104.197.69.115 - - [20/Jun/2026:07:00:11 +0200] "GET /wp-content/uploads/2025/08/mockup-ski-belledone-768x768.jpg HTTP/1.1" 200 25690 "https://www.tracestudio.fr/" "Mozilla/5.0 (X11; Linux x86_64) AppleWebKit/537.36 (KHTML, like Gecko) Chrome/125.0.0.0 Safari/537.36"
205.169.39.115 - - [20/Jun/2026:07:00:10 +0200] "GET / HTTP/1.1" 200 355019 "-" "Mozilla/5.0 (Windows NT 6.1; Win64; x64) AppleWebKit/537.36 (KHTML, like Gecko) Chrome/83.0.4103.61 Safari/537.36"
205.169.39.115 - - [20/Jun/2026:07:00:22 +0200] "GET / HTTP/1.1" 200 355019 "-" "Mozilla/5.0 (Windows NT 10.0; Win64; x64) AppleWebKit/537.36 (KHTML, like Gecko) Chrome/79.0.3945.79 Safari/537.36"
205.169.39.115 - - [20/Jun/2026:07:00:33 +0200] "GET /wp-content/litespeed/js/e44a87b8472e8535706a5bcad2cbd96d.js?ver=b46e1 HTTP/1.1" 200 655359 "https://www.tracestudio.fr/" "Mozilla/5.0 (Windows NT 10.0; Win64; x64) AppleWebKit/537.36 (KHTML, like Gecko) Chrome/79.0.3945.79 Safari/537.36"
205.169.39.115 - - [20/Jun/2026:07:00:34 +0200] "GET /?wc-ajax=get_refreshed_fragments HTTP/1.1" 200 2889 "https://www.tracestudio.fr/" "Mozilla/5.0 (Windows NT 10.0; Win64; x64) AppleWebKit/537.36 (KHTML, like Gecko) Chrome/79.0.3945.79 Safari/537.36"
205.169.39.115 - - [20/Jun/2026:07:00:34 +0200] "GET /wp-json/complianz/v1/cookie_data HTTP/1.1" 200 287 "https://www.tracestudio.fr/" "Mozilla/5.0 (Windows NT 10.0; Win64; x64) AppleWebKit/537.36 (KHTML, like Gecko) Chrome/79.0.3945.79 Safari/537.36"
205.169.39.115 - - [20/Jun/2026:07:00:36 +0200] "GET /wp-content/uploads/2025/08/AdobeStock_567785796-scaled.jpeg HTTP/1.1" 200 767505 "https://www.tracestudio.fr/" "Mozilla/5.0 (Windows NT 10.0; Win64; x64) AppleWebKit/537.36 (KHTML, like Gecko) Chrome/79.0.3945.79 Safari/537.36"
205.169.39.115 - - [20/Jun/2026:07:00:39 +0200] "GET /wp-content/uploads/2025/10/cropped-Logo-TRACE-STUDIO-132x69.png HTTP/1.1" 200 3306 "https://www.tracestudio.fr/" "Mozilla/5.0 (Windows NT 10.0; Win64; x64) AppleWebKit/537.36 (KHTML, like Gecko) Chrome/79.0.3945.79 Safari/537.36"
205.169.39.115 - - [20/Jun/2026:07:00:39 +0200] "GET /wp-content/uploads/2026/03/icone-etape-1-1024x1024.png HTTP/1.1" 200 5570 "https://www.tracestudio.fr/" "Mozilla/5.0 (Windows NT 10.0; Win64; x64) AppleWebKit/537.36 (KHTML, like Gecko) Chrome/79.0.3945.79 Safari/537.36"
205.169.39.115 - - [20/Jun/2026:07:00:44 +0200] "GET /wp-content/uploads/2026/03/icone-etape-2-1024x1024.png HTTP/1.1" 200 5724 "https://www.tracestudio.fr/" "Mozilla/5.0 (Windows NT 10.0; Win64; x64) AppleWebKit/537.36 (KHTML, like Gecko) Chrome/79.0.3945.79 Safari/537.36"
205.169.39.115 - - [20/Jun/2026:07:00:44 +0200] "GET /wp-content/uploads/2026/03/icone-etape-3-1024x1024.png HTTP/1.1" 200 5632 "https://www.tracestudio.fr/" "Mozilla/5.0 (Windows NT 10.0; Win64; x64) AppleWebKit/537.36 (KHTML, like Gecko) Chrome/79.0.3945.79 Safari/537.36"
205.169.39.115 - - [20/Jun/2026:07:00:44 +0200] "GET /wp-content/uploads/2026/01/10801080-Carte-NZ-1-1024x1024.jpg HTTP/1.1" 200 34896 "https://www.tracestudio.fr/" "Mozilla/5.0 (Windows NT 10.0; Win64; x64) AppleWebKit/537.36 (KHTML, like Gecko) Chrome/79.0.3945.79 Safari/537.36"
205.169.39.115 - - [20/Jun/2026:07:00:44 +0200] "GET /wp-content/uploads/2026/01/10801080-Carte-Traversee-atlantique-1024x1024.jpg HTTP/1.1" 200 33343 "https://www.tracestudio.fr/" "Mozilla/5.0 (Windows NT 10.0; Win64; x64) AppleWebKit/537.36 (KHTML, like Gecko) Chrome/79.0.3945.79 Safari/537.36"
205.169.39.115 - - [20/Jun/2026:07:00:44 +0200] "GET /wp-content/uploads/2026/02/Cadre-chambre-GR20-vert-3-1024x1024.png HTTP/1.1" 200 56914 "https://www.tracestudio.fr/" "Mozilla/5.0 (Windows NT 10.0; Win64; x64) AppleWebKit/537.36 (KHTML, like Gecko) Chrome/79.0.3945.79 Safari/537.36"
205.169.39.37 - - [20/Jun/2026:07:03:05 +0200] "GET / HTTP/1.1" 200 355019 "-" "Mozilla/5.0 (Windows NT 10.0; Win64; x64) AppleWebKit/537.36 (KHTML, like Gecko) Chrome/117.0.5938.132 Safari/537.36"
205.169.39.37 - - [20/Jun/2026:07:03:07 +0200] "GET /wp-content/litespeed/css/c4717bfaebb021a1620362789a722ca2.css?ver=b46e1 HTTP/1.1" 200 659553 "https://www.tracestudio.fr/" "Mozilla/5.0 (Windows NT 10.0; Win64; x64) AppleWebKit/537.36 (KHTML, like Gecko) Chrome/117.0.5938.132 Safari/537.36"
205.169.39.37 - - [20/Jun/2026:07:03:08 +0200] "GET /wp-content/uploads/elementor/google-fonts/fonts/worksans-qgysz_wnahgadqq43rh_fkdp.woff2 HTTP/1.1" 200 50316 "https://www.tracestudio.fr/wp-content/litespeed/css/c4717bfaebb021a1620362789a722ca2.css?ver=b46e1" "Mozilla/5.0 (Windows NT 10.0; Win64; x64) AppleWebKit/537.36 (KHTML, like Gecko) Chrome/117.0.5938.132 Safari/537.36"
205.169.39.37 - - [20/Jun/2026:07:03:08 +0200] "GET /wp-content/uploads/elementor/google-fonts/fonts/robotoslab-bngmuxzytxpivibgjjsb6ufn5qu.woff2 HTTP/1.1" 200 34236 "https://www.tracestudio.fr/wp-content/litespeed/css/c4717bfaebb021a1620362789a722ca2.css?ver=b46e1" "Mozilla/5.0 (Windows NT 10.0; Win64; x64) AppleWebKit/537.36 (KHTML, like Gecko) Chrome/117.0.5938.132 Safari/537.36"
