📁 File Manager Pro
v10.0.3 | PHP: 8.1.34
Server: Apache
2026-06-20 17:03:35
📂
/ (Root)
/
usr
/
local
/
apache
/
domlogs
/
xeqi7597
📍 /usr/local/apache/domlogs/xeqi7597
🔄 Refresh
✏️
Editing: tracestudiofr.xeqi7597.odns.fr-ssl_log
Read Only
109.234.166.195 - - [20/Jun/2026:00:12:01 +0200] "POST /wp-cron.php?doing_wp_cron=1781907121.6169440746307373046875 HTTP/1.1" 200 - "-" "WordPress/7.0; https://www.tracestudio.fr"
109.234.166.195 - - [20/Jun/2026:00:12:03 +0200] "POST /wp-cron.php?doing_wp_cron=1781907123.0505568981170654296875 HTTP/1.1" 200 - "-" "WordPress/7.0; https://www.tracestudio.fr"
54.236.1.53 - - [20/Jun/2026:00:12:01 +0200] "GET /produit/formule-aventure/ HTTP/1.1" 200 311992 "-" "Mozilla/5.0 (compatible; Pinterestbot/1.0; +http://www.pinterest.com/bot.html)"
109.234.166.195 - - [20/Jun/2026:00:13:02 +0200] "POST /wp-cron.php?doing_wp_cron=1781907182.9578680992126464843750 HTTP/1.1" 200 - "-" "WordPress/7.0; https://www.tracestudio.fr"
54.236.1.51 - - [20/Jun/2026:00:13:01 +0200] "GET /produit/formule-aventure/ HTTP/1.1" 200 312010 "-" "Mozilla/5.0 (compatible; Pinterestbot/1.0; +http://www.pinterest.com/bot.html)"
109.234.166.195 - - [20/Jun/2026:00:23:41 +0200] "POST /wp-cron.php?doing_wp_cron=1781907821.5610020160675048828125 HTTP/1.1" 200 - "-" "WordPress/7.0; https://www.tracestudio.fr"
54.236.1.52 - - [20/Jun/2026:00:23:39 +0200] "GET /produit/bon-cadeau-affiches-personnalisees/?attribute_valeur-du-bon=150%20%E2%82%AC HTTP/1.1" 200 241710 "-" "Mozilla/5.0 (compatible; Pinterestbot/1.0; +http://www.pinterest.com/bot.html)"
109.234.166.195 - - [20/Jun/2026:00:23:42 +0200] "POST /koko-analytics-collect.php?test=1 HTTP/1.1" 200 - "-" "WordPress/7.0; https://www.tracestudio.fr"
109.234.166.195 - - [20/Jun/2026:00:50:23 +0200] "POST /wp-cron.php?doing_wp_cron=1781909423.4543249607086181640625 HTTP/1.1" 200 - "-" "WordPress/7.0; https://www.tracestudio.fr"
37.59.204.150 - - [20/Jun/2026:00:50:22 +0200] "GET /mon-compte/ HTTP/1.1" 200 206229 "-" "Mozilla/5.0 (compatible; AhrefsBot/7.0; +http://ahrefs.com/robot/)"
5.39.1.252 - - [20/Jun/2026:00:51:45 +0200] "GET /wp-content/litespeed/css/1288b13a7f690f50bf753a07c73516e5.css?ver=b46e1 HTTP/1.1" 200 550691 "-" "Mozilla/5.0 (compatible; AhrefsBot/7.0; +http://ahrefs.com/robot/)"
109.234.166.195 - - [20/Jun/2026:00:55:08 +0200] "POST /wp-cron.php?doing_wp_cron=1781909708.6580779552459716796875 HTTP/1.1" 200 - "-" "WordPress/7.0; https://www.tracestudio.fr"
54.236.1.54 - - [20/Jun/2026:00:55:06 +0200] "GET /produit/bon-cadeau-affiches-personnalisees/?attribute_valeur-du-bon=100%20%E2%82%AC HTTP/1.1" 200 241658 "-" "Mozilla/5.0 (compatible; Pinterestbot/1.0; +http://www.pinterest.com/bot.html)"
109.234.166.195 - - [20/Jun/2026:00:56:27 +0200] "POST /wp-cron.php?doing_wp_cron=1781909787.7410180568695068359375 HTTP/1.1" 200 - "-" "WordPress/7.0; https://www.tracestudio.fr"
93.123.109.166 - - [20/Jun/2026:00:56:27 +0200] "GET / HTTP/1.1" 301 - "-" "Go-http-client/1.1"
109.234.166.195 - - [20/Jun/2026:00:56:52 +0200] "POST /wp-cron.php?doing_wp_cron=1781909812.6870429515838623046875 HTTP/1.1" 200 - "-" "WordPress/7.0; https://www.tracestudio.fr"
104.28.156.106 - - [20/Jun/2026:00:56:52 +0200] "GET / HTTP/1.1" 301 - "-" "Mozilla/5.0 (Windows NT 10.0; Win64; x64) AppleWebKit/537.36 (KHTML, like Gecko) Chrome/149.0.0.0 Safari/537.36 Edg/149.0.0.0"
104.28.156.106 - - [20/Jun/2026:00:56:53 +0200] "GET / HTTP/1.1" 200 355019 "-" "Mozilla/5.0 (Windows NT 10.0; Win64; x64) AppleWebKit/537.36 (KHTML, like Gecko) Chrome/149.0.0.0 Safari/537.36 Edg/149.0.0.0"
104.28.156.106 - - [20/Jun/2026:00:56:55 +0200] "GET / HTTP/1.1" 200 355019 "-" "Mozilla/5.0 (Windows NT 10.0; Win64; x64) AppleWebKit/537.36 (KHTML, like Gecko) Chrome/149.0.0.0 Safari/537.36 Edg/149.0.0.0"
104.28.156.106 - - [20/Jun/2026:00:56:57 +0200] "GET /wp-content/litespeed/css/c4717bfaebb021a1620362789a722ca2.css?ver=b46e1 HTTP/1.1" 200 659553 "https://www.tracestudio.fr/" "Mozilla/5.0 (Windows NT 10.0; Win64; x64) AppleWebKit/537.36 (KHTML, like Gecko) Chrome/149.0.0.0 Safari/537.36 Edg/149.0.0.0"
104.28.156.106 - - [20/Jun/2026:00:56:57 +0200] "POST /wp-content/plugins/litespeed-cache/guest.vary.php HTTP/1.1" 200 16 "https://www.tracestudio.fr/" "Mozilla/5.0 (Windows NT 10.0; Win64; x64) AppleWebKit/537.36 (KHTML, like Gecko) Chrome/149.0.0.0 Safari/537.36 Edg/149.0.0.0"
104.28.156.106 - - [20/Jun/2026:00:56:57 +0200] "GET /wp-content/uploads/elementor/google-fonts/fonts/worksans-qgysz_wnahgadqq43rh_fkdp.woff2 HTTP/1.1" 200 50316 "https://www.tracestudio.fr/wp-content/litespeed/css/c4717bfaebb021a1620362789a722ca2.css?ver=b46e1" "Mozilla/5.0 (Windows NT 10.0; Win64; x64) AppleWebKit/537.36 (KHTML, like Gecko) Chrome/149.0.0.0 Safari/537.36 Edg/149.0.0.0"
104.28.156.106 - - [20/Jun/2026:00:56:57 +0200] "GET /wp-content/uploads/elementor/google-fonts/fonts/robotoslab-bngmuxzytxpivibgjjsb6ufn5qu.woff2 HTTP/1.1" 200 34236 "https://www.tracestudio.fr/wp-content/litespeed/css/c4717bfaebb021a1620362789a722ca2.css?ver=b46e1" "Mozilla/5.0 (Windows NT 10.0; Win64; x64) AppleWebKit/537.36 (KHTML, like Gecko) Chrome/149.0.0.0 Safari/537.36 Edg/149.0.0.0"
104.28.156.106 - - [20/Jun/2026:00:56:58 +0200] "GET /wp-content/uploads/elementor/google-fonts/fonts/roboto-kfo7cnqeu92fr1me7ksn66agldtyluama3yuba.woff2 HTTP/1.1" 200 40128 "https://www.tracestudio.fr/wp-content/litespeed/css/c4717bfaebb021a1620362789a722ca2.css?ver=b46e1" "Mozilla/5.0 (Windows NT 10.0; Win64; x64) AppleWebKit/537.36 (KHTML, like Gecko) Chrome/149.0.0.0 Safari/537.36 Edg/149.0.0.0"
104.28.156.106 - - [20/Jun/2026:00:56:58 +0200] "GET / HTTP/1.1" 200 343894 "https://www.tracestudio.fr/" "Mozilla/5.0 (Windows NT 10.0; Win64; x64) AppleWebKit/537.36 (KHTML, like Gecko) Chrome/149.0.0.0 Safari/537.36 Edg/149.0.0.0"
104.28.156.106 - - [20/Jun/2026:00:57:00 +0200] "GET /wp-content/litespeed/css/1462d63f6fc39a8c2417de63cf47e85e.css?ver=4a225 HTTP/1.1" 200 87573 "https://www.tracestudio.fr/" "Mozilla/5.0 (Windows NT 10.0; Win64; x64) AppleWebKit/537.36 (KHTML, like Gecko) Chrome/149.0.0.0 Safari/537.36 Edg/149.0.0.0"
104.28.156.106 - - [20/Jun/2026:00:57:00 +0200] "GET /wp-content/litespeed/css/a1a9691e41862e3b12101786b03b2fff.css?ver=a3c73 HTTP/1.1" 200 45717 "https://www.tracestudio.fr/" "Mozilla/5.0 (Windows NT 10.0; Win64; x64) AppleWebKit/537.36 (KHTML, like Gecko) Chrome/149.0.0.0 Safari/537.36 Edg/149.0.0.0"
104.28.156.106 - - [20/Jun/2026:00:57:00 +0200] "GET /wp-content/litespeed/css/c7c35c4626e0ca6dbdcdaca4261dc67e.css?ver=f2d26 HTTP/1.1" 200 16313 "https://www.tracestudio.fr/" "Mozilla/5.0 (Windows NT 10.0; Win64; x64) AppleWebKit/537.36 (KHTML, like Gecko) Chrome/149.0.0.0 Safari/537.36 Edg/149.0.0.0"
104.28.156.106 - - [20/Jun/2026:00:57:00 +0200] "GET /wp-content/litespeed/css/766a59994c294f45f4a92f1346e4cd63.css?ver=74041 HTTP/1.1" 200 117876 "https://www.tracestudio.fr/" "Mozilla/5.0 (Windows NT 10.0; Win64; x64) AppleWebKit/537.36 (KHTML, like Gecko) Chrome/149.0.0.0 Safari/537.36 Edg/149.0.0.0"
104.28.156.106 - - [20/Jun/2026:00:57:00 +0200] "GET /wp-content/litespeed/css/5db7496669045f1e5bbe1569775745a6.css?ver=74e49 HTTP/1.1" 200 2770 "https://www.tracestudio.fr/" "Mozilla/5.0 (Windows NT 10.0; Win64; x64) AppleWebKit/537.36 (KHTML, like Gecko) Chrome/149.0.0.0 Safari/537.36 Edg/149.0.0.0"
104.28.156.106 - - [20/Jun/2026:00:57:00 +0200] "GET /wp-content/litespeed/css/1b2674af1a75e39d10647585e51abafb.css?ver=c7c51 HTTP/1.1" 200 583 "https://www.tracestudio.fr/" "Mozilla/5.0 (Windows NT 10.0; Win64; x64) AppleWebKit/537.36 (KHTML, like Gecko) Chrome/149.0.0.0 Safari/537.36 Edg/149.0.0.0"
104.28.156.106 - - [20/Jun/2026:00:57:01 +0200] "GET /wp-content/litespeed/css/8db8b901d3dd1f6bbd953c3959213b48.css?ver=1cf91 HTTP/1.1" 200 32452 "https://www.tracestudio.fr/" "Mozilla/5.0 (Windows NT 10.0; Win64; x64) AppleWebKit/537.36 (KHTML, like Gecko) Chrome/149.0.0.0 Safari/537.36 Edg/149.0.0.0"
104.28.156.106 - - [20/Jun/2026:00:57:01 +0200] "GET /wp-content/litespeed/css/0c4dbfef275241757f7f0bc9b7318b30.css?ver=e7317 HTTP/1.1" 200 59046 "https://www.tracestudio.fr/" "Mozilla/5.0 (Windows NT 10.0; Win64; x64) AppleWebKit/537.36 (KHTML, like Gecko) Chrome/149.0.0.0 Safari/537.36 Edg/149.0.0.0"
104.28.156.106 - - [20/Jun/2026:00:57:01 +0200] "GET /wp-content/litespeed/css/8e5e6a935b121c86745677c8221d1ae4.css?ver=2bad9 HTTP/1.1" 200 18840 "https://www.tracestudio.fr/" "Mozilla/5.0 (Windows NT 10.0; Win64; x64) AppleWebKit/537.36 (KHTML, like Gecko) Chrome/149.0.0.0 Safari/537.36 Edg/149.0.0.0"
104.28.156.106 - - [20/Jun/2026:00:57:01 +0200] "GET /wp-content/litespeed/css/7d5de56dd1c1d2d56b02bc90aa074de5.css?ver=16474 HTTP/1.1" 200 54652 "https://www.tracestudio.fr/" "Mozilla/5.0 (Windows NT 10.0; Win64; x64) AppleWebKit/537.36 (KHTML, like Gecko) Chrome/149.0.0.0 Safari/537.36 Edg/149.0.0.0"
104.28.156.106 - - [20/Jun/2026:00:57:01 +0200] "GET /wp-content/litespeed/css/10a95f48cb60370e16ea44820305e435.css?ver=e8c8b HTTP/1.1" 200 1149 "https://www.tracestudio.fr/" "Mozilla/5.0 (Windows NT 10.0; Win64; x64) AppleWebKit/537.36 (KHTML, like Gecko) Chrome/149.0.0.0 Safari/537.36 Edg/149.0.0.0"
104.28.156.106 - - [20/Jun/2026:00:57:01 +0200] "GET /wp-content/litespeed/css/6d53e4f7b83f37cc61c8b1f8a02c1264.css?ver=2dcdc HTTP/1.1" 200 214 "https://www.tracestudio.fr/" "Mozilla/5.0 (Windows NT 10.0; Win64; x64) AppleWebKit/537.36 (KHTML, like Gecko) Chrome/149.0.0.0 Safari/537.36 Edg/149.0.0.0"
104.28.156.106 - - [20/Jun/2026:00:57:01 +0200] "GET /wp-content/litespeed/css/5c2db52a1745ef8354b05dd930214405.css?ver=525d3 HTTP/1.1" 200 560 "https://www.tracestudio.fr/" "Mozilla/5.0 (Windows NT 10.0; Win64; x64) AppleWebKit/537.36 (KHTML, like Gecko) Chrome/149.0.0.0 Safari/537.36 Edg/149.0.0.0"
104.28.156.106 - - [20/Jun/2026:00:57:01 +0200] "GET /wp-content/litespeed/css/749dc87977bd778b07eaad33b746c55a.css?ver=4ed8a HTTP/1.1" 200 16193 "https://www.tracestudio.fr/" "Mozilla/5.0 (Windows NT 10.0; Win64; x64) AppleWebKit/537.36 (KHTML, like Gecko) Chrome/149.0.0.0 Safari/537.36 Edg/149.0.0.0"
104.28.156.106 - - [20/Jun/2026:00:57:01 +0200] "GET /wp-content/litespeed/css/f4f36628bd24623f4975b6ba4ed82e9a.css?ver=48870 HTTP/1.1" 200 5488 "https://www.tracestudio.fr/" "Mozilla/5.0 (Windows NT 10.0; Win64; x64) AppleWebKit/537.36 (KHTML, like Gecko) Chrome/149.0.0.0 Safari/537.36 Edg/149.0.0.0"
104.28.156.106 - - [20/Jun/2026:00:57:02 +0200] "GET /wp-content/litespeed/css/8208ef4dd95e5a2c19ac175fbb68b13a.css?ver=0dc7f HTTP/1.1" 200 342 "https://www.tracestudio.fr/" "Mozilla/5.0 (Windows NT 10.0; Win64; x64) AppleWebKit/537.36 (KHTML, like Gecko) Chrome/149.0.0.0 Safari/537.36 Edg/149.0.0.0"
104.28.156.106 - - [20/Jun/2026:00:57:02 +0200] "GET /wp-content/litespeed/css/b830a990ce84e696b111503da248c461.css?ver=143a4 HTTP/1.1" 200 38766 "https://www.tracestudio.fr/" "Mozilla/5.0 (Windows NT 10.0; Win64; x64) AppleWebKit/537.36 (KHTML, like Gecko) Chrome/149.0.0.0 Safari/537.36 Edg/149.0.0.0"
104.28.156.106 - - [20/Jun/2026:00:57:02 +0200] "GET /wp-content/litespeed/css/b3e5c0cf4786646e9b16458c298e6e24.css?ver=c5ae6 HTTP/1.1" 200 2049 "https://www.tracestudio.fr/" "Mozilla/5.0 (Windows NT 10.0; Win64; x64) AppleWebKit/537.36 (KHTML, like Gecko) Chrome/149.0.0.0 Safari/537.36 Edg/149.0.0.0"
104.28.156.106 - - [20/Jun/2026:00:57:02 +0200] "GET /wp-content/litespeed/css/f9abb121cc7b8cbee8f05a3eca86ffe2.css?ver=0e47e HTTP/1.1" 200 95400 "https://www.tracestudio.fr/" "Mozilla/5.0 (Windows NT 10.0; Win64; x64) AppleWebKit/537.36 (KHTML, like Gecko) Chrome/149.0.0.0 Safari/537.36 Edg/149.0.0.0"
104.28.156.106 - - [20/Jun/2026:00:57:02 +0200] "GET /wp-content/litespeed/css/8bcf08a244abf7572e748086a7a127e3.css?ver=3c3f7 HTTP/1.1" 200 21807 "https://www.tracestudio.fr/" "Mozilla/5.0 (Windows NT 10.0; Win64; x64) AppleWebKit/537.36 (KHTML, like Gecko) Chrome/149.0.0.0 Safari/537.36 Edg/149.0.0.0"
104.28.156.106 - - [20/Jun/2026:00:57:02 +0200] "GET /wp-content/litespeed/css/584a0aae0a7be1db62276a96df16e322.css?ver=615b0 HTTP/1.1" 200 21717 "https://www.tracestudio.fr/" "Mozilla/5.0 (Windows NT 10.0; Win64; x64) AppleWebKit/537.36 (KHTML, like Gecko) Chrome/149.0.0.0 Safari/537.36 Edg/149.0.0.0"
104.28.156.106 - - [20/Jun/2026:00:57:02 +0200] "GET /wp-content/litespeed/js/8c178822fcff61f05d9e0ef529b0c70a.js?ver=81c34 HTTP/1.1" 200 15526 "https://www.tracestudio.fr/" "Mozilla/5.0 (Windows NT 10.0; Win64; x64) AppleWebKit/537.36 (KHTML, like Gecko) Chrome/149.0.0.0 Safari/537.36 Edg/149.0.0.0"
104.28.156.106 - - [20/Jun/2026:00:57:02 +0200] "GET /wp-includes/js/jquery/jquery.min.js?ver=3.7.1 HTTP/1.1" 200 87553 "https://www.tracestudio.fr/" "Mozilla/5.0 (Windows NT 10.0; Win64; x64) AppleWebKit/537.36 (KHTML, like Gecko) Chrome/149.0.0.0 Safari/537.36 Edg/149.0.0.0"
104.28.156.106 - - [20/Jun/2026:00:57:02 +0200] "GET /wp-content/litespeed/js/6496589df84ee03a67d7f187f6f963d3.js?ver=c21af HTTP/1.1" 200 13577 "https://www.tracestudio.fr/" "Mozilla/5.0 (Windows NT 10.0; Win64; x64) AppleWebKit/537.36 (KHTML, like Gecko) Chrome/149.0.0.0 Safari/537.36 Edg/149.0.0.0"
104.28.156.106 - - [20/Jun/2026:00:57:03 +0200] "GET /wp-content/litespeed/js/c5ae9835ff6ea478eda8dc38c2cce799.js?ver=bff0a HTTP/1.1" 200 9637 "https://www.tracestudio.fr/" "Mozilla/5.0 (Windows NT 10.0; Win64; x64) AppleWebKit/537.36 (KHTML, like Gecko) Chrome/149.0.0.0 Safari/537.36 Edg/149.0.0.0"
104.28.156.106 - - [20/Jun/2026:00:57:03 +0200] "GET /wp-content/litespeed/js/5f3cef9d995afe978b1bee5a05bda812.js?ver=c25c8 HTTP/1.1" 200 1721 "https://www.tracestudio.fr/" "Mozilla/5.0 (Windows NT 10.0; Win64; x64) AppleWebKit/537.36 (KHTML, like Gecko) Chrome/149.0.0.0 Safari/537.36 Edg/149.0.0.0"
104.28.156.106 - - [20/Jun/2026:00:57:03 +0200] "GET /wp-content/litespeed/js/1c95e2c4ac0283c43be7310b7f74b6b7.js?ver=15e52 HTTP/1.1" 200 19013 "https://www.tracestudio.fr/" "Mozilla/5.0 (Windows NT 10.0; Win64; x64) AppleWebKit/537.36 (KHTML, like Gecko) Chrome/149.0.0.0 Safari/537.36 Edg/149.0.0.0"
104.28.156.106 - - [20/Jun/2026:00:57:03 +0200] "GET /wp-content/litespeed/js/a214f7a9f665e9930ccc37ddacac1358.js?ver=c4249 HTTP/1.1" 200 1432 "https://www.tracestudio.fr/" "Mozilla/5.0 (Windows NT 10.0; Win64; x64) AppleWebKit/537.36 (KHTML, like Gecko) Chrome/149.0.0.0 Safari/537.36 Edg/149.0.0.0"
104.28.156.106 - - [20/Jun/2026:00:57:03 +0200] "GET /wp-content/litespeed/js/74ac07f62e578bbafce7045866186d28.js?ver=a7b77 HTTP/1.1" 200 9133 "https://www.tracestudio.fr/" "Mozilla/5.0 (Windows NT 10.0; Win64; x64) AppleWebKit/537.36 (KHTML, like Gecko) Chrome/149.0.0.0 Safari/537.36 Edg/149.0.0.0"
104.28.156.106 - - [20/Jun/2026:00:57:03 +0200] "GET /wp-content/uploads/2026/01/Carte-Traversee-alpes-VTT-683x1024.webp HTTP/1.1" 200 30975 "https://www.tracestudio.fr/" "Mozilla/5.0 (Windows NT 10.0; Win64; x64) AppleWebKit/537.36 (KHTML, like Gecko) Chrome/149.0.0.0 Safari/537.36 Edg/149.0.0.0"
104.28.156.106 - - [20/Jun/2026:00:57:03 +0200] "GET /wp-content/uploads/2026/03/icone-etape-1.png HTTP/1.1" 200 7299 "https://www.tracestudio.fr/" "Mozilla/5.0 (Windows NT 10.0; Win64; x64) AppleWebKit/537.36 (KHTML, like Gecko) Chrome/149.0.0.0 Safari/537.36 Edg/149.0.0.0"
104.28.156.106 - - [20/Jun/2026:00:57:03 +0200] "GET /wp-content/uploads/2025/08/mockup-groenlandd-768x768.jpg HTTP/1.1" 200 27151 "https://www.tracestudio.fr/" "Mozilla/5.0 (Windows NT 10.0; Win64; x64) AppleWebKit/537.36 (KHTML, like Gecko) Chrome/149.0.0.0 Safari/537.36 Edg/149.0.0.0"
104.28.156.106 - - [20/Jun/2026:00:57:03 +0200] "GET /wp-content/litespeed/css/db76b9771ea5ebf96cc36e740cb40fdc.css?ver=7f05e HTTP/1.1" 200 13999 "https://www.tracestudio.fr/" "Mozilla/5.0 (Windows NT 10.0; Win64; x64) AppleWebKit/537.36 (KHTML, like Gecko) Chrome/149.0.0.0 Safari/537.36 Edg/149.0.0.0"
104.28.156.106 - - [20/Jun/2026:00:57:04 +0200] "GET /wp-content/uploads/2026/03/Affiche-personnalisee-voyage-Amerique-latine-couple-768x768.jpg HTTP/1.1" 200 34545 "https://www.tracestudio.fr/" "Mozilla/5.0 (Windows NT 10.0; Win64; x64) AppleWebKit/537.36 (KHTML, like Gecko) Chrome/149.0.0.0 Safari/537.36 Edg/149.0.0.0"
104.28.156.106 - - [20/Jun/2026:00:57:04 +0200] "GET /wp-content/uploads/2025/11/mock-up-alpes-vtt-cadre-1080-768x768.jpg HTTP/1.1" 200 22434 "https://www.tracestudio.fr/" "Mozilla/5.0 (Windows NT 10.0; Win64; x64) AppleWebKit/537.36 (KHTML, like Gecko) Chrome/149.0.0.0 Safari/537.36 Edg/149.0.0.0"
104.28.156.106 - - [20/Jun/2026:00:57:04 +0200] "GET /wp-content/litespeed/js/e7668a0acc7124d1b6d1d4f244ab77af.js?ver=12ac1 HTTP/1.1" 200 25966 "https://www.tracestudio.fr/" "Mozilla/5.0 (Windows NT 10.0; Win64; x64) AppleWebKit/537.36 (KHTML, like Gecko) Chrome/149.0.0.0 Safari/537.36 Edg/149.0.0.0"
104.28.156.106 - - [20/Jun/2026:00:57:04 +0200] "GET /wp-content/litespeed/js/d91c61479c3dbe4bcbf19037a515409d.js?ver=f9bd2 HTTP/1.1" 200 4351 "https://www.tracestudio.fr/" "Mozilla/5.0 (Windows NT 10.0; Win64; x64) AppleWebKit/537.36 (KHTML, like Gecko) Chrome/149.0.0.0 Safari/537.36 Edg/149.0.0.0"
104.28.156.106 - - [20/Jun/2026:00:57:04 +0200] "GET /wp-content/litespeed/js/9ab614eafc412041ef10abd16439f359.js?ver=20b5e HTTP/1.1" 200 5504 "https://www.tracestudio.fr/" "Mozilla/5.0 (Windows NT 10.0; Win64; x64) AppleWebKit/537.36 (KHTML, like Gecko) Chrome/149.0.0.0 Safari/537.36 Edg/149.0.0.0"
104.28.156.106 - - [20/Jun/2026:00:57:04 +0200] "GET /wp-content/litespeed/js/d3f6eb2dd3c3a621bea4998f0d4065f0.js?ver=cadf7 HTTP/1.1" 200 23906 "https://www.tracestudio.fr/" "Mozilla/5.0 (Windows NT 10.0; Win64; x64) AppleWebKit/537.36 (KHTML, like Gecko) Chrome/149.0.0.0 Safari/537.36 Edg/149.0.0.0"
104.28.156.106 - - [20/Jun/2026:00:57:04 +0200] "GET /wp-content/uploads/2025/10/cropped-Logo-TRACE-STUDIO-132x69.png HTTP/1.1" 200 3306 "https://www.tracestudio.fr/" "Mozilla/5.0 (Windows NT 10.0; Win64; x64) AppleWebKit/537.36 (KHTML, like Gecko) Chrome/149.0.0.0 Safari/537.36 Edg/149.0.0.0"
104.28.156.106 - - [20/Jun/2026:00:57:04 +0200] "GET /wp-content/litespeed/js/2fb64b8d9f5621bd0155197a2e96a122.js?ver=a91ac HTTP/1.1" 200 4271 "https://www.tracestudio.fr/" "Mozilla/5.0 (Windows NT 10.0; Win64; x64) AppleWebKit/537.36 (KHTML, like Gecko) Chrome/149.0.0.0 Safari/537.36 Edg/149.0.0.0"
104.28.156.106 - - [20/Jun/2026:00:57:04 +0200] "GET /wp-content/litespeed/js/39dea682234ad2659aac5e97ae3fdb46.js?ver=ed03f HTTP/1.1" 200 15316 "https://www.tracestudio.fr/" "Mozilla/5.0 (Windows NT 10.0; Win64; x64) AppleWebKit/537.36 (KHTML, like Gecko) Chrome/149.0.0.0 Safari/537.36 Edg/149.0.0.0"
104.28.156.106 - - [20/Jun/2026:00:57:04 +0200] "GET /wp-content/litespeed/js/d128ca0038114f6c5dfcc0e5479bbbe3.js?ver=6652b HTTP/1.1" 200 2440 "https://www.tracestudio.fr/" "Mozilla/5.0 (Windows NT 10.0; Win64; x64) AppleWebKit/537.36 (KHTML, like Gecko) Chrome/149.0.0.0 Safari/537.36 Edg/149.0.0.0"
104.28.156.106 - - [20/Jun/2026:00:57:05 +0200] "GET /wp-content/litespeed/js/4adfeeb39bcc294c93d864e2f9347a94.js?ver=62e85 HTTP/1.1" 200 21465 "https://www.tracestudio.fr/" "Mozilla/5.0 (Windows NT 10.0; Win64; x64) AppleWebKit/537.36 (KHTML, like Gecko) Chrome/149.0.0.0 Safari/537.36 Edg/149.0.0.0"
104.28.156.106 - - [20/Jun/2026:00:57:05 +0200] "GET /wp-content/litespeed/js/328b0e01b26099af039c23165e8e6147.js?ver=b7afa HTTP/1.1" 200 36749 "https://www.tracestudio.fr/" "Mozilla/5.0 (Windows NT 10.0; Win64; x64) AppleWebKit/537.36 (KHTML, like Gecko) Chrome/149.0.0.0 Safari/537.36 Edg/149.0.0.0"
104.28.156.106 - - [20/Jun/2026:00:57:05 +0200] "GET /wp-content/litespeed/js/a155f3377601a66be157d0a34b0a5bed.js?ver=c5cb5 HTTP/1.1" 200 2559 "https://www.tracestudio.fr/" "Mozilla/5.0 (Windows NT 10.0; Win64; x64) AppleWebKit/537.36 (KHTML, like Gecko) Chrome/149.0.0.0 Safari/537.36 Edg/149.0.0.0"
104.28.156.106 - - [20/Jun/2026:00:57:05 +0200] "GET /wp-content/litespeed/js/b3c6e6e2b288124a6e96f24f5445f8be.js?ver=7fffe HTTP/1.1" 200 9803 "https://www.tracestudio.fr/" "Mozilla/5.0 (Windows NT 10.0; Win64; x64) AppleWebKit/537.36 (KHTML, like Gecko) Chrome/149.0.0.0 Safari/537.36 Edg/149.0.0.0"
104.28.156.106 - - [20/Jun/2026:00:57:05 +0200] "GET /wp-content/litespeed/js/adb23302a53a69cfe2af649653b22458.js?ver=c4344 HTTP/1.1" 200 14752 "https://www.tracestudio.fr/" "Mozilla/5.0 (Windows NT 10.0; Win64; x64) AppleWebKit/537.36 (KHTML, like Gecko) Chrome/149.0.0.0 Safari/537.36 Edg/149.0.0.0"
104.28.156.106 - - [20/Jun/2026:00:57:05 +0200] "GET /wp-content/litespeed/js/7b4da6ec58a64e8fbe930ce8d96e99e1.js?ver=1bdfd HTTP/1.1" 200 77916 "https://www.tracestudio.fr/" "Mozilla/5.0 (Windows NT 10.0; Win64; x64) AppleWebKit/537.36 (KHTML, like Gecko) Chrome/149.0.0.0 Safari/537.36 Edg/149.0.0.0"
104.28.156.106 - - [20/Jun/2026:00:57:05 +0200] "GET /wp-content/litespeed/js/bcbf4df316dd472ce2fc4529178f3e49.js?ver=7ce18 HTTP/1.1" 200 5014 "https://www.tracestudio.fr/" "Mozilla/5.0 (Windows NT 10.0; Win64; x64) AppleWebKit/537.36 (KHTML, like Gecko) Chrome/149.0.0.0 Safari/537.36 Edg/149.0.0.0"
104.28.156.106 - - [20/Jun/2026:00:57:05 +0200] "GET /wp-content/litespeed/js/f7cc3018d2873c050e17bc29aaa91f75.js?ver=989cd HTTP/1.1" 200 49362 "https://www.tracestudio.fr/" "Mozilla/5.0 (Windows NT 10.0; Win64; x64) AppleWebKit/537.36 (KHTML, like Gecko) Chrome/149.0.0.0 Safari/537.36 Edg/149.0.0.0"
104.28.156.106 - - [20/Jun/2026:00:57:05 +0200] "GET /wp-content/litespeed/js/79d425bc1e0f14380c1e3c2ca1356655.js?ver=b2a19 HTTP/1.1" 200 5820 "https://www.tracestudio.fr/" "Mozilla/5.0 (Windows NT 10.0; Win64; x64) AppleWebKit/537.36 (KHTML, like Gecko) Chrome/149.0.0.0 Safari/537.36 Edg/149.0.0.0"
104.28.156.106 - - [20/Jun/2026:00:57:06 +0200] "GET /wp-content/litespeed/js/2aabf333f5fe7c960a5aa2cbb81665e6.js?ver=fb9b5 HTTP/1.1" 200 50603 "https://www.tracestudio.fr/" "Mozilla/5.0 (Windows NT 10.0; Win64; x64) AppleWebKit/537.36 (KHTML, like Gecko) Chrome/149.0.0.0 Safari/537.36 Edg/149.0.0.0"
104.28.156.106 - - [20/Jun/2026:00:57:06 +0200] "GET /wp-content/litespeed/js/72a2cbda934812363508278ab8cd8c2d.js?ver=aa7b9 HTTP/1.1" 200 32099 "https://www.tracestudio.fr/" "Mozilla/5.0 (Windows NT 10.0; Win64; x64) AppleWebKit/537.36 (KHTML, like Gecko) Chrome/149.0.0.0 Safari/537.36 Edg/149.0.0.0"
104.28.156.106 - - [20/Jun/2026:00:57:06 +0200] "GET /wp-content/litespeed/js/aa714373e6977c465ee302ac81779a74.js?ver=f5c87 HTTP/1.1" 200 143405 "https://www.tracestudio.fr/" "Mozilla/5.0 (Windows NT 10.0; Win64; x64) AppleWebKit/537.36 (KHTML, like Gecko) Chrome/149.0.0.0 Safari/537.36 Edg/149.0.0.0"
104.28.156.106 - - [20/Jun/2026:00:57:06 +0200] "GET /wp-content/uploads/2025/08/mockup-Corse-768x768.jpg HTTP/1.1" 200 24259 "https://www.tracestudio.fr/" "Mozilla/5.0 (Windows NT 10.0; Win64; x64) AppleWebKit/537.36 (KHTML, like Gecko) Chrome/149.0.0.0 Safari/537.36 Edg/149.0.0.0"
104.28.156.106 - - [20/Jun/2026:00:57:06 +0200] "GET /wp-content/uploads/2026/03/Affiche-personnalisee-Voyage-road-trip-768x768.jpg HTTP/1.1" 200 53804 "https://www.tracestudio.fr/" "Mozilla/5.0 (Windows NT 10.0; Win64; x64) AppleWebKit/537.36 (KHTML, like Gecko) Chrome/149.0.0.0 Safari/537.36 Edg/149.0.0.0"
104.28.156.106 - - [20/Jun/2026:00:57:07 +0200] "GET /wp-content/uploads/2025/09/mock-up-sicile-2-768x768.jpg HTTP/1.1" 200 28589 "https://www.tracestudio.fr/" "Mozilla/5.0 (Windows NT 10.0; Win64; x64) AppleWebKit/537.36 (KHTML, like Gecko) Chrome/149.0.0.0 Safari/537.36 Edg/149.0.0.0"
104.28.156.106 - - [20/Jun/2026:00:57:07 +0200] "GET /wp-content/uploads/2026/05/Affiche-GR20-Corse-Randonnee-768x768.jpg HTTP/1.1" 200 36071 "https://www.tracestudio.fr/" "Mozilla/5.0 (Windows NT 10.0; Win64; x64) AppleWebKit/537.36 (KHTML, like Gecko) Chrome/149.0.0.0 Safari/537.36 Edg/149.0.0.0"
104.28.156.106 - - [20/Jun/2026:00:57:07 +0200] "GET /wp-content/uploads/2026/01/10801080-Carte-Mercantour-2-768x768.jpg HTTP/1.1" 200 33448 "https://www.tracestudio.fr/" "Mozilla/5.0 (Windows NT 10.0; Win64; x64) AppleWebKit/537.36 (KHTML, like Gecko) Chrome/149.0.0.0 Safari/537.36 Edg/149.0.0.0"
104.28.156.106 - - [20/Jun/2026:00:57:07 +0200] "GET /wp-content/uploads/2026/03/Affiche-personnalisee-Trail-1-768x768.jpg HTTP/1.1" 200 25537 "https://www.tracestudio.fr/" "Mozilla/5.0 (Windows NT 10.0; Win64; x64) AppleWebKit/537.36 (KHTML, like Gecko) Chrome/149.0.0.0 Safari/537.36 Edg/149.0.0.0"
104.28.156.106 - - [20/Jun/2026:00:57:07 +0200] "GET /wp-content/uploads/2026/01/10801080-cadre-La-reunion-768x768.jpg HTTP/1.1" 200 35162 "https://www.tracestudio.fr/" "Mozilla/5.0 (Windows NT 10.0; Win64; x64) AppleWebKit/537.36 (KHTML, like Gecko) Chrome/149.0.0.0 Safari/537.36 Edg/149.0.0.0"
104.28.156.106 - - [20/Jun/2026:00:57:07 +0200] "GET /wp-content/uploads/2025/08/mockup-Laos-768x768.jpg HTTP/1.1" 200 17747 "https://www.tracestudio.fr/" "Mozilla/5.0 (Windows NT 10.0; Win64; x64) AppleWebKit/537.36 (KHTML, like Gecko) Chrome/149.0.0.0 Safari/537.36 Edg/149.0.0.0"
104.28.156.106 - - [20/Jun/2026:00:57:07 +0200] "GET /wp-content/uploads/2026/03/Affiche-personnalisee-Voyage-road-trip-Vietnam-768x768.jpg HTTP/1.1" 200 21042 "https://www.tracestudio.fr/" "Mozilla/5.0 (Windows NT 10.0; Win64; x64) AppleWebKit/537.36 (KHTML, like Gecko) Chrome/149.0.0.0 Safari/537.36 Edg/149.0.0.0"
104.28.156.106 - - [20/Jun/2026:00:57:07 +0200] "GET /wp-content/uploads/2026/05/Affiche-TMB-Tour-Mont-Blanc-Randonnee-768x768.jpg HTTP/1.1" 200 30060 "https://www.tracestudio.fr/" "Mozilla/5.0 (Windows NT 10.0; Win64; x64) AppleWebKit/537.36 (KHTML, like Gecko) Chrome/149.0.0.0 Safari/537.36 Edg/149.0.0.0"
104.28.156.106 - - [20/Jun/2026:00:57:07 +0200] "GET /wp-content/uploads/2025/08/mockup-ski-belledone-768x768.jpg HTTP/1.1" 200 25690 "https://www.tracestudio.fr/" "Mozilla/5.0 (Windows NT 10.0; Win64; x64) AppleWebKit/537.36 (KHTML, like Gecko) Chrome/149.0.0.0 Safari/537.36 Edg/149.0.0.0"
104.28.156.106 - - [20/Jun/2026:00:57:08 +0200] "GET /wp-content/uploads/2025/11/mock-up-carte-beaufortain-2-1080-768x768.jpg HTTP/1.1" 200 48075 "https://www.tracestudio.fr/" "Mozilla/5.0 (Windows NT 10.0; Win64; x64) AppleWebKit/537.36 (KHTML, like Gecko) Chrome/149.0.0.0 Safari/537.36 Edg/149.0.0.0"
104.28.156.106 - - [20/Jun/2026:00:57:08 +0200] "GET /wp-content/uploads/2025/09/10801080-carte-sicile-768x768.jpg HTTP/1.1" 200 40531 "https://www.tracestudio.fr/" "Mozilla/5.0 (Windows NT 10.0; Win64; x64) AppleWebKit/537.36 (KHTML, like Gecko) Chrome/149.0.0.0 Safari/537.36 Edg/149.0.0.0"
104.28.156.106 - - [20/Jun/2026:00:57:08 +0200] "GET /wp-includes/images/spinner.gif HTTP/1.1" 200 3656 "https://www.tracestudio.fr/" "Mozilla/5.0 (Windows NT 10.0; Win64; x64) AppleWebKit/537.36 (KHTML, like Gecko) Chrome/149.0.0.0 Safari/537.36 Edg/149.0.0.0"
104.28.156.106 - - [20/Jun/2026:00:57:08 +0200] "GET /wp-content/litespeed/js/77cd7b042a0f0ff7595d54232c87a145.js?ver=7a145 HTTP/1.1" 200 2507 "https://www.tracestudio.fr/" "Mozilla/5.0 (Windows NT 10.0; Win64; x64) AppleWebKit/537.36 (KHTML, like Gecko) Chrome/149.0.0.0 Safari/537.36 Edg/149.0.0.0"
104.28.156.106 - - [20/Jun/2026:00:57:08 +0200] "GET /wp-content/litespeed/js/39017f87e13c815dd4cfb6fdc8cd8133.js?ver=d8133 HTTP/1.1" 200 6484 "https://www.tracestudio.fr/" "Mozilla/5.0 (Windows NT 10.0; Win64; x64) AppleWebKit/537.36 (KHTML, like Gecko) Chrome/149.0.0.0 Safari/537.36 Edg/149.0.0.0"
104.28.156.106 - - [20/Jun/2026:00:57:08 +0200] "GET /wp-content/litespeed/js/2e6e4008241ab0627de89d36b216794f.js?ver=d1868 HTTP/1.1" 200 42016 "https://www.tracestudio.fr/" "Mozilla/5.0 (Windows NT 10.0; Win64; x64) AppleWebKit/537.36 (KHTML, like Gecko) Chrome/149.0.0.0 Safari/537.36 Edg/149.0.0.0"
104.28.156.106 - - [20/Jun/2026:00:57:08 +0200] "GET /wp-content/litespeed/js/84b5b97aeb435de2934eca8c14cbc0a9.js?ver=a8fcb HTTP/1.1" 200 2940 "https://www.tracestudio.fr/" "Mozilla/5.0 (Windows NT 10.0; Win64; x64) AppleWebKit/537.36 (KHTML, like Gecko) Chrome/149.0.0.0 Safari/537.36 Edg/149.0.0.0"
104.28.156.106 - - [20/Jun/2026:00:57:09 +0200] "GET /wp-content/uploads/complianz/css/banner-1-optin.css?v=533 HTTP/1.1" 200 15411 "https://www.tracestudio.fr/" "Mozilla/5.0 (Windows NT 10.0; Win64; x64) AppleWebKit/537.36 (KHTML, like Gecko) Chrome/149.0.0.0 Safari/537.36 Edg/149.0.0.0"
104.28.156.106 - - [20/Jun/2026:00:57:09 +0200] "GET /wp-content/plugins/elementor/assets/js/shared-frontend-handlers.03caa53373b56d3bab67.bundle.min.js HTTP/1.1" 200 8481 "https://www.tracestudio.fr/" "Mozilla/5.0 (Windows NT 10.0; Win64; x64) AppleWebKit/537.36 (KHTML, like Gecko) Chrome/149.0.0.0 Safari/537.36 Edg/149.0.0.0"
104.28.156.106 - - [20/Jun/2026:00:57:09 +0200] "GET /wp-content/plugins/elementor/assets/js/text-editor.45609661e409413f1cef.bundle.min.js HTTP/1.1" 200 1348 "https://www.tracestudio.fr/" "Mozilla/5.0 (Windows NT 10.0; Win64; x64) AppleWebKit/537.36 (KHTML, like Gecko) Chrome/149.0.0.0 Safari/537.36 Edg/149.0.0.0"
104.28.156.106 - - [20/Jun/2026:00:57:09 +0200] "GET /wp-content/plugins/elementor/assets/js/image-carousel.6167d20b95b33386757b.bundle.min.js HTTP/1.1" 200 408 "https://www.tracestudio.fr/" "Mozilla/5.0 (Windows NT 10.0; Win64; x64) AppleWebKit/537.36 (KHTML, like Gecko) Chrome/149.0.0.0 Safari/537.36 Edg/149.0.0.0"
104.28.156.106 - - [20/Jun/2026:00:57:09 +0200] "GET /?wc-ajax=get_refreshed_fragments HTTP/1.1" 200 2889 "https://www.tracestudio.fr/" "Mozilla/5.0 (Windows NT 10.0; Win64; x64) AppleWebKit/537.36 (KHTML, like Gecko) Chrome/149.0.0.0 Safari/537.36 Edg/149.0.0.0"
104.28.156.106 - - [20/Jun/2026:00:57:09 +0200] "POST /?wc-ajax=get_refreshed_fragments HTTP/1.1" 200 2889 "https://www.tracestudio.fr/" "Mozilla/5.0 (Windows NT 10.0; Win64; x64) AppleWebKit/537.36 (KHTML, like Gecko) Chrome/149.0.0.0 Safari/537.36 Edg/149.0.0.0"
104.28.156.106 - - [20/Jun/2026:00:57:08 +0200] "GET /wp-json/complianz/v1/cookie_data HTTP/1.1" 200 287 "https://www.tracestudio.fr/" "Mozilla/5.0 (Windows NT 10.0; Win64; x64) AppleWebKit/537.36 (KHTML, like Gecko) Chrome/149.0.0.0 Safari/537.36 Edg/149.0.0.0"
104.28.156.106 - - [20/Jun/2026:00:57:09 +0200] "GET /wp-content/uploads/2025/08/AdobeStock_567785796-scaled.jpeg HTTP/1.1" 200 767505 "https://www.tracestudio.fr/" "Mozilla/5.0 (Windows NT 10.0; Win64; x64) AppleWebKit/537.36 (KHTML, like Gecko) Chrome/149.0.0.0 Safari/537.36 Edg/149.0.0.0"
104.28.156.106 - - [20/Jun/2026:00:57:09 +0200] "GET /wp-content/litespeed/css/921ce184a605f4f8a31b113bafa4d811.css?ver=1ac66 HTTP/1.1" 200 6005 "https://www.tracestudio.fr/" "Mozilla/5.0 (Windows NT 10.0; Win64; x64) AppleWebKit/537.36 (KHTML, like Gecko) Chrome/149.0.0.0 Safari/537.36 Edg/149.0.0.0"
104.28.156.106 - - [20/Jun/2026:00:57:10 +0200] "GET /wp-content/uploads/2025/10/Monogramme-TRACE-STUDIO-100x100.png HTTP/1.1" 200 3291 "https://www.tracestudio.fr/" "Mozilla/5.0 (Windows NT 10.0; Win64; x64) AppleWebKit/537.36 (KHTML, like Gecko) Chrome/149.0.0.0 Safari/537.36 Edg/149.0.0.0"
93.123.109.166 - - [20/Jun/2026:00:57:13 +0200] "GET /backup.sql HTTP/1.1" 403 - "https://tracestudio.fr/" "Mozilla/5.0 (Windows NT 10.0; Win64; x64) AppleWebKit/537.36 (KHTML, like Gecko) Chrome/131.0.6778.205 Safari/537.36"
93.123.109.166 - - [20/Jun/2026:00:57:13 +0200] "GET /dump.sql HTTP/1.1" 403 - "https://tracestudio.fr/" "Mozilla/5.0 (Windows NT 10.0; Win64; x64) AppleWebKit/537.36 (KHTML, like Gecko) Chrome/131.0.6778.205 Safari/537.36"
93.123.109.166 - - [20/Jun/2026:00:57:13 +0200] "GET /database.sql HTTP/1.1" 403 - "https://tracestudio.fr/" "Mozilla/5.0 (Windows NT 10.0; Win64; x64) AppleWebKit/537.36 (KHTML, like Gecko) Chrome/131.0.6778.205 Safari/537.36"
93.123.109.166 - - [20/Jun/2026:00:57:13 +0200] "GET /db.sql HTTP/1.1" 403 - "https://tracestudio.fr/" "Mozilla/5.0 (Windows NT 10.0; Win64; x64) AppleWebKit/537.36 (KHTML, like Gecko) Chrome/131.0.6778.205 Safari/537.36"
93.123.109.166 - - [20/Jun/2026:00:57:16 +0200] "GET /db_backup.sql HTTP/1.1" 403 - "https://tracestudio.fr/" "Mozilla/5.0 (Windows NT 10.0; Win64; x64) AppleWebKit/537.36 (KHTML, like Gecko) Chrome/131.0.6778.205 Safari/537.36"
93.123.109.166 - - [20/Jun/2026:00:57:17 +0200] "GET /db/dump.sql HTTP/1.1" 403 - "https://tracestudio.fr/" "Mozilla/5.0 (Windows NT 10.0; Win64; x64) AppleWebKit/537.36 (KHTML, like Gecko) Chrome/131.0.6778.205 Safari/537.36"
93.123.109.166 - - [20/Jun/2026:00:57:19 +0200] "GET /backup/dump.sql HTTP/1.1" 403 - "https://tracestudio.fr/" "Mozilla/5.0 (Windows NT 10.0; Win64; x64) AppleWebKit/537.36 (KHTML, like Gecko) Chrome/131.0.6778.205 Safari/537.36"
93.123.109.166 - - [20/Jun/2026:00:57:21 +0200] "GET /backup/database.sql HTTP/1.1" 403 - "https://tracestudio.fr/" "Mozilla/5.0 (Windows NT 10.0; Win64; x64) AppleWebKit/537.36 (KHTML, like Gecko) Chrome/131.0.6778.205 Safari/537.36"
93.123.109.166 - - [20/Jun/2026:00:57:22 +0200] "GET /sql/backup.sql HTTP/1.1" 403 - "https://tracestudio.fr/" "Mozilla/5.0 (Windows NT 10.0; Win64; x64) AppleWebKit/537.36 (KHTML, like Gecko) Chrome/131.0.6778.205 Safari/537.36"
93.123.109.166 - - [20/Jun/2026:00:57:23 +0200] "GET /db/backup.sql HTTP/1.1" 403 - "https://tracestudio.fr/" "Mozilla/5.0 (Windows NT 10.0; Win64; x64) AppleWebKit/537.36 (KHTML, like Gecko) Chrome/131.0.6778.205 Safari/537.36"
93.123.109.166 - - [20/Jun/2026:00:57:25 +0200] "GET /data.sql HTTP/1.1" 403 - "https://tracestudio.fr/" "Mozilla/5.0 (Windows NT 10.0; Win64; x64) AppleWebKit/537.36 (KHTML, like Gecko) Chrome/131.0.6778.205 Safari/537.36"
93.123.109.166 - - [20/Jun/2026:00:57:26 +0200] "GET /mysqldump.sql HTTP/1.1" 403 - "https://tracestudio.fr/" "Mozilla/5.0 (Windows NT 10.0; Win64; x64) AppleWebKit/537.36 (KHTML, like Gecko) Chrome/131.0.6778.205 Safari/537.36"
109.234.166.195 - - [20/Jun/2026:00:58:10 +0200] "POST /wp-cron.php?doing_wp_cron=1781909890.9303009510040283203125 HTTP/1.1" 200 - "-" "WordPress/7.0; https://www.tracestudio.fr"
92.222.108.108 - - [20/Jun/2026:00:58:10 +0200] "GET /sitemap.xml HTTP/1.1" 200 703 "-" "Mozilla/5.0 (compatible; AhrefsBot/7.0; +http://ahrefs.com/robot/)"
104.28.156.106 - - [20/Jun/2026:00:58:44 +0200] "GET /wp-content/uploads/2026/03/icone-etape-2.png HTTP/1.1" 200 7206 "https://www.tracestudio.fr/" "Mozilla/5.0 (Windows NT 10.0; Win64; x64) AppleWebKit/537.36 (KHTML, like Gecko) Chrome/149.0.0.0 Safari/537.36 Edg/149.0.0.0"
104.28.156.106 - - [20/Jun/2026:00:58:44 +0200] "GET /wp-content/uploads/2026/03/icone-etape-3.png HTTP/1.1" 200 7194 "https://www.tracestudio.fr/" "Mozilla/5.0 (Windows NT 10.0; Win64; x64) AppleWebKit/537.36 (KHTML, like Gecko) Chrome/149.0.0.0 Safari/537.36 Edg/149.0.0.0"
104.28.156.106 - - [20/Jun/2026:00:58:44 +0200] "GET /wp-content/uploads/2026/01/10801080-Carte-NZ-1-1024x1024.jpg HTTP/1.1" 200 34896 "https://www.tracestudio.fr/" "Mozilla/5.0 (Windows NT 10.0; Win64; x64) AppleWebKit/537.36 (KHTML, like Gecko) Chrome/149.0.0.0 Safari/537.36 Edg/149.0.0.0"
104.28.156.106 - - [20/Jun/2026:00:58:44 +0200] "GET /wp-content/uploads/2026/01/10801080-Carte-Traversee-atlantique-1024x1024.jpg HTTP/1.1" 200 33343 "https://www.tracestudio.fr/" "Mozilla/5.0 (Windows NT 10.0; Win64; x64) AppleWebKit/537.36 (KHTML, like Gecko) Chrome/149.0.0.0 Safari/537.36 Edg/149.0.0.0"
104.28.156.106 - - [20/Jun/2026:00:58:44 +0200] "GET /wp-content/uploads/2026/02/Cadre-chambre-GR20-vert-3-1024x1024.png HTTP/1.1" 200 56914 "https://www.tracestudio.fr/" "Mozilla/5.0 (Windows NT 10.0; Win64; x64) AppleWebKit/537.36 (KHTML, like Gecko) Chrome/149.0.0.0 Safari/537.36 Edg/149.0.0.0"
104.28.156.106 - - [20/Jun/2026:00:58:44 +0200] "POST /koko-analytics-collect.php HTTP/1.1" 200 - "https://www.tracestudio.fr/" "Mozilla/5.0 (Windows NT 10.0; Win64; x64) AppleWebKit/537.36 (KHTML, like Gecko) Chrome/149.0.0.0 Safari/537.36 Edg/149.0.0.0"
109.234.166.195 - - [20/Jun/2026:00:58:56 +0200] "POST /wp-cron.php?doing_wp_cron=1781909936.0767550468444824218750 HTTP/1.1" 200 - "-" "WordPress/7.0; https://www.tracestudio.fr"
51.68.247.195 - - [20/Jun/2026:00:58:55 +0200] "GET /sitemap-post-type-post.xml HTTP/1.1" 200 13045 "-" "Mozilla/5.0 (compatible; AhrefsBot/7.0; +http://ahrefs.com/robot/)"
176.31.139.0 - - [20/Jun/2026:00:59:00 +0200] "GET /sitemap-post-type-page.xml HTTP/1.1" 200 24361 "-" "Mozilla/5.0 (compatible; AhrefsBot/7.0; +http://ahrefs.com/robot/)"
54.236.1.52 - - [20/Jun/2026:00:59:00 +0200] "GET /produit/affiche-gr20-traversee-de-la-corse/?attribute_couleurs=Vert%20%C3%A9pur%C3%A9&attribute_tailles=45x60cm HTTP/1.1" 200 248377 "-" "Mozilla/5.0 (compatible; Pinterestbot/1.0; +http://www.pinterest.com/bot.html)"
51.68.247.206 - - [20/Jun/2026:00:59:11 +0200] "GET /sitemap-post-type-product.xml HTTP/1.1" 200 2667 "-" "Mozilla/5.0 (compatible; AhrefsBot/7.0; +http://ahrefs.com/robot/)"
109.234.166.195 - - [20/Jun/2026:00:59:18 +0200] "POST /wp-cron.php?doing_wp_cron=1781909958.6147489547729492187500 HTTP/1.1" 200 - "-" "WordPress/7.0; https://www.tracestudio.fr"
51.75.236.131 - - [20/Jun/2026:00:59:18 +0200] "GET /sitemap-taxonomy-category.xml HTTP/1.1" 200 356 "-" "Mozilla/5.0 (compatible; AhrefsBot/7.0; +http://ahrefs.com/robot/)"
109.234.166.195 - - [20/Jun/2026:00:59:53 +0200] "POST /wp-cron.php?doing_wp_cron=1781909993.2116661071777343750000 HTTP/1.1" 200 - "-" "WordPress/7.0; https://www.tracestudio.fr"
51.75.236.134 - - [20/Jun/2026:00:59:52 +0200] "GET /sitemap-taxonomy-product_cat.xml HTTP/1.1" 200 951 "-" "Mozilla/5.0 (compatible; AhrefsBot/7.0; +http://ahrefs.com/robot/)"
109.234.166.195 - - [20/Jun/2026:01:02:27 +0200] "POST /wp-cron.php?doing_wp_cron=1781910147.5414650440216064453125 HTTP/1.1" 200 - "-" "WordPress/7.0; https://www.tracestudio.fr"
54.236.1.11 - - [20/Jun/2026:01:02:25 +0200] "GET /produit/affiche-personnalisee-trail-running/ HTTP/1.1" 200 249164 "-" "Mozilla/5.0 (compatible; Pinterestbot/1.0; +http://www.pinterest.com/bot.html)"
109.234.166.195 - - [20/Jun/2026:01:16:06 +0200] "POST /wp-cron.php?doing_wp_cron=1781910966.9164550304412841796875 HTTP/1.1" 200 - "-" "WordPress/7.0; https://www.tracestudio.fr"
109.234.166.195 - - [20/Jun/2026:01:16:07 +0200] "POST /wp-cron.php?doing_wp_cron=1781910967.3119769096374511718750 HTTP/1.1" 200 - "-" "WordPress/7.0; https://www.tracestudio.fr"
57.141.20.12 - - [20/Jun/2026:01:16:04 +0200] "GET /faq/ HTTP/1.1" 200 256976 "-" "meta-externalagent/1.1 (+https://developers.facebook.com/docs/sharing/webmasters/crawler)"
109.234.166.195 - - [20/Jun/2026:01:16:08 +0200] "POST /koko-analytics-collect.php?test=1 HTTP/1.1" 200 - "-" "WordPress/7.0; https://www.tracestudio.fr"
109.234.166.195 - - [20/Jun/2026:01:20:03 +0200] "POST /wp-cron.php?doing_wp_cron=1781911203.3557810783386230468750 HTTP/1.1" 200 - "-" "WordPress/7.0; https://www.tracestudio.fr"
57.141.20.32 - - [20/Jun/2026:01:20:02 +0200] "GET /sitemap-taxonomy-category.xml HTTP/1.1" 200 356 "-" "meta-externalagent/1.1 (+https://developers.facebook.com/docs/sharing/webmasters/crawler)"
109.234.166.195 - - [20/Jun/2026:01:25:36 +0200] "POST /wp-cron.php?doing_wp_cron=1781911536.5921978950500488281250 HTTP/1.1" 200 - "-" "WordPress/7.0; https://www.tracestudio.fr"
157.55.39.223 - - [20/Jun/2026:01:25:36 +0200] "GET /robots.txt HTTP/1.1" 200 374 "-" "Mozilla/5.0 AppleWebKit/537.36 (KHTML, like Gecko; compatible; bingbot/2.0; +http://www.bing.com/bingbot.htm) Chrome/116.0.1938.76 Safari/537.36"
54.236.1.53 - - [20/Jun/2026:01:43:09 +0200] "GET /produit/affiche-personnalisee-trail-running/?attribute_couleurs=Bleu%20&%20Rouge&attribute_tailles=30x40cm HTTP/1.1" 200 249160 "-" "Mozilla/5.0 (compatible; Pinterestbot/1.0; +http://www.pinterest.com/bot.html)"
109.234.166.195 - - [20/Jun/2026:01:51:56 +0200] "POST /wp-cron.php?doing_wp_cron=1781913116.7848289012908935546875 HTTP/1.1" 200 - "-" "WordPress/7.0; https://www.tracestudio.fr"
57.141.20.25 - - [20/Jun/2026:01:51:56 +0200] "GET /blog/treks-et-randonnees-mythiques-comment-immortaliser-son-aventure/ HTTP/1.1" 200 243067 "-" "meta-externalagent/1.1 (+https://developers.facebook.com/docs/sharing/webmasters/crawler)"
109.234.166.195 - - [20/Jun/2026:01:56:52 +0200] "POST /wp-cron.php?doing_wp_cron=1781913412.8204610347747802734375 HTTP/1.1" 200 - "-" "WordPress/7.0; https://www.tracestudio.fr"
54.236.1.51 - - [20/Jun/2026:01:56:51 +0200] "GET /produit/formule-aventure/?attribute_nombre-detapes=Jusqu'%C3%A0%2010%20%C3%A9tapes&attribute_anecdotes=Multi-couleur&attribute_impression=30x40cm HTTP/1.1" 200 312397 "-" "Mozilla/5.0 (compatible; Pinterestbot/1.0; +http://www.pinterest.com/bot.html)"
109.234.166.195 - - [20/Jun/2026:02:01:37 +0200] "POST /wp-cron.php?doing_wp_cron=1781913697.5051929950714111328125 HTTP/1.1" 200 - "-" "WordPress/7.0; https://www.tracestudio.fr"
54.236.1.52 - - [20/Jun/2026:02:01:35 +0200] "GET /produit/affiche-gr10-traversee-des-pyrenees/?attribute_couleurs=Vert%20relief&attribute_taille=45x60cm HTTP/1.1" 200 296436 "-" "Mozilla/5.0 (compatible; Pinterestbot/1.0; +http://www.pinterest.com/bot.html)"
109.234.166.195 - - [20/Jun/2026:02:05:24 +0200] "POST /wp-cron.php?doing_wp_cron=1781913924.6425700187683105468750 HTTP/1.1" 200 - "-" "WordPress/7.0; https://www.tracestudio.fr"
66.249.70.3 - - [20/Jun/2026:02:05:24 +0200] "GET /robots.txt HTTP/1.1" 200 374 "-" "Mozilla/5.0 (compatible; Googlebot/2.1; +http://www.google.com/bot.html)"
66.249.70.3 - - [20/Jun/2026:02:05:25 +0200] "GET /2026/04/21/9-idees-de-cadeaux-de-mariage-originaux-pour-un-couple-voyageur/ HTTP/1.1" 301 - "-" "Mozilla/5.0 (Linux; Android 6.0.1; Nexus 5X Build/MMB29P) AppleWebKit/537.36 (KHTML, like Gecko) Chrome/148.0.7778.96 Mobile Safari/537.36 (compatible; Googlebot/2.1; +http://www.google.com/bot.html)"
66.249.70.4 - - [20/Jun/2026:02:05:27 +0200] "GET /blog/9-idees-de-cadeaux-de-mariage-originaux-pour-un-couple-voyageur/ HTTP/1.1" 200 231753 "-" "Mozilla/5.0 (Linux; Android 6.0.1; Nexus 5X Build/MMB29P) AppleWebKit/537.36 (KHTML, like Gecko) Chrome/148.0.7778.96 Mobile Safari/537.36 (compatible; Googlebot/2.1; +http://www.google.com/bot.html)"
66.249.70.3 - - [20/Jun/2026:02:05:30 +0200] "POST /wp-content/plugins/litespeed-cache/guest.vary.php HTTP/1.1" 200 2 "https://www.tracestudio.fr/blog/9-idees-de-cadeaux-de-mariage-originaux-pour-un-couple-voyageur/" "Mozilla/5.0 (Linux; Android 6.0.1; Nexus 5X Build/MMB29P) AppleWebKit/537.36 (KHTML, like Gecko) Chrome/148.0.7778.96 Mobile Safari/537.36 (compatible; Googlebot/2.1; +http://www.google.com/bot.html)"
109.234.166.195 - - [20/Jun/2026:02:07:10 +0200] "POST /wp-cron.php?doing_wp_cron=1781914030.5476219654083251953125 HTTP/1.1" 200 - "-" "WordPress/7.0; https://www.tracestudio.fr"
54.236.1.13 - - [20/Jun/2026:02:07:08 +0200] "GET /produit/affiche-gr20-traversee-de-la-corse/?attribute_couleurs=Bleu%20Ocre&attribute_tailles=20x30cm HTTP/1.1" 200 248244 "-" "Mozilla/5.0 (compatible; Pinterestbot/1.0; +http://www.pinterest.com/bot.html)"
109.234.166.195 - - [20/Jun/2026:02:08:23 +0200] "POST /wp-cron.php?doing_wp_cron=1781914103.2821290493011474609375 HTTP/1.1" 200 - "-" "WordPress/7.0; https://www.tracestudio.fr"
54.236.1.13 - - [20/Jun/2026:02:08:21 +0200] "GET /produit/affiche-gr20-traversee-de-la-corse/?attribute_couleurs=Bleu%20minimaliste&attribute_tailles=40x50cm HTTP/1.1" 200 248389 "-" "Mozilla/5.0 (compatible; Pinterestbot/1.0; +http://www.pinterest.com/bot.html)"
109.234.166.195 - - [20/Jun/2026:02:10:50 +0200] "POST /wp-cron.php?doing_wp_cron=1781914250.8715391159057617187500 HTTP/1.1" 200 - "-" "WordPress/7.0; https://www.tracestudio.fr"
54.236.1.52 - - [20/Jun/2026:02:10:48 +0200] "GET /produit/formule-voyage/?attribute_nombre-detapes=Jusqu'%C3%A0%2020%20%C3%A9tapes&attribute_anecdotes=Multi-couleur&attribute_impression=10%20carte%20postale%20A6 HTTP/1.1" 200 314355 "-" "Mozilla/5.0 (compatible; Pinterestbot/1.0; +http://www.pinterest.com/bot.html)"
109.234.166.195 - - [20/Jun/2026:02:19:29 +0200] "POST /wp-cron.php?doing_wp_cron=1781914768.9945120811462402343750 HTTP/1.1" 200 - "-" "WordPress/7.0; https://www.tracestudio.fr"
109.234.166.195 - - [20/Jun/2026:02:19:30 +0200] "POST /wp-cron.php?doing_wp_cron=1781914770.5836250782012939453125 HTTP/1.1" 200 - "-" "WordPress/7.0; https://www.tracestudio.fr"
54.236.1.52 - - [20/Jun/2026:02:19:28 +0200] "GET /produit/affiche-personnalisee-trail-running/?attribute_couleurs=Vert%20&%20Jaune&attribute_tailles=40x50cm HTTP/1.1" 200 249178 "-" "Mozilla/5.0 (compatible; Pinterestbot/1.0; +http://www.pinterest.com/bot.html)"
109.234.166.195 - - [20/Jun/2026:02:19:31 +0200] "POST /koko-analytics-collect.php?test=1 HTTP/1.1" 200 - "-" "WordPress/7.0; https://www.tracestudio.fr"
109.234.166.195 - - [20/Jun/2026:02:45:03 +0200] "POST /wp-cron.php?doing_wp_cron=1781916303.6204540729522705078125 HTTP/1.1" 200 - "-" "WordPress/7.0; https://www.tracestudio.fr"
54.236.1.13 - - [20/Jun/2026:02:45:03 +0200] "GET /2026/03/26/treks-et-randonnees-mythiques-comment-immortaliser-son-aventure/ HTTP/1.1" 301 - "-" "Mozilla/5.0 (compatible; Pinterestbot/1.0; +http://www.pinterest.com/bot.html)"
54.236.1.13 - - [20/Jun/2026:02:45:03 +0200] "GET /blog/treks-et-randonnees-mythiques-comment-immortaliser-son-aventure/ HTTP/1.1" 200 243067 "-" "Mozilla/5.0 (compatible; Pinterestbot/1.0; +http://www.pinterest.com/bot.html)"
109.234.166.195 - - [20/Jun/2026:02:48:02 +0200] "POST /wp-cron.php?doing_wp_cron=1781916482.3402779102325439453125 HTTP/1.1" 200 - "-" "WordPress/7.0; https://www.tracestudio.fr"
54.236.1.11 - - [20/Jun/2026:02:47:59 +0200] "GET /affiches-itineraires-mythiques/ HTTP/1.1" 200 236460 "-" "Mozilla/5.0 (compatible; Pinterestbot/1.0; +http://www.pinterest.com/bot.html)"
109.234.166.195 - - [20/Jun/2026:02:48:22 +0200] "POST /wp-cron.php?doing_wp_cron=1781916501.9654619693756103515625 HTTP/1.1" 200 - "-" "WordPress/7.0; https://www.tracestudio.fr"
94.23.188.218 - - [20/Jun/2026:02:48:21 +0200] "GET /sitemap.xml HTTP/1.1" 200 703 "-" "Mozilla/5.0 (compatible; AhrefsBot/7.0; +http://ahrefs.com/robot/)"
5.39.1.238 - - [20/Jun/2026:02:48:23 +0200] "GET /sitemap-post-type-post.xml HTTP/1.1" 200 13045 "-" "Mozilla/5.0 (compatible; AhrefsBot/7.0; +http://ahrefs.com/robot/)"
51.75.236.135 - - [20/Jun/2026:02:48:26 +0200] "GET /sitemap-post-type-page.xml HTTP/1.1" 200 24361 "-" "Mozilla/5.0 (compatible; AhrefsBot/7.0; +http://ahrefs.com/robot/)"
94.23.188.205 - - [20/Jun/2026:02:48:27 +0200] "GET /sitemap-post-type-product.xml HTTP/1.1" 200 2667 "-" "Mozilla/5.0 (compatible; AhrefsBot/7.0; +http://ahrefs.com/robot/)"
92.222.108.118 - - [20/Jun/2026:02:48:29 +0200] "GET /sitemap-taxonomy-category.xml HTTP/1.1" 200 356 "-" "Mozilla/5.0 (compatible; AhrefsBot/7.0; +http://ahrefs.com/robot/)"
92.222.104.221 - - [20/Jun/2026:02:48:30 +0200] "GET /sitemap-taxonomy-product_cat.xml HTTP/1.1" 200 951 "-" "Mozilla/5.0 (compatible; AhrefsBot/7.0; +http://ahrefs.com/robot/)"
109.234.166.195 - - [20/Jun/2026:02:51:54 +0200] "POST /wp-cron.php?doing_wp_cron=1781916714.2808699607849121093750 HTTP/1.1" 200 - "-" "WordPress/7.0; https://www.tracestudio.fr"
54.236.1.11 - - [20/Jun/2026:02:51:52 +0200] "GET /produit/affiche-gr20-traversee-de-la-corse/?attribute_couleurs=Vert%20%C3%A9pur%C3%A9&attribute_tailles=20x30cm HTTP/1.1" 200 248385 "-" "Mozilla/5.0 (compatible; Pinterestbot/1.0; +http://www.pinterest.com/bot.html)"
109.234.166.195 - - [20/Jun/2026:03:06:43 +0200] "POST /wp-cron.php?doing_wp_cron=1781917603.4462409019470214843750 HTTP/1.1" 200 - "-" "WordPress/7.0; https://www.tracestudio.fr"
54.236.1.13 - - [20/Jun/2026:03:06:41 +0200] "GET /produit/affiche-gr10-traversee-des-pyrenees/?attribute_couleurs=Vert%20&%20Beige&attribute_taille=20x30cm HTTP/1.1" 200 296462 "-" "Mozilla/5.0 (compatible; Pinterestbot/1.0; +http://www.pinterest.com/bot.html)"
109.234.166.195 - - [20/Jun/2026:03:08:23 +0200] "POST /wp-cron.php?doing_wp_cron=1781917703.7846910953521728515625 HTTP/1.1" 200 - "-" "WordPress/7.0; https://www.tracestudio.fr"
57.141.20.28 - - [20/Jun/2026:03:08:23 +0200] "GET /blog/5-idees-pour-conserver-les-souvenirs-dun-enfant-en-voyage-simples-creatives-et-durables/ HTTP/1.1" 200 239361 "-" "meta-externalagent/1.1 (+https://developers.facebook.com/docs/sharing/webmasters/crawler)"
109.234.166.195 - - [20/Jun/2026:03:09:13 +0200] "POST /wp-cron.php?doing_wp_cron=1781917753.5306129455566406250000 HTTP/1.1" 200 - "-" "WordPress/7.0; https://www.tracestudio.fr"
57.141.20.45 - - [20/Jun/2026:03:09:13 +0200] "GET /2026/02/04/voyages-en-amoureux-quand-une-aventure-a-deux-devient-un-souvenir-illustre/ HTTP/1.1" 301 - "-" "meta-externalagent/1.1 (+https://developers.facebook.com/docs/sharing/webmasters/crawler)"
109.234.166.195 - - [20/Jun/2026:03:18:02 +0200] "POST /wp-cron.php?doing_wp_cron=1781918282.2592930793762207031250 HTTP/1.1" 200 - "-" "WordPress/7.0; https://www.tracestudio.fr"
40.77.167.51 - - [20/Jun/2026:03:18:01 +0200] "GET /cartes-personnalisees/studio.png HTTP/1.1" 404 205607 "-" "Mozilla/5.0 AppleWebKit/537.36 (KHTML, like Gecko; compatible; bingbot/2.0; +http://www.bing.com/bingbot.htm) Chrome/116.0.1938.76 Safari/537.36"
109.234.166.195 - - [20/Jun/2026:03:18:03 +0200] "POST /koko-analytics-collect.php?test=1 HTTP/1.1" 200 - "-" "WordPress/7.0; https://www.tracestudio.fr"
109.234.166.195 - - [20/Jun/2026:03:25:29 +0200] "POST /wp-cron.php?doing_wp_cron=1781918729.9199628829956054687500 HTTP/1.1" 200 - "-" "WordPress/7.0; https://www.tracestudio.fr"
109.234.166.195 - - [20/Jun/2026:03:25:31 +0200] "POST /wp-cron.php?doing_wp_cron=1781918731.5043759346008300781250 HTTP/1.1" 200 - "-" "WordPress/7.0; https://www.tracestudio.fr"
54.236.1.54 - - [20/Jun/2026:03:25:29 +0200] "GET /produit/affiche-tmb-tour-du-mont-blanc/?attribute_couleurs=Bleu%202&attribute_tailles=45x60cm HTTP/1.1" 200 323901 "-" "Mozilla/5.0 (compatible; Pinterestbot/1.0; +http://www.pinterest.com/bot.html)"
109.234.166.195 - - [20/Jun/2026:03:25:46 +0200] "POST /wp-cron.php?doing_wp_cron=1781918746.4072630405426025390625 HTTP/1.1" 200 - "-" "WordPress/7.0; https://www.tracestudio.fr"
54.236.1.11 - - [20/Jun/2026:03:25:44 +0200] "GET /produit/affiche-tmb-tour-du-mont-blanc/?attribute_couleurs=Bleu%201&attribute_tailles=45x60cm HTTP/1.1" 200 323911 "-" "Mozilla/5.0 (compatible; Pinterestbot/1.0; +http://www.pinterest.com/bot.html)"
