205.169.39.37 - - [20/Jun/2026:07:03:08 +0200] "GET /wp-content/uploads/elementor/google-fonts/fonts/roboto-kfo7cnqeu92fr1me7ksn66agldtyluama3yuba.woff2 HTTP/1.1" 200 40128 "https://www.tracestudio.fr/wp-content/litespeed/css/c4717bfaebb021a1620362789a722ca2.css?ver=b46e1" "Mozilla/5.0 (Windows NT 10.0; Win64; x64) AppleWebKit/537.36 (KHTML, like Gecko) Chrome/117.0.5938.132 Safari/537.36"
205.169.39.37 - - [20/Jun/2026:07:03:08 +0200] "GET /wp-content/uploads/2026/01/Carte-Traversee-alpes-VTT-683x1024.webp HTTP/1.1" 200 30975 "https://www.tracestudio.fr/" "Mozilla/5.0 (Windows NT 10.0; Win64; x64) AppleWebKit/537.36 (KHTML, like Gecko) Chrome/117.0.5938.132 Safari/537.36"
205.169.39.37 - - [20/Jun/2026:07:03:08 +0200] "GET /wp-content/uploads/2025/10/cropped-Logo-TRACE-STUDIO-132x69.png HTTP/1.1" 200 3306 "https://www.tracestudio.fr/" "Mozilla/5.0 (Windows NT 10.0; Win64; x64) AppleWebKit/537.36 (KHTML, like Gecko) Chrome/117.0.5938.132 Safari/537.36"
205.169.39.37 - - [20/Jun/2026:07:03:08 +0200] "GET /wp-content/uploads/2026/03/icone-etape-1.png HTTP/1.1" 200 7299 "https://www.tracestudio.fr/" "Mozilla/5.0 (Windows NT 10.0; Win64; x64) AppleWebKit/537.36 (KHTML, like Gecko) Chrome/117.0.5938.132 Safari/537.36"
205.169.39.37 - - [20/Jun/2026:07:03:08 +0200] "GET /wp-content/uploads/2026/03/icone-etape-2.png HTTP/1.1" 200 7206 "https://www.tracestudio.fr/" "Mozilla/5.0 (Windows NT 10.0; Win64; x64) AppleWebKit/537.36 (KHTML, like Gecko) Chrome/117.0.5938.132 Safari/537.36"
205.169.39.37 - - [20/Jun/2026:07:03:08 +0200] "GET /wp-content/uploads/2026/03/icone-etape-3.png HTTP/1.1" 200 7194 "https://www.tracestudio.fr/" "Mozilla/5.0 (Windows NT 10.0; Win64; x64) AppleWebKit/537.36 (KHTML, like Gecko) Chrome/117.0.5938.132 Safari/537.36"
205.169.39.37 - - [20/Jun/2026:07:03:08 +0200] "GET /wp-content/uploads/2026/01/10801080-Carte-NZ-1-1024x1024.jpg HTTP/1.1" 200 34896 "https://www.tracestudio.fr/" "Mozilla/5.0 (Windows NT 10.0; Win64; x64) AppleWebKit/537.36 (KHTML, like Gecko) Chrome/117.0.5938.132 Safari/537.36"
205.169.39.37 - - [20/Jun/2026:07:03:08 +0200] "GET /wp-content/uploads/2026/01/10801080-Carte-Traversee-atlantique-1024x1024.jpg HTTP/1.1" 200 33343 "https://www.tracestudio.fr/" "Mozilla/5.0 (Windows NT 10.0; Win64; x64) AppleWebKit/537.36 (KHTML, like Gecko) Chrome/117.0.5938.132 Safari/537.36"
205.169.39.37 - - [20/Jun/2026:07:03:08 +0200] "GET /wp-content/uploads/2026/02/Cadre-chambre-GR20-vert-3-1024x1024.png HTTP/1.1" 200 56914 "https://www.tracestudio.fr/" "Mozilla/5.0 (Windows NT 10.0; Win64; x64) AppleWebKit/537.36 (KHTML, like Gecko) Chrome/117.0.5938.132 Safari/537.36"
109.234.166.195 - - [20/Jun/2026:07:07:08 +0200] "POST /wp-cron.php?doing_wp_cron=1781932028.3595719337463378906250 HTTP/1.1" 200 - "-" "WordPress/7.0; https://www.tracestudio.fr"
54.236.1.54 - - [20/Jun/2026:07:07:06 +0200] "GET /produit/affiche-gr20-traversee-de-la-corse/?attribute_couleurs=Beige%20relief&attribute_tailles=45x60cm HTTP/1.1" 200 248252 "-" "Mozilla/5.0 (compatible; Pinterestbot/1.0; +http://www.pinterest.com/bot.html)"
109.234.166.195 - - [20/Jun/2026:07:11:43 +0200] "POST /wp-cron.php?doing_wp_cron=1781932303.6465849876403808593750 HTTP/1.1" 200 - "-" "WordPress/7.0; https://www.tracestudio.fr"
54.236.1.11 - - [20/Jun/2026:07:11:41 +0200] "GET / HTTP/1.1" 200 355019 "-" "Mozilla/5.0 (compatible; Pinterestbot/1.0; +http://www.pinterest.com/bot.html)"
109.234.166.195 - - [20/Jun/2026:07:18:29 +0200] "POST /wp-cron.php?doing_wp_cron=1781932709.6545970439910888671875 HTTP/1.1" 200 - "-" "WordPress/7.0; https://www.tracestudio.fr"
57.141.20.32 - - [20/Jun/2026:07:18:28 +0200] "GET /cartes-personnalisees/ HTTP/1.1" 200 237300 "-" "meta-externalagent/1.1 (+https://developers.facebook.com/docs/sharing/webmasters/crawler)"
109.234.166.195 - - [20/Jun/2026:07:18:30 +0200] "POST /koko-analytics-collect.php?test=1 HTTP/1.1" 200 - "-" "WordPress/7.0; https://www.tracestudio.fr"
109.234.166.195 - - [20/Jun/2026:07:22:59 +0200] "POST /wp-cron.php?doing_wp_cron=1781932979.7189750671386718750000 HTTP/1.1" 200 - "-" "WordPress/7.0; https://www.tracestudio.fr"
54.236.1.13 - - [20/Jun/2026:07:22:57 +0200] "GET /produit/affiche-personnalisee-trail-running/?attribute_couleurs=Bleu%20&%20Blanc&attribute_tailles=20x30cm HTTP/1.1" 200 249260 "-" "Mozilla/5.0 (compatible; Pinterestbot/1.0; +http://www.pinterest.com/bot.html)"
109.234.166.195 - - [20/Jun/2026:07:35:13 +0200] "POST /wp-cron.php?doing_wp_cron=1781933713.9046909809112548828125 HTTP/1.1" 200 - "-" "WordPress/7.0; https://www.tracestudio.fr"
176.31.139.12 - - [20/Jun/2026:07:35:13 +0200] "GET /sitemap.xml HTTP/1.1" 200 703 "-" "Mozilla/5.0 (compatible; AhrefsBot/7.0; +http://ahrefs.com/robot/)"
51.75.236.148 - - [20/Jun/2026:07:35:15 +0200] "GET /sitemap-post-type-post.xml HTTP/1.1" 200 13045 "-" "Mozilla/5.0 (compatible; AhrefsBot/7.0; +http://ahrefs.com/robot/)"
109.234.166.195 - - [20/Jun/2026:07:35:17 +0200] "POST /wp-cron.php?doing_wp_cron=1781933717.0024700164794921875000 HTTP/1.1" 200 - "-" "WordPress/7.0; https://www.tracestudio.fr"
92.222.104.210 - - [20/Jun/2026:07:35:16 +0200] "GET /sitemap-post-type-page.xml HTTP/1.1" 200 24361 "-" "Mozilla/5.0 (compatible; AhrefsBot/7.0; +http://ahrefs.com/robot/)"
51.75.236.131 - - [20/Jun/2026:07:35:18 +0200] "GET /sitemap-post-type-product.xml HTTP/1.1" 200 2667 "-" "Mozilla/5.0 (compatible; AhrefsBot/7.0; +http://ahrefs.com/robot/)"
37.59.204.147 - - [20/Jun/2026:07:35:24 +0200] "GET /sitemap-taxonomy-category.xml HTTP/1.1" 200 356 "-" "Mozilla/5.0 (compatible; AhrefsBot/7.0; +http://ahrefs.com/robot/)"
92.222.108.104 - - [20/Jun/2026:07:35:29 +0200] "GET /sitemap-taxonomy-product_cat.xml HTTP/1.1" 200 951 "-" "Mozilla/5.0 (compatible; AhrefsBot/7.0; +http://ahrefs.com/robot/)"
40.77.167.38 - - [20/Jun/2026:07:40:25 +0200] "GET /wp-content/uploads/2026/03/Carnet-de-voyage.jpg HTTP/1.1" 200 885435 "-" "Mozilla/5.0 AppleWebKit/537.36 (KHTML, like Gecko; compatible; bingbot/2.0; +http://www.bing.com/bingbot.htm) Chrome/116.0.1938.76 Safari/537.36"
66.249.70.2 - - [20/Jun/2026:07:41:46 +0200] "GET /wp-content/litespeed/css/7088818d50e3732936649d2a8aa99fc1.css?ver=b46e1 HTTP/1.1" 200 610980 "https://www.tracestudio.fr/blog/idees-deco-pour-un-interieur-inspire-par-le-voyage/" "Mozilla/5.0 (Linux; Android 6.0.1; Nexus 5X Build/MMB29P) AppleWebKit/537.36 (KHTML, like Gecko) Chrome/148.0.7778.96 Mobile Safari/537.36 (compatible; Googlebot/2.1; +http://www.google.com/bot.html)"
109.234.166.195 - - [20/Jun/2026:07:43:36 +0200] "POST /wp-cron.php?doing_wp_cron=1781934216.5479230880737304687500 HTTP/1.1" 200 - "-" "WordPress/7.0; https://www.tracestudio.fr"
57.141.20.53 - - [20/Jun/2026:07:43:35 +0200] "GET /categorie-produit/affiche-personnalisee-voyage/ HTTP/1.1" 200 218647 "-" "meta-externalagent/1.1 (+https://developers.facebook.com/docs/sharing/webmasters/crawler)"
109.234.166.195 - - [20/Jun/2026:07:49:49 +0200] "POST /wp-cron.php?doing_wp_cron=1781934589.8153600692749023437500 HTTP/1.1" 200 - "-" "WordPress/7.0; https://www.tracestudio.fr"
57.141.20.60 - - [20/Jun/2026:07:49:49 +0200] "GET /categorie-produit/personnalisees/ HTTP/1.1" 200 223039 "-" "meta-externalagent/1.1 (+https://developers.facebook.com/docs/sharing/webmasters/crawler)"
109.234.166.195 - - [20/Jun/2026:07:56:04 +0200] "POST /wp-cron.php?doing_wp_cron=1781934964.0086901187896728515625 HTTP/1.1" 200 - "-" "WordPress/7.0; https://www.tracestudio.fr"
54.236.1.52 - - [20/Jun/2026:07:56:01 +0200] "GET /commander/ HTTP/1.1" 200 243749 "-" "Mozilla/5.0 (compatible; Pinterestbot/1.0; +http://www.pinterest.com/bot.html)"
109.234.166.195 - - [20/Jun/2026:07:57:42 +0200] "POST /wp-cron.php?doing_wp_cron=1781935062.6016368865966796875000 HTTP/1.1" 200 - "-" "WordPress/7.0; https://www.tracestudio.fr"
54.236.1.52 - - [20/Jun/2026:07:57:40 +0200] "GET /produit/formule-voyage/?attribute_nombre-detapes=Jusqu'%C3%A0%2010%20%C3%A9tapes&attribute_anecdotes=Multi-couleur&attribute_impression=45x60cm HTTP/1.1" 200 314149 "-" "Mozilla/5.0 (compatible; Pinterestbot/1.0; +http://www.pinterest.com/bot.html)"
109.234.166.195 - - [20/Jun/2026:07:58:18 +0200] "POST /wp-cron.php?doing_wp_cron=1781935098.4779989719390869140625 HTTP/1.1" 200 - "-" "WordPress/7.0; https://www.tracestudio.fr"
54.236.1.51 - - [20/Jun/2026:07:58:15 +0200] "GET /produit/affiche-personnalisee-gr20-corse/?attribute_couleurs=Beige%20relief%20Marron&attribute_tailles=30x40cm HTTP/1.1" 200 252543 "-" "Mozilla/5.0 (compatible; Pinterestbot/1.0; +http://www.pinterest.com/bot.html)"
109.234.166.195 - - [20/Jun/2026:08:04:29 +0200] "POST /wp-cron.php?doing_wp_cron=1781935469.4961700439453125000000 HTTP/1.1" 200 - "-" "WordPress/7.0; https://www.tracestudio.fr"
109.234.166.195 - - [20/Jun/2026:08:04:30 +0200] "POST /wp-cron.php?doing_wp_cron=1781935470.0468349456787109375000 HTTP/1.1" 200 - "-" "WordPress/7.0; https://www.tracestudio.fr"
57.141.20.2 - - [20/Jun/2026:08:04:29 +0200] "GET /pros/ HTTP/1.1" 200 243950 "-" "meta-externalagent/1.1 (+https://developers.facebook.com/docs/sharing/webmasters/crawler)"
109.234.166.195 - - [20/Jun/2026:08:16:12 +0200] "POST /wp-cron.php?doing_wp_cron=1781936172.6138730049133300781250 HTTP/1.1" 200 - "-" "WordPress/7.0; https://www.tracestudio.fr"
54.236.1.53 - - [20/Jun/2026:08:16:10 +0200] "GET /produit/affiche-personnalisee-trail-running/?attribute_couleurs=Vert%20&%20Ocre&attribute_tailles=30x40cm HTTP/1.1" 200 249273 "-" "Mozilla/5.0 (compatible; Pinterestbot/1.0; +http://www.pinterest.com/bot.html)"
109.234.166.195 - - [20/Jun/2026:08:16:13 +0200] "POST /koko-analytics-collect.php?test=1 HTTP/1.1" 200 - "-" "WordPress/7.0; https://www.tracestudio.fr"
109.234.166.195 - - [20/Jun/2026:08:17:59 +0200] "POST /wp-cron.php?doing_wp_cron=1781936279.5057079792022705078125 HTTP/1.1" 200 - "-" "WordPress/7.0; https://www.tracestudio.fr"
57.141.20.60 - - [20/Jun/2026:08:17:58 +0200] "GET /blog/9-idees-de-cadeaux-de-mariage-originaux-pour-un-couple-voyageur/ HTTP/1.1" 200 243542 "-" "meta-externalagent/1.1 (+https://developers.facebook.com/docs/sharing/webmasters/crawler)"
109.234.166.195 - - [20/Jun/2026:08:21:03 +0200] "POST /wp-cron.php?doing_wp_cron=1781936463.3148601055145263671875 HTTP/1.1" 200 - "-" "WordPress/7.0; https://www.tracestudio.fr"
54.236.1.52 - - [20/Jun/2026:08:21:01 +0200] "GET /produit/affiche-personnalisee-trail-running/?attribute_couleurs=Beige%20&%20Ocre&attribute_tailles=40x50cm HTTP/1.1" 200 249362 "-" "Mozilla/5.0 (compatible; Pinterestbot/1.0; +http://www.pinterest.com/bot.html)"
199.244.88.222 - - [20/Jun/2026:08:30:14 +0200] "GET /wp-content/uploads/2025/10/Monogramme-TRACE-STUDIO-100x100.png HTTP/1.1" 200 3291 "-" "Mozilla/5.0 (Macintosh; Intel Mac OS X 10_15_7) AppleWebKit/537.36 (KHTML, like Gecko) Chrome/120.0.0.0 Safari/537.36"
199.244.88.222 - - [20/Jun/2026:08:30:14 +0200] "GET /wp-content/uploads/2025/10/Monogramme-TRACE-STUDIO-300x300.png HTTP/1.1" 200 3391 "-" "Mozilla/5.0 (Macintosh; Intel Mac OS X 10_15_7) AppleWebKit/537.36 (KHTML, like Gecko) Chrome/120.0.0.0 Safari/537.36"
109.234.166.195 - - [20/Jun/2026:08:43:19 +0200] "POST /wp-cron.php?doing_wp_cron=1781937799.9734039306640625000000 HTTP/1.1" 200 - "-" "WordPress/7.0; https://www.tracestudio.fr"
54.236.1.11 - - [20/Jun/2026:08:43:17 +0200] "GET /produit/affiche-personnalisee-trail-running/?attribute_couleurs=Marron%20&%20Bleu&attribute_tailles=40x50cm HTTP/1.1" 200 249242 "-" "Mozilla/5.0 (compatible; Pinterestbot/1.0; +http://www.pinterest.com/bot.html)"
109.234.166.195 - - [20/Jun/2026:08:44:54 +0200] "POST /wp-cron.php?doing_wp_cron=1781937894.3600480556488037109375 HTTP/1.1" 200 - "-" "WordPress/7.0; https://www.tracestudio.fr"
54.236.1.53 - - [20/Jun/2026:08:44:52 +0200] "GET /produit/affiche-personnalisee-gr20-corse/?attribute_couleurs=Vert%20relief&attribute_tailles=30x40cm HTTP/1.1" 200 252581 "-" "Mozilla/5.0 (compatible; Pinterestbot/1.0; +http://www.pinterest.com/bot.html)"
165.232.118.136 - - [20/Jun/2026:08:47:35 +0200] "GET / HTTP/1.1" 200 355019 "-" "Mozilla/5.0 (X11; Linux x86_64) AppleWebKit/537.36 (KHTML, like Gecko) Chrome/142.0.0.0 Safari/537.36"
165.232.118.136 - - [20/Jun/2026:08:47:38 +0200] "GET /wp-content/uploads/2025/10/Monogramme-TRACE-STUDIO-100x100.png HTTP/1.1" 200 3291 "https://www.tracestudio.fr/" "Mozilla/5.0 (X11; Linux x86_64) AppleWebKit/537.36 (KHTML, like Gecko) Chrome/142.0.0.0 Safari/537.36"
109.234.166.195 - - [20/Jun/2026:08:51:10 +0200] "POST /wp-cron.php?doing_wp_cron=1781938270.2788329124450683593750 HTTP/1.1" 200 - "-" "WordPress/7.0; https://www.tracestudio.fr"
54.236.1.11 - - [20/Jun/2026:08:51:07 +0200] "GET /produit/affiche-personnalisee-gr20-corse/?attribute_couleurs=Beige%20relief%20Ocre&attribute_tailles=40x50cm HTTP/1.1" 200 252518 "-" "Mozilla/5.0 (compatible; Pinterestbot/1.0; +http://www.pinterest.com/bot.html)"
109.234.166.195 - - [20/Jun/2026:08:59:12 +0200] "POST /wp-cron.php?doing_wp_cron=1781938752.4054729938507080078125 HTTP/1.1" 200 - "-" "WordPress/7.0; https://www.tracestudio.fr"
173.252.70.42 - - [20/Jun/2026:08:59:11 +0200] "GET /robots.txt HTTP/1.1" 200 374 "-" "facebookexternalhit/1.1 (+http://www.facebook.com/externalhit_uatext.php)"
109.234.166.195 - - [20/Jun/2026:09:00:48 +0200] "POST /wp-cron.php?doing_wp_cron=1781938848.7690179347991943359375 HTTP/1.1" 200 - "-" "WordPress/7.0; https://www.tracestudio.fr"
54.236.1.11 - - [20/Jun/2026:09:00:45 +0200] "GET /produit/affiche-tmb-tour-du-mont-blanc/?attribute_couleurs=Vert%20relief&attribute_tailles=45x60cm HTTP/1.1" 200 323909 "-" "Mozilla/5.0 (compatible; Pinterestbot/1.0; +http://www.pinterest.com/bot.html)"
109.234.166.195 - - [20/Jun/2026:09:04:04 +0200] "POST /wp-cron.php?doing_wp_cron=1781939044.7807500362396240234375 HTTP/1.1" 200 - "-" "WordPress/7.0; https://www.tracestudio.fr"
66.249.93.100 - - [20/Jun/2026:09:04:04 +0200] "GET /.well-known/traffic-advice HTTP/1.1" 404 205569 "-" "Chrome Privacy Preserving Prefetch Proxy"
162.120.188.135 - - [20/Jun/2026:09:04:04 +0200] "GET /2026/04/21/9-idees-de-cadeaux-de-mariage-originaux-pour-un-couple-voyageur/ HTTP/1.1" 301 - "https://www.google.com/" "Mozilla/5.0 (X11; Linux x86_64) AppleWebKit/537.36 (KHTML, like Gecko) Chrome/148.0.0.0 Safari/537.36"
162.120.188.135 - - [20/Jun/2026:09:04:04 +0200] "GET /blog/9-idees-de-cadeaux-de-mariage-originaux-pour-un-couple-voyageur/ HTTP/1.1" 200 243542 "https://www.google.com/" "Mozilla/5.0 (X11; Linux x86_64) AppleWebKit/537.36 (KHTML, like Gecko) Chrome/148.0.0.0 Safari/537.36"
109.234.166.195 - - [20/Jun/2026:09:14:25 +0200] "POST /wp-cron.php?doing_wp_cron=1781939665.5915749073028564453125 HTTP/1.1" 200 - "-" "WordPress/7.0; https://www.tracestudio.fr"
109.234.166.195 - - [20/Jun/2026:09:14:25 +0200] "POST /wp-cron.php?doing_wp_cron=1781939665.7242169380187988281250 HTTP/1.1" 200 - "-" "WordPress/7.0; https://www.tracestudio.fr"
185.191.171.1 - - [20/Jun/2026:09:14:25 +0200] "GET /robots.txt HTTP/1.1" 200 374 "-" "Mozilla/5.0 (compatible; SemrushBot/7~bl; +http://www.semrush.com/bot.html)"
185.191.171.6 - - [20/Jun/2026:09:14:26 +0200] "GET /cartes-personnalisees/cartes-defi-sportif-trail/ HTTP/1.1" 200 228732 "-" "Mozilla/5.0 (compatible; SemrushBot/7~bl; +http://www.semrush.com/bot.html)"
109.234.166.195 - - [20/Jun/2026:09:16:46 +0200] "POST /wp-cron.php?doing_wp_cron=1781939806.2606790065765380859375 HTTP/1.1" 200 - "-" "WordPress/7.0; https://www.tracestudio.fr"
54.236.1.13 - - [20/Jun/2026:09:16:44 +0200] "GET /produit/formule-aventure/?attribute_nombre-detapes=Jusqu'%C3%A0%2020%20%C3%A9tapes&attribute_anecdotes=Unie&attribute_impression=40x50cm HTTP/1.1" 200 312378 "-" "Mozilla/5.0 (compatible; Pinterestbot/1.0; +http://www.pinterest.com/bot.html)"
109.234.166.195 - - [20/Jun/2026:09:16:46 +0200] "POST /koko-analytics-collect.php?test=1 HTTP/1.1" 200 - "-" "WordPress/7.0; https://www.tracestudio.fr"
40.77.167.27 - - [20/Jun/2026:09:18:41 +0200] "GET /wp-content/uploads/2026/02/Cadre-caillou-GR20-vert-2-1080x1080.png HTTP/1.1" 200 881297 "-" "Mozilla/5.0 AppleWebKit/537.36 (KHTML, like Gecko; compatible; bingbot/2.0; +http://www.bing.com/bingbot.htm) Chrome/116.0.1938.76 Safari/537.36"
109.234.166.195 - - [20/Jun/2026:09:25:24 +0200] "POST /wp-cron.php?doing_wp_cron=1781940324.4831728935241699218750 HTTP/1.1" 200 - "-" "WordPress/7.0; https://www.tracestudio.fr"
92.222.104.207 - - [20/Jun/2026:09:25:23 +0200] "GET /sitemap.xml HTTP/1.1" 200 703 "-" "Mozilla/5.0 (compatible; AhrefsBot/7.0; +http://ahrefs.com/robot/)"
176.31.139.8 - - [20/Jun/2026:09:25:25 +0200] "GET /sitemap-post-type-post.xml HTTP/1.1" 200 13045 "-" "Mozilla/5.0 (compatible; AhrefsBot/7.0; +http://ahrefs.com/robot/)"
37.59.204.141 - - [20/Jun/2026:09:25:30 +0200] "GET /sitemap-post-type-page.xml HTTP/1.1" 200 24361 "-" "Mozilla/5.0 (compatible; AhrefsBot/7.0; +http://ahrefs.com/robot/)"
51.68.247.211 - - [20/Jun/2026:09:25:35 +0200] "GET /sitemap-post-type-product.xml HTTP/1.1" 200 2667 "-" "Mozilla/5.0 (compatible; AhrefsBot/7.0; +http://ahrefs.com/robot/)"
5.39.1.245 - - [20/Jun/2026:09:25:37 +0200] "GET /sitemap-taxonomy-category.xml HTTP/1.1" 200 356 "-" "Mozilla/5.0 (compatible; AhrefsBot/7.0; +http://ahrefs.com/robot/)"
109.234.166.195 - - [20/Jun/2026:09:25:39 +0200] "POST /wp-cron.php?doing_wp_cron=1781940339.4019329547882080078125 HTTP/1.1" 200 - "-" "WordPress/7.0; https://www.tracestudio.fr"
5.39.1.241 - - [20/Jun/2026:09:25:38 +0200] "GET /sitemap-taxonomy-product_cat.xml HTTP/1.1" 200 951 "-" "Mozilla/5.0 (compatible; AhrefsBot/7.0; +http://ahrefs.com/robot/)"
109.234.166.195 - - [20/Jun/2026:09:33:12 +0200] "POST /wp-cron.php?doing_wp_cron=1781940792.4593899250030517578125 HTTP/1.1" 200 - "-" "WordPress/7.0; https://www.tracestudio.fr"
194.187.171.144 - - [20/Jun/2026:09:33:11 +0200] "GET /affiches-personnalisees-voyage HTTP/1.1" 301 - "-" "Mozilla/5.0 (compatible; Qwantbot/1.0_600186; +https://help.qwant.com/bot/)"
194.187.171.144 - - [20/Jun/2026:09:33:12 +0200] "GET /affiches-personnalisees-voyage/ HTTP/1.1" 200 305830 "https://www.tracestudio.fr/affiches-personnalisees-voyage" "Mozilla/5.0 (compatible; Qwantbot/1.0_600186; +https://help.qwant.com/bot/)"
109.234.166.195 - - [20/Jun/2026:09:37:47 +0200] "POST /wp-cron.php?doing_wp_cron=1781941067.8750669956207275390625 HTTP/1.1" 200 - "-" "WordPress/7.0; https://www.tracestudio.fr"
194.187.171.144 - - [20/Jun/2026:09:37:47 +0200] "GET /blog/comment-encadrer-ses-affiches-idees-techniques-et-inspirations HTTP/1.1" 301 - "-" "Mozilla/5.0 (compatible; Qwantbot/1.0_600111; +https://help.qwant.com/bot/)"
194.187.171.144 - - [20/Jun/2026:09:37:47 +0200] "GET /blog/comment-encadrer-ses-affiches-idees-techniques-et-inspirations/ HTTP/1.1" 200 239236 "https://www.tracestudio.fr/blog/comment-encadrer-ses-affiches-idees-techniques-et-inspirations" "Mozilla/5.0 (compatible; Qwantbot/1.0_600111; +https://help.qwant.com/bot/)"
109.234.166.195 - - [20/Jun/2026:09:40:20 +0200] "POST /wp-cron.php?doing_wp_cron=1781941220.8063440322875976562500 HTTP/1.1" 200 - "-" "WordPress/7.0; https://www.tracestudio.fr"
57.141.20.29 - - [20/Jun/2026:09:40:20 +0200] "GET /categorie-produit/affiche-personnalisee-sur-mesure/ HTTP/1.1" 200 209562 "-" "meta-externalagent/1.1 (+https://developers.facebook.com/docs/sharing/webmasters/crawler)"
109.234.166.195 - - [20/Jun/2026:09:45:39 +0200] "POST /wp-cron.php?doing_wp_cron=1781941539.1771481037139892578125 HTTP/1.1" 200 - "-" "WordPress/7.0; https://www.tracestudio.fr"
178.170.14.75 - - [20/Jun/2026:09:45:38 +0200] "GET / HTTP/1.1" 301 - "https://www.daikoz.com" "Mozilla/5.0 (Windows NT 10.0; Win64; x64; rv:149.0) Gecko/20100101 Firefox/149.0"
109.234.166.195 - - [20/Jun/2026:09:57:46 +0200] "POST /wp-cron.php?doing_wp_cron=1781942266.3826110363006591796875 HTTP/1.1" 200 - "-" "WordPress/7.0; https://www.tracestudio.fr"
67.215.237.244 - - [20/Jun/2026:09:57:45 +0200] "GET / HTTP/1.1" 301 - "-" "Mozilla/5.0 (Macintosh; Intel Mac OS X 10_15_7) AppleWebKit/537.36 (KHTML, like Gecko) Chrome/147.0.0.0 Safari/537.36"
23.94.179.91 - - [20/Jun/2026:09:57:47 +0200] "GET / HTTP/1.1" 200 355019 "-" "Mozilla/5.0 (Macintosh; Intel Mac OS X 10_15_7) AppleWebKit/537.36 (KHTML, like Gecko) Chrome/147.0.0.0 Safari/537.36"
109.234.166.195 - - [20/Jun/2026:10:06:23 +0200] "POST /wp-cron.php?doing_wp_cron=1781942783.1641519069671630859375 HTTP/1.1" 200 - "-" "WordPress/7.0; https://www.tracestudio.fr"
173.252.82.18 - - [20/Jun/2026:10:06:22 +0200] "GET /robots.txt HTTP/1.1" 200 374 "-" "facebookexternalhit/1.1 (+http://www.facebook.com/externalhit_uatext.php)"
66.249.70.2 - - [20/Jun/2026:10:07:13 +0200] "GET /wp-content/litespeed/css/1987b4ed517c9377ab6f1f0c93d80ae4.css?ver=b46e1 HTTP/1.1" 200 601364 "https://www.tracestudio.fr/blog/cadeaux-pour-voyageurs-et-aventuriers-idees-pour-immortaliser-une-aventure/" "Mozilla/5.0 (Linux; Android 6.0.1; Nexus 5X Build/MMB29P) AppleWebKit/537.36 (KHTML, like Gecko) Chrome/148.0.7778.96 Mobile Safari/537.36 (compatible; Googlebot/2.1; +http://www.google.com/bot.html)"
109.234.166.195 - - [20/Jun/2026:10:07:53 +0200] "POST /wp-cron.php?doing_wp_cron=1781942873.7771930694580078125000 HTTP/1.1" 200 - "-" "WordPress/7.0; https://www.tracestudio.fr"
54.236.1.11 - - [20/Jun/2026:10:07:51 +0200] "GET /produit/formule-aventure/?attribute_nombre-detapes=Jusqu'%C3%A0%2020%20%C3%A9tapes&attribute_anecdotes=Multi-couleur&attribute_impression=30x40cm HTTP/1.1" 200 312407 "-" "Mozilla/5.0 (compatible; Pinterestbot/1.0; +http://www.pinterest.com/bot.html)"
109.234.166.195 - - [20/Jun/2026:10:09:44 +0200] "POST /wp-cron.php?doing_wp_cron=1781942984.1747028827667236328125 HTTP/1.1" 200 - "-" "WordPress/7.0; https://www.tracestudio.fr"
54.236.1.52 - - [20/Jun/2026:10:09:41 +0200] "GET /produit/affiche-gr10-traversee-des-pyrenees/?attribute_couleurs=Bleu%20relief&attribute_taille=20x30cm HTTP/1.1" 200 296417 "-" "Mozilla/5.0 (compatible; Pinterestbot/1.0; +http://www.pinterest.com/bot.html)"
54.236.1.51 - - [20/Jun/2026:10:09:44 +0200] "GET /produit/affiche-gr10-traversee-des-pyrenees/?attribute_couleurs=Vert%20&%20Beige&attribute_taille=40x50cm HTTP/1.1" 200 296459 "-" "Mozilla/5.0 (compatible; Pinterestbot/1.0; +http://www.pinterest.com/bot.html)"
109.234.166.195 - - [20/Jun/2026:10:10:38 +0200] "POST /wp-cron.php?doing_wp_cron=1781943038.1845459938049316406250 HTTP/1.1" 200 - "-" "WordPress/7.0; https://www.tracestudio.fr"
54.236.1.51 - - [20/Jun/2026:10:10:36 +0200] "GET /produit/affiche-gr10-traversee-des-pyrenees/?attribute_couleurs=Bleu%20relief&attribute_taille=20x30cm HTTP/1.1" 200 296443 "-" "Mozilla/5.0 (compatible; Pinterestbot/1.0; +http://www.pinterest.com/bot.html)"
109.234.166.195 - - [20/Jun/2026:10:12:40 +0200] "POST /wp-cron.php?doing_wp_cron=1781943160.2376039028167724609375 HTTP/1.1" 200 - "-" "WordPress/7.0; https://www.tracestudio.fr"
54.236.1.11 - - [20/Jun/2026:10:12:38 +0200] "GET /produit/affiche-personnalisee-trail-running/ HTTP/1.1" 200 249089 "-" "Mozilla/5.0 (compatible; Pinterestbot/1.0; +http://www.pinterest.com/bot.html)"
109.234.166.195 - - [20/Jun/2026:10:15:12 +0200] "POST /wp-cron.php?doing_wp_cron=1781943312.2560749053955078125000 HTTP/1.1" 200 - "-" "WordPress/7.0; https://www.tracestudio.fr"
57.141.20.66 - - [20/Jun/2026:10:15:11 +0200] "GET /2025/12/08/pourquoi-offrir-une-carte-personnalisee-7-raisons-qui-font-la-difference/ HTTP/1.1" 301 - "-" "meta-externalagent/1.1 (+https://developers.facebook.com/docs/sharing/webmasters/crawler)"
109.234.166.195 - - [20/Jun/2026:10:16:05 +0200] "POST /wp-cron.php?doing_wp_cron=1781943365.4418330192565917968750 HTTP/1.1" 200 - "-" "WordPress/7.0; https://www.tracestudio.fr"
54.236.1.52 - - [20/Jun/2026:10:16:05 +0200] "GET /2025/12/09/idees-deco-pour-un-interieur-inspire-par-le-voyage/ HTTP/1.1" 301 - "-" "Mozilla/5.0 (compatible; Pinterestbot/1.0; +http://www.pinterest.com/bot.html)"
109.234.166.195 - - [20/Jun/2026:10:16:05 +0200] "POST /koko-analytics-collect.php?test=1 HTTP/1.1" 200 - "-" "WordPress/7.0; https://www.tracestudio.fr"
109.234.166.195 - - [20/Jun/2026:10:16:06 +0200] "POST /wp-cron.php?doing_wp_cron=1781943366.0206980705261230468750 HTTP/1.1" 200 - "-" "WordPress/7.0; https://www.tracestudio.fr"
54.236.1.52 - - [20/Jun/2026:10:16:05 +0200] "GET /blog/idees-deco-pour-un-interieur-inspire-par-le-voyage/ HTTP/1.1" 200 243385 "-" "Mozilla/5.0 (compatible; Pinterestbot/1.0; +http://www.pinterest.com/bot.html)"
54.236.1.13 - - [20/Jun/2026:10:16:11 +0200] "GET /produit/affiche-personnalisee-gr20-corse/?attribute_couleurs=Bleu%20clair&attribute_tailles=30x40cm HTTP/1.1" 200 252594 "-" "Mozilla/5.0 (compatible; Pinterestbot/1.0; +http://www.pinterest.com/bot.html)"
109.234.166.195 - - [20/Jun/2026:10:16:31 +0200] "POST /wp-cron.php?doing_wp_cron=1781943391.4490590095520019531250 HTTP/1.1" 200 - "-" "WordPress/7.0; https://www.tracestudio.fr"
54.236.1.51 - - [20/Jun/2026:10:16:29 +0200] "GET /produit/affiche-tmb-tour-du-mont-blanc/?attribute_couleurs=Vert%20relief&attribute_tailles=20x30cm HTTP/1.1" 200 323937 "-" "Mozilla/5.0 (compatible; Pinterestbot/1.0; +http://www.pinterest.com/bot.html)"
109.234.166.195 - - [20/Jun/2026:10:22:56 +0200] "POST /wp-cron.php?doing_wp_cron=1781943776.2785260677337646484375 HTTP/1.1" 200 - "-" "WordPress/7.0; https://www.tracestudio.fr"
54.236.1.11 - - [20/Jun/2026:10:22:54 +0200] "GET /produit/affiche-personnalisee-gr20-corse/?attribute_couleurs=Ocre%20relief&attribute_tailles=20x30cm HTTP/1.1" 200 252798 "-" "Mozilla/5.0 (compatible; Pinterestbot/1.0; +http://www.pinterest.com/bot.html)"
109.234.166.195 - - [20/Jun/2026:10:32:10 +0200] "POST /wp-cron.php?doing_wp_cron=1781944330.8443748950958251953125 HTTP/1.1" 200 - "-" "WordPress/7.0; https://www.tracestudio.fr"
54.236.1.54 - - [20/Jun/2026:10:32:10 +0200] "GET /produit/formule-escapade-affiche-100-personnalisee-jusqua-10-etapes-illustrees/?attribute_anecdotes=Unie&attribute_option-sportive=Sans%20l'option&attribute_impression=10%20carte%20postale%20A6 HTTP/1.1" 301 - "-" "Mozilla/5.0 (compatible; Pinterestbot/1.0; +http://www.pinterest.com/bot.html)"
54.236.1.54 - - [20/Jun/2026:10:32:10 +0200] "GET /produit/formule-voyage/ HTTP/1.1" 200 313790 "-" "Mozilla/5.0 (compatible; Pinterestbot/1.0; +http://www.pinterest.com/bot.html)"
90.167.202.224 - - [20/Jun/2026:10:33:17 +0200] "GET /wp-content/uploads/2025/11/Signature-Trace-Studio-Claire-Duwig-2.png HTTP/1.1" 200 19858 "https://mail.google.com/" "Mozilla/5.0 (Windows NT 10.0; Win64; x64) AppleWebKit/537.36 (KHTML, like Gecko) Chrome/149.0.0.0 Safari/537.36"
66.249.93.100 - - [20/Jun/2026:10:34:44 +0200] "GET /wp-content/uploads/2025/11/Signature-Trace-Studio-Claire-Duwig-2.png HTTP/1.1" 200 84669 "-" "Mozilla/5.0 (Windows NT 5.1; rv:11.0) Gecko Firefox/11.0 (via ggpht.com GoogleImageProxy)"
109.234.166.195 - - [20/Jun/2026:10:35:16 +0200] "POST /wp-cron.php?doing_wp_cron=1781944516.9265019893646240234375 HTTP/1.1" 200 - "-" "WordPress/7.0; https://www.tracestudio.fr"
54.236.1.51 - - [20/Jun/2026:10:35:13 +0200] "GET /produit/formule-aventure/?attribute_nombre-detapes=Jusqu'%C3%A0%2010%20%C3%A9tapes&attribute_anecdotes=Multi-couleur&attribute_impression=30x40cm HTTP/1.1" 200 312381 "-" "Mozilla/5.0 (compatible; Pinterestbot/1.0; +http://www.pinterest.com/bot.html)"
90.167.202.224 - - [20/Jun/2026:10:38:28 +0200] "GET /wp-content/uploads/2025/11/Signature-Trace-Studio-Claire-Duwig-2.png HTTP/1.1" 200 84669 "https://mail.google.com/" "Mozilla/5.0 (Windows NT 10.0; Win64; x64) AppleWebKit/537.36 (KHTML, like Gecko) Chrome/149.0.0.0 Safari/537.36"
90.167.202.224 - - [20/Jun/2026:10:38:28 +0200] "GET /wp-content/uploads/2025/11/Signature-Trace-Studio-Claire-Duwig-2.png HTTP/1.1" 200 84669 "https://mail.google.com/" "Mozilla/5.0 (Windows NT 10.0; Win64; x64) AppleWebKit/537.36 (KHTML, like Gecko) Chrome/149.0.0.0 Safari/537.36"
90.167.202.224 - - [20/Jun/2026:10:38:28 +0200] "GET /wp-content/uploads/2025/11/Signature-Trace-Studio-Claire-Duwig-2.png HTTP/1.1" 200 84669 "https://mail.google.com/" "Mozilla/5.0 (Windows NT 10.0; Win64; x64) AppleWebKit/537.36 (KHTML, like Gecko) Chrome/149.0.0.0 Safari/537.36"
90.167.202.224 - - [20/Jun/2026:10:38:28 +0200] "GET /wp-content/uploads/2025/11/Signature-Trace-Studio-Claire-Duwig-2.png HTTP/1.1" 200 84669 "https://mail.google.com/" "Mozilla/5.0 (Windows NT 10.0; Win64; x64) AppleWebKit/537.36 (KHTML, like Gecko) Chrome/149.0.0.0 Safari/537.36"
90.167.202.224 - - [20/Jun/2026:10:38:28 +0200] "GET /wp-content/uploads/2025/11/Signature-Trace-Studio-Claire-Duwig-2.png HTTP/1.1" 200 84669 "https://mail.google.com/" "Mozilla/5.0 (Windows NT 10.0; Win64; x64) AppleWebKit/537.36 (KHTML, like Gecko) Chrome/149.0.0.0 Safari/537.36"
90.167.202.224 - - [20/Jun/2026:10:38:28 +0200] "GET /wp-content/uploads/2025/11/Signature-Trace-Studio-Claire-Duwig-2.png HTTP/1.1" 200 84669 "https://mail.google.com/" "Mozilla/5.0 (Windows NT 10.0; Win64; x64) AppleWebKit/537.36 (KHTML, like Gecko) Chrome/149.0.0.0 Safari/537.36"
90.167.202.224 - - [20/Jun/2026:10:38:29 +0200] "GET /wp-content/uploads/2025/11/Signature-Trace-Studio-Claire-Duwig-2.png HTTP/1.1" 200 84669 "https://mail.google.com/" "Mozilla/5.0 (Windows NT 10.0; Win64; x64) AppleWebKit/537.36 (KHTML, like Gecko) Chrome/149.0.0.0 Safari/537.36"
90.167.202.224 - - [20/Jun/2026:10:38:29 +0200] "GET /wp-content/uploads/2025/11/Signature-Trace-Studio-Claire-Duwig-2.png HTTP/1.1" 200 84669 "https://mail.google.com/" "Mozilla/5.0 (Windows NT 10.0; Win64; x64) AppleWebKit/537.36 (KHTML, like Gecko) Chrome/149.0.0.0 Safari/537.36"
90.167.202.224 - - [20/Jun/2026:10:38:29 +0200] "GET /wp-content/uploads/2025/11/Signature-Trace-Studio-Claire-Duwig-2.png HTTP/1.1" 200 84669 "https://mail.google.com/" "Mozilla/5.0 (Windows NT 10.0; Win64; x64) AppleWebKit/537.36 (KHTML, like Gecko) Chrome/149.0.0.0 Safari/537.36"
90.167.202.224 - - [20/Jun/2026:10:38:29 +0200] "GET /wp-content/uploads/2025/11/Signature-Trace-Studio-Claire-Duwig-2.png HTTP/1.1" 200 84669 "https://mail.google.com/" "Mozilla/5.0 (Windows NT 10.0; Win64; x64) AppleWebKit/537.36 (KHTML, like Gecko) Chrome/149.0.0.0 Safari/537.36"
90.167.202.224 - - [20/Jun/2026:10:38:29 +0200] "GET /wp-content/uploads/2025/11/Signature-Trace-Studio-Claire-Duwig-2.png HTTP/1.1" 200 84669 "https://mail.google.com/" "Mozilla/5.0 (Windows NT 10.0; Win64; x64) AppleWebKit/537.36 (KHTML, like Gecko) Chrome/149.0.0.0 Safari/537.36"
90.167.202.224 - - [20/Jun/2026:10:38:29 +0200] "GET /wp-content/uploads/2025/11/Signature-Trace-Studio-Claire-Duwig-2.png HTTP/1.1" 200 84669 "https://mail.google.com/" "Mozilla/5.0 (Windows NT 10.0; Win64; x64) AppleWebKit/537.36 (KHTML, like Gecko) Chrome/149.0.0.0 Safari/537.36"
90.167.202.224 - - [20/Jun/2026:10:38:29 +0200] "GET /wp-content/uploads/2025/11/Signature-Trace-Studio-Claire-Duwig-2.png HTTP/1.1" 200 84669 "https://mail.google.com/" "Mozilla/5.0 (Windows NT 10.0; Win64; x64) AppleWebKit/537.36 (KHTML, like Gecko) Chrome/149.0.0.0 Safari/537.36"
90.167.202.224 - - [20/Jun/2026:10:38:29 +0200] "GET /wp-content/uploads/2025/11/Signature-Trace-Studio-Claire-Duwig-2.png HTTP/1.1" 200 84669 "https://mail.google.com/" "Mozilla/5.0 (Windows NT 10.0; Win64; x64) AppleWebKit/537.36 (KHTML, like Gecko) Chrome/149.0.0.0 Safari/537.36"
90.167.202.224 - - [20/Jun/2026:10:38:29 +0200] "GET /wp-content/uploads/2025/11/Signature-Trace-Studio-Claire-Duwig-2.png HTTP/1.1" 200 84669 "https://mail.google.com/" "Mozilla/5.0 (Windows NT 10.0; Win64; x64) AppleWebKit/537.36 (KHTML, like Gecko) Chrome/149.0.0.0 Safari/537.36"
90.167.202.224 - - [20/Jun/2026:10:38:29 +0200] "GET /wp-content/uploads/2025/11/Signature-Trace-Studio-Claire-Duwig-2.png HTTP/1.1" 200 84669 "https://mail.google.com/" "Mozilla/5.0 (Windows NT 10.0; Win64; x64) AppleWebKit/537.36 (KHTML, like Gecko) Chrome/149.0.0.0 Safari/537.36"
90.167.202.224 - - [20/Jun/2026:10:38:29 +0200] "GET /wp-content/uploads/2025/11/Signature-Trace-Studio-Claire-Duwig-2.png HTTP/1.1" 200 84669 "https://mail.google.com/" "Mozilla/5.0 (Windows NT 10.0; Win64; x64) AppleWebKit/537.36 (KHTML, like Gecko) Chrome/149.0.0.0 Safari/537.36"
90.167.202.224 - - [20/Jun/2026:10:38:29 +0200] "GET /wp-content/uploads/2025/11/Signature-Trace-Studio-Claire-Duwig-2.png HTTP/1.1" 200 84669 "https://mail.google.com/" "Mozilla/5.0 (Windows NT 10.0; Win64; x64) AppleWebKit/537.36 (KHTML, like Gecko) Chrome/149.0.0.0 Safari/537.36"
90.167.202.224 - - [20/Jun/2026:10:38:29 +0200] "GET /wp-content/uploads/2025/11/Signature-Trace-Studio-Claire-Duwig-2.png HTTP/1.1" 200 84669 "https://mail.google.com/" "Mozilla/5.0 (Windows NT 10.0; Win64; x64) AppleWebKit/537.36 (KHTML, like Gecko) Chrome/149.0.0.0 Safari/537.36"
90.167.202.224 - - [20/Jun/2026:10:38:30 +0200] "GET /wp-content/uploads/2025/11/Signature-Trace-Studio-Claire-Duwig-2.png HTTP/1.1" 200 84669 "https://mail.google.com/" "Mozilla/5.0 (Windows NT 10.0; Win64; x64) AppleWebKit/537.36 (KHTML, like Gecko) Chrome/149.0.0.0 Safari/537.36"
90.167.202.224 - - [20/Jun/2026:10:38:30 +0200] "GET /wp-content/uploads/2025/11/Signature-Trace-Studio-Claire-Duwig-2.png HTTP/1.1" 200 84669 "https://mail.google.com/" "Mozilla/5.0 (Windows NT 10.0; Win64; x64) AppleWebKit/537.36 (KHTML, like Gecko) Chrome/149.0.0.0 Safari/537.36"
90.167.202.224 - - [20/Jun/2026:10:38:30 +0200] "GET /wp-content/uploads/2025/11/Signature-Trace-Studio-Claire-Duwig-2.png HTTP/1.1" 200 84669 "https://mail.google.com/" "Mozilla/5.0 (Windows NT 10.0; Win64; x64) AppleWebKit/537.36 (KHTML, like Gecko) Chrome/149.0.0.0 Safari/537.36"
90.167.202.224 - - [20/Jun/2026:10:38:30 +0200] "GET /wp-content/uploads/2025/11/Signature-Trace-Studio-Claire-Duwig-2.png HTTP/1.1" 200 84669 "https://mail.google.com/" "Mozilla/5.0 (Windows NT 10.0; Win64; x64) AppleWebKit/537.36 (KHTML, like Gecko) Chrome/149.0.0.0 Safari/537.36"
90.167.202.224 - - [20/Jun/2026:10:38:30 +0200] "GET /wp-content/uploads/2025/11/Signature-Trace-Studio-Claire-Duwig-2.png HTTP/1.1" 200 84669 "https://mail.google.com/" "Mozilla/5.0 (Windows NT 10.0; Win64; x64) AppleWebKit/537.36 (KHTML, like Gecko) Chrome/149.0.0.0 Safari/537.36"
90.167.202.224 - - [20/Jun/2026:10:38:30 +0200] "GET /wp-content/uploads/2025/11/Signature-Trace-Studio-Claire-Duwig-2.png HTTP/1.1" 200 84669 "https://mail.google.com/" "Mozilla/5.0 (Windows NT 10.0; Win64; x64) AppleWebKit/537.36 (KHTML, like Gecko) Chrome/149.0.0.0 Safari/537.36"
90.167.202.224 - - [20/Jun/2026:10:38:30 +0200] "GET /wp-content/uploads/2025/11/Signature-Trace-Studio-Claire-Duwig-2.png HTTP/1.1" 200 84669 "https://mail.google.com/" "Mozilla/5.0 (Windows NT 10.0; Win64; x64) AppleWebKit/537.36 (KHTML, like Gecko) Chrome/149.0.0.0 Safari/537.36"
90.167.202.224 - - [20/Jun/2026:10:38:30 +0200] "GET /wp-content/uploads/2025/11/Signature-Trace-Studio-Claire-Duwig-2.png HTTP/1.1" 200 84669 "https://mail.google.com/" "Mozilla/5.0 (Windows NT 10.0; Win64; x64) AppleWebKit/537.36 (KHTML, like Gecko) Chrome/149.0.0.0 Safari/537.36"
90.167.202.224 - - [20/Jun/2026:10:38:30 +0200] "GET /wp-content/uploads/2025/11/Signature-Trace-Studio-Claire-Duwig-2.png HTTP/1.1" 200 84669 "https://mail.google.com/" "Mozilla/5.0 (Windows NT 10.0; Win64; x64) AppleWebKit/537.36 (KHTML, like Gecko) Chrome/149.0.0.0 Safari/537.36"
90.167.202.224 - - [20/Jun/2026:10:38:30 +0200] "GET /wp-content/uploads/2025/11/Signature-Trace-Studio-Claire-Duwig-2.png HTTP/1.1" 200 84669 "https://mail.google.com/" "Mozilla/5.0 (Windows NT 10.0; Win64; x64) AppleWebKit/537.36 (KHTML, like Gecko) Chrome/149.0.0.0 Safari/537.36"
90.167.202.224 - - [20/Jun/2026:10:38:30 +0200] "GET /wp-content/uploads/2025/11/Signature-Trace-Studio-Claire-Duwig-2.png HTTP/1.1" 200 84669 "https://mail.google.com/" "Mozilla/5.0 (Windows NT 10.0; Win64; x64) AppleWebKit/537.36 (KHTML, like Gecko) Chrome/149.0.0.0 Safari/537.36"
90.167.202.224 - - [20/Jun/2026:10:38:30 +0200] "GET /wp-content/uploads/2025/11/Signature-Trace-Studio-Claire-Duwig-2.png HTTP/1.1" 200 84669 "https://mail.google.com/" "Mozilla/5.0 (Windows NT 10.0; Win64; x64) AppleWebKit/537.36 (KHTML, like Gecko) Chrome/149.0.0.0 Safari/537.36"
90.167.202.224 - - [20/Jun/2026:10:38:30 +0200] "GET /wp-content/uploads/2025/11/Signature-Trace-Studio-Claire-Duwig-2.png HTTP/1.1" 200 84669 "https://mail.google.com/" "Mozilla/5.0 (Windows NT 10.0; Win64; x64) AppleWebKit/537.36 (KHTML, like Gecko) Chrome/149.0.0.0 Safari/537.36"
90.167.202.224 - - [20/Jun/2026:10:38:30 +0200] "GET /wp-content/uploads/2025/11/Signature-Trace-Studio-Claire-Duwig-2.png HTTP/1.1" 200 84669 "https://mail.google.com/" "Mozilla/5.0 (Windows NT 10.0; Win64; x64) AppleWebKit/537.36 (KHTML, like Gecko) Chrome/149.0.0.0 Safari/537.36"
90.167.202.224 - - [20/Jun/2026:10:38:31 +0200] "GET /wp-content/uploads/2025/11/Signature-Trace-Studio-Claire-Duwig-2.png HTTP/1.1" 200 84669 "https://mail.google.com/" "Mozilla/5.0 (Windows NT 10.0; Win64; x64) AppleWebKit/537.36 (KHTML, like Gecko) Chrome/149.0.0.0 Safari/537.36"
90.167.202.224 - - [20/Jun/2026:10:38:31 +0200] "GET /wp-content/uploads/2025/11/Signature-Trace-Studio-Claire-Duwig-2.png HTTP/1.1" 200 84669 "https://mail.google.com/" "Mozilla/5.0 (Windows NT 10.0; Win64; x64) AppleWebKit/537.36 (KHTML, like Gecko) Chrome/149.0.0.0 Safari/537.36"
90.167.202.224 - - [20/Jun/2026:10:38:31 +0200] "GET /wp-content/uploads/2025/11/Signature-Trace-Studio-Claire-Duwig-2.png HTTP/1.1" 200 84669 "https://mail.google.com/" "Mozilla/5.0 (Windows NT 10.0; Win64; x64) AppleWebKit/537.36 (KHTML, like Gecko) Chrome/149.0.0.0 Safari/537.36"
90.167.202.224 - - [20/Jun/2026:10:38:31 +0200] "GET /wp-content/uploads/2025/11/Signature-Trace-Studio-Claire-Duwig-2.png HTTP/1.1" 200 84669 "https://mail.google.com/" "Mozilla/5.0 (Windows NT 10.0; Win64; x64) AppleWebKit/537.36 (KHTML, like Gecko) Chrome/149.0.0.0 Safari/537.36"
90.167.202.224 - - [20/Jun/2026:10:38:31 +0200] "GET /wp-content/uploads/2025/11/Signature-Trace-Studio-Claire-Duwig-2.png HTTP/1.1" 200 84669 "https://mail.google.com/" "Mozilla/5.0 (Windows NT 10.0; Win64; x64) AppleWebKit/537.36 (KHTML, like Gecko) Chrome/149.0.0.0 Safari/537.36"
90.167.202.224 - - [20/Jun/2026:10:38:31 +0200] "GET /wp-content/uploads/2025/11/Signature-Trace-Studio-Claire-Duwig-2.png HTTP/1.1" 200 84669 "https://mail.google.com/" "Mozilla/5.0 (Windows NT 10.0; Win64; x64) AppleWebKit/537.36 (KHTML, like Gecko) Chrome/149.0.0.0 Safari/537.36"
90.167.202.224 - - [20/Jun/2026:10:38:31 +0200] "GET /wp-content/uploads/2025/11/Signature-Trace-Studio-Claire-Duwig-2.png HTTP/1.1" 200 84669 "https://mail.google.com/" "Mozilla/5.0 (Windows NT 10.0; Win64; x64) AppleWebKit/537.36 (KHTML, like Gecko) Chrome/149.0.0.0 Safari/537.36"
109.234.166.195 - - [20/Jun/2026:10:38:36 +0200] "POST /wp-cron.php?doing_wp_cron=1781944716.5423729419708251953125 HTTP/1.1" 200 - "-" "WordPress/7.0; https://www.tracestudio.fr"
85.208.96.205 - - [20/Jun/2026:10:38:36 +0200] "GET /robots.txt HTTP/1.1" 200 374 "-" "Mozilla/5.0 (compatible; SemrushBot/7~bl; +http://www.semrush.com/bot.html)"
85.208.96.211 - - [20/Jun/2026:10:38:36 +0200] "GET /blog/author/claired/ HTTP/1.1" 200 241553 "-" "Mozilla/5.0 (compatible; SemrushBot/7~bl; +http://www.semrush.com/bot.html)"
109.234.166.195 - - [20/Jun/2026:10:41:18 +0200] "POST /wp-cron.php?doing_wp_cron=1781944878.9073829650878906250000 HTTP/1.1" 200 - "-" "WordPress/7.0; https://www.tracestudio.fr"
54.236.1.13 - - [20/Jun/2026:10:41:18 +0200] "GET /2026/04/21/9-idees-de-cadeaux-de-mariage-originaux-pour-un-couple-voyageur/ HTTP/1.1" 301 - "-" "Mozilla/5.0 (compatible; Pinterestbot/1.0; +http://www.pinterest.com/bot.html)"
54.236.1.13 - - [20/Jun/2026:10:41:19 +0200] "GET /blog/9-idees-de-cadeaux-de-mariage-originaux-pour-un-couple-voyageur/ HTTP/1.1" 200 243542 "-" "Mozilla/5.0 (compatible; Pinterestbot/1.0; +http://www.pinterest.com/bot.html)"
109.234.166.195 - - [20/Jun/2026:10:44:50 +0200] "POST /wp-cron.php?doing_wp_cron=1781945090.4413650035858154296875 HTTP/1.1" 200 - "-" "WordPress/7.0; https://www.tracestudio.fr"
54.236.1.13 - - [20/Jun/2026:10:44:48 +0200] "GET /produit/affiche-personnalisee-gr20-corse/?attribute_couleurs=Vert%20relief&attribute_tailles=20x30cm HTTP/1.1" 200 252810 "-" "Mozilla/5.0 (compatible; Pinterestbot/1.0; +http://www.pinterest.com/bot.html)"
109.234.166.195 - - [20/Jun/2026:10:45:14 +0200] "POST /wp-cron.php?doing_wp_cron=1781945114.1214349269866943359375 HTTP/1.1" 200 - "-" "WordPress/7.0; https://www.tracestudio.fr"
92.222.108.115 - - [20/Jun/2026:10:45:13 +0200] "GET /sitemap.xml HTTP/1.1" 200 703 "-" "Mozilla/5.0 (compatible; AhrefsBot/7.0; +http://ahrefs.com/robot/)"
92.222.104.215 - - [20/Jun/2026:10:45:15 +0200] "GET /sitemap-post-type-post.xml HTTP/1.1" 200 13045 "-" "Mozilla/5.0 (compatible; AhrefsBot/7.0; +http://ahrefs.com/robot/)"
109.234.166.195 - - [20/Jun/2026:10:45:17 +0200] "POST /wp-cron.php?doing_wp_cron=1781945117.2648439407348632812500 HTTP/1.1" 200 - "-" "WordPress/7.0; https://www.tracestudio.fr"
5.39.1.255 - - [20/Jun/2026:10:45:16 +0200] "GET /sitemap-post-type-page.xml HTTP/1.1" 200 24361 "-" "Mozilla/5.0 (compatible; AhrefsBot/7.0; +http://ahrefs.com/robot/)"
5.39.1.233 - - [20/Jun/2026:10:45:24 +0200] "GET /sitemap-taxonomy-category.xml HTTP/1.1" 200 356 "-" "Mozilla/5.0 (compatible; AhrefsBot/7.0; +http://ahrefs.com/robot/)"
5.39.1.228 - - [20/Jun/2026:10:45:25 +0200] "GET /sitemap-taxonomy-product_cat.xml HTTP/1.1" 200 951 "-" "Mozilla/5.0 (compatible; AhrefsBot/7.0; +http://ahrefs.com/robot/)"
109.234.166.195 - - [20/Jun/2026:10:48:45 +0200] "POST /wp-cron.php?doing_wp_cron=1781945325.2992949485778808593750 HTTP/1.1" 200 - "-" "WordPress/7.0; https://www.tracestudio.fr"
85.208.96.209 - - [20/Jun/2026:10:48:44 +0200] "GET /blog/pourquoi-offrir-une-carte-personnalisee-7-raisons-qui-font-la-difference/ HTTP/1.1" 200 228181 "-" "Mozilla/5.0 (compatible; SemrushBot/7~bl; +http://www.semrush.com/bot.html)"
109.234.166.195 - - [20/Jun/2026:11:04:45 +0200] "POST /wp-cron.php?doing_wp_cron=1781946285.5598120689392089843750 HTTP/1.1" 200 - "-" "WordPress/7.0; https://www.tracestudio.fr"
54.236.1.54 - - [20/Jun/2026:11:04:43 +0200] "GET /produit/affiche-personnalisee-gr20-corse/?attribute_couleurs=Beige%20%C3%A9pur%C3%A9&attribute_tailles=40x50cm HTTP/1.1" 200 252711 "-" "Mozilla/5.0 (compatible; Pinterestbot/1.0; +http://www.pinterest.com/bot.html)"
103.47.52.154 - - [20/Jun/2026:11:05:12 +0200] "GET /robots.txt HTTP/1.1" 200 374 "-" "Googlebot"
109.234.166.195 - - [20/Jun/2026:11:07:58 +0200] "POST /wp-cron.php?doing_wp_cron=1781946478.9047551155090332031250 HTTP/1.1" 200 - "-" "WordPress/7.0; https://www.tracestudio.fr"
54.236.1.54 - - [20/Jun/2026:11:07:57 +0200] "GET /produit/affiche-gr20-traversee-de-la-corse/?attribute_couleurs=Beige%20relief&attribute_tailles=20x30cm HTTP/1.1" 200 248112 "-" "Mozilla/5.0 (compatible; Pinterestbot/1.0; +http://www.pinterest.com/bot.html)"
109.234.166.195 - - [20/Jun/2026:11:08:09 +0200] "POST /wp-cron.php?doing_wp_cron=1781946489.9490160942077636718750 HTTP/1.1" 200 - "-" "WordPress/7.0; https://www.tracestudio.fr"
82.23.215.84 - - [20/Jun/2026:11:08:09 +0200] "GET / HTTP/1.1" 200 355019 "-" "Mozilla/5.0 (compatible; Googlebot/2.1; +http://www.google.com/bot.html)"
109.234.166.195 - - [20/Jun/2026:11:09:47 +0200] "POST /wp-cron.php?doing_wp_cron=1781946587.7039070129394531250000 HTTP/1.1" 200 - "-" "WordPress/7.0; https://www.tracestudio.fr"
54.236.1.13 - - [20/Jun/2026:11:09:45 +0200] "GET /produit/bon-cadeau-affiches-personnalisees/?attribute_valeur-du-bon=50%20%E2%82%AC HTTP/1.1" 200 241644 "-" "Mozilla/5.0 (compatible; Pinterestbot/1.0; +http://www.pinterest.com/bot.html)"
40.77.167.62 - - [20/Jun/2026:11:12:05 +0200] "GET /wp-content/uploads/2026/03/Carnet-de-voyage-300x300.jpg HTTP/1.1" 200 23598 "-" "Mozilla/5.0 AppleWebKit/537.36 (KHTML, like Gecko; compatible; bingbot/2.0; +http://www.bing.com/bingbot.htm) Chrome/116.0.1938.76 Safari/537.36"
109.234.166.195 - - [20/Jun/2026:11:13:24 +0200] "POST /wp-cron.php?doing_wp_cron=1781946804.5168130397796630859375 HTTP/1.1" 200 - "-" "WordPress/7.0; https://www.tracestudio.fr"
54.236.1.54 - - [20/Jun/2026:11:13:22 +0200] "GET /produit/affiche-gr10-traversee-des-pyrenees/?attribute_couleurs=Bleu%20&%20Beige&attribute_taille=20x30cm HTTP/1.1" 200 296410 "-" "Mozilla/5.0 (compatible; Pinterestbot/1.0; +http://www.pinterest.com/bot.html)"
109.234.166.195 - - [20/Jun/2026:11:25:41 +0200] "POST /wp-cron.php?doing_wp_cron=1781947541.4864940643310546875000 HTTP/1.1" 200 - "-" "WordPress/7.0; https://www.tracestudio.fr"
109.234.166.195 - - [20/Jun/2026:11:25:43 +0200] "POST /wp-cron.php?doing_wp_cron=1781947542.9826800823211669921875 HTTP/1.1" 200 - "-" "WordPress/7.0; https://www.tracestudio.fr"
54.236.1.52 - - [20/Jun/2026:11:25:40 +0200] "GET /produit/affiche-personnalisee-gr20-corse/?attribute_couleurs=Bleu%20minimaliste&attribute_tailles=30x40cm HTTP/1.1" 200 252693 "-" "Mozilla/5.0 (compatible; Pinterestbot/1.0; +http://www.pinterest.com/bot.html)"
109.234.166.195 - - [20/Jun/2026:11:25:44 +0200] "POST /koko-analytics-collect.php?test=1 HTTP/1.1" 200 - "-" "WordPress/7.0; https://www.tracestudio.fr"
109.234.166.195 - - [20/Jun/2026:11:30:29 +0200] "POST /wp-cron.php?doing_wp_cron=1781947829.1096169948577880859375 HTTP/1.1" 200 - "-" "WordPress/7.0; https://www.tracestudio.fr"
54.236.1.54 - - [20/Jun/2026:11:30:27 +0200] "GET /produit/affiche-gr20-traversee-de-la-corse/?attribute_couleurs=Bleu%20Ocre&attribute_tailles=30x40cm HTTP/1.1" 200 248272 "-" "Mozilla/5.0 (compatible; Pinterestbot/1.0; +http://www.pinterest.com/bot.html)"
109.234.166.195 - - [20/Jun/2026:11:34:20 +0200] "POST /wp-cron.php?doing_wp_cron=1781948060.6312859058380126953125 HTTP/1.1" 200 - "-" "WordPress/7.0; https://www.tracestudio.fr"
54.236.1.52 - - [20/Jun/2026:11:34:17 +0200] "GET /produit/affiche-tmb-tour-du-mont-blanc/?attribute_couleurs=Bleu%201&attribute_tailles=45x60cm HTTP/1.1" 200 323893 "-" "Mozilla/5.0 (compatible; Pinterestbot/1.0; +http://www.pinterest.com/bot.html)"
109.234.166.195 - - [20/Jun/2026:11:40:06 +0200] "POST /wp-cron.php?doing_wp_cron=1781948406.0434451103210449218750 HTTP/1.1" 200 - "-" "WordPress/7.0; https://www.tracestudio.fr"
54.236.1.51 - - [20/Jun/2026:11:40:03 +0200] "GET /produit/affiche-gr10-traversee-des-pyrenees/?attribute_couleurs=Bleu%20relief&attribute_taille=30x40cm HTTP/1.1" 200 296440 "-" "Mozilla/5.0 (compatible; Pinterestbot/1.0; +http://www.pinterest.com/bot.html)"
109.234.166.195 - - [20/Jun/2026:11:41:31 +0200] "POST /wp-cron.php?doing_wp_cron=1781948491.6267349720001220703125 HTTP/1.1" 200 - "-" "WordPress/7.0; https://www.tracestudio.fr"
54.236.1.52 - - [20/Jun/2026:11:41:29 +0200] "GET /produit/formule-voyage/?attribute_nombre-detapes=Jusqu'%C3%A0%2010%20%C3%A9tapes&attribute_anecdotes=Unie&attribute_impression=10%20carte%20postale%20A6 HTTP/1.1" 200 314189 "-" "Mozilla/5.0 (compatible; Pinterestbot/1.0; +http://www.pinterest.com/bot.html)"
167.94.146.49 - - [20/Jun/2026:11:51:50 +0200] "GET / HTTP/1.1" 200 355019 "-" "Mozilla/5.0 (compatible; CensysInspect/1.1; +https://about.censys.io/)"
167.94.146.49 - - [20/Jun/2026:11:51:54 +0200] "GET /favicon.ico HTTP/1.1" 302 - "-" "Mozilla/5.0 (compatible; CensysInspect/1.1; +https://about.censys.io/)"
167.94.146.49 - - [20/Jun/2026:11:51:55 +0200] "GET /wp-content/uploads/2025/10/Monogramme-TRACE-STUDIO-100x100.png HTTP/1.1" 200 3291 "https://www.tracestudio.fr/favicon.ico" "Mozilla/5.0 (compatible; CensysInspect/1.1; +https://about.censys.io/)"
109.234.166.195 - - [20/Jun/2026:11:52:39 +0200] "POST /wp-cron.php?doing_wp_cron=1781949159.1814439296722412109375 HTTP/1.1" 200 - "-" "WordPress/7.0; https://www.tracestudio.fr"
54.236.1.53 - - [20/Jun/2026:11:52:37 +0200] "GET /produit/affiche-tmb-tour-du-mont-blanc/?attribute_couleurs=Beige%20relief&attribute_tailles=45x60cm HTTP/1.1" 200 323937 "-" "Mozilla/5.0 (compatible; Pinterestbot/1.0; +http://www.pinterest.com/bot.html)"
109.234.166.195 - - [20/Jun/2026:11:53:38 +0200] "POST /wp-cron.php?doing_wp_cron=1781949218.1669600009918212890625 HTTP/1.1" 200 - "-" "WordPress/7.0; https://www.tracestudio.fr"
54.236.1.52 - - [20/Jun/2026:11:53:35 +0200] "GET /produit/affiche-personnalisee-trail-running/?attribute_couleurs=Bleu%20&%20Blanc&attribute_tailles=30x40cm HTTP/1.1" 200 249306 "-" "Mozilla/5.0 (compatible; Pinterestbot/1.0; +http://www.pinterest.com/bot.html)"
109.234.166.195 - - [20/Jun/2026:11:53:39 +0200] "POST /wp-cron.php?doing_wp_cron=1781949219.3260819911956787109375 HTTP/1.1" 200 - "-" "WordPress/7.0; https://www.tracestudio.fr"
54.236.1.54 - - [20/Jun/2026:11:53:37 +0200] "GET /produit/affiche-tmb-tour-du-mont-blanc/?attribute_couleurs=Beige%20relief&attribute_tailles=45x60cm HTTP/1.1" 200 323939 "-" "Mozilla/5.0 (compatible; Pinterestbot/1.0; +http://www.pinterest.com/bot.html)"
109.234.166.195 - - [20/Jun/2026:11:57:14 +0200] "POST /wp-cron.php?doing_wp_cron=1781949434.5357239246368408203125 HTTP/1.1" 200 - "-" "WordPress/7.0; https://www.tracestudio.fr"
57.141.20.55 - - [20/Jun/2026:11:57:13 +0200] "GET /produit/affiche-personnalisee-trail-running/ HTTP/1.1" 200 249097 "-" "meta-externalagent/1.1 (+https://developers.facebook.com/docs/sharing/webmasters/crawler)"
57.141.20.58 - - [20/Jun/2026:11:57:49 +0200] "GET /wp-content/uploads/2026/03/Affiche-personnalisee-Trail-150x150.jpg HTTP/1.1" 200 4987 "-" "meta-externalagent/1.1 (+https://developers.facebook.com/docs/sharing/webmasters/crawler)"
109.234.166.195 - - [20/Jun/2026:12:10:11 +0200] "POST /wp-cron.php?doing_wp_cron=1781950211.3440189361572265625000 HTTP/1.1" 200 - "-" "WordPress/7.0; https://www.tracestudio.fr"
94.23.188.220 - - [20/Jun/2026:12:10:10 +0200] "GET /sitemap.xml HTTP/1.1" 200 703 "-" "Mozilla/5.0 (compatible; AhrefsBot/7.0; +http://ahrefs.com/robot/)"
109.234.166.195 - - [20/Jun/2026:12:10:22 +0200] "POST /wp-cron.php?doing_wp_cron=1781950222.4168140888214111328125 HTTP/1.1" 200 - "-" "WordPress/7.0; https://www.tracestudio.fr"
