66.249.64.224 - - [20/Jun/2026:13:17:26 +0200] "GET /?listing/20377670/ HTTP/1.1" 301 - "-" "Mozilla/5.0 (Linux; Android 6.0.1; Nexus 5X Build/MMB29P) AppleWebKit/537.36 (KHTML, like Gecko) Chrome/148.0.7778.96 Mobile Safari/537.36 (compatible; Googlebot/2.1; +http://www.google.com/bot.html)"
66.249.64.66 - - [20/Jun/2026:13:17:26 +0200] "GET /?listing%2F20377670%2F HTTP/1.1" 200 46855 "-" "Mozilla/5.0 (Linux; Android 6.0.1; Nexus 5X Build/MMB29P) AppleWebKit/537.36 (KHTML, like Gecko) Chrome/148.0.7778.96 Mobile Safari/537.36 (compatible; Googlebot/2.1; +http://www.google.com/bot.html)"
66.249.64.65 - - [20/Jun/2026:13:20:07 +0200] "GET /wp-content/themes/ClrD/css/style.css?ver=7.0 HTTP/1.1" 200 26521 "https://claireduwig.com/?listing%2F6888970%2F" "Mozilla/5.0 (Linux; Android 6.0.1; Nexus 5X Build/MMB29P) AppleWebKit/537.36 (KHTML, like Gecko) Chrome/148.0.7778.96 Mobile Safari/537.36 (compatible; Googlebot/2.1; +http://www.google.com/bot.html)"
34.134.21.141 - - [20/Jun/2026:13:23:57 +0200] "GET / HTTP/1.1" 200 46876 "http://claireduwig.com" "Mozilla/5.0 (compatible; CMS-Checker/1.0; +https://example.com)"
109.234.166.195 - - [20/Jun/2026:13:30:39 +0200] "POST /wp-cron.php?doing_wp_cron=1781955039.6565589904785156250000 HTTP/1.1" 200 - "-" "WordPress/7.0; https://claireduwig.com"
52.167.144.156 - - [20/Jun/2026:13:30:39 +0200] "GET /?listing/22400792/ HTTP/1.1" 301 - "-" "Mozilla/5.0 AppleWebKit/537.36 (KHTML, like Gecko; compatible; bingbot/2.0; +http://www.bing.com/bingbot.htm) Chrome/116.0.1938.76 Safari/537.36"
109.234.166.195 - - [20/Jun/2026:13:34:24 +0200] "POST /wp-cron.php?doing_wp_cron=1781955264.7834160327911376953125 HTTP/1.1" 200 - "-" "WordPress/7.0; https://claireduwig.com"
31.134.3.98 - - [20/Jun/2026:13:34:24 +0200] "GET /?wp_set_current_user=2&_=1781955264041037700 HTTP/1.1" 200 46855 "-" "Mozilla/5.0 (Windows NT 10.0; Win64; x64) AppleWebKit/537.36 (KHTML, like Gecko) Chrome/120.0.0.0 Safari/537.36"
109.234.166.195 - - [20/Jun/2026:13:37:04 +0200] "POST /wp-cron.php?doing_wp_cron=1781955424.2145900726318359375000 HTTP/1.1" 200 - "-" "WordPress/7.0; https://claireduwig.com"
54.37.118.76 - - [20/Jun/2026:13:37:04 +0200] "GET /?sitemap764.xml HTTP/1.1" 301 - "-" "Mozilla/5.0 (compatible; AhrefsBot/7.0; +http://ahrefs.com/robot/)"
54.37.118.76 - - [20/Jun/2026:13:37:04 +0200] "GET /?sitemap764_xml HTTP/1.1" 200 46855 "-" "Mozilla/5.0 (compatible; AhrefsBot/7.0; +http://ahrefs.com/robot/)"
109.234.166.195 - - [20/Jun/2026:13:46:46 +0200] "POST /wp-cron.php?doing_wp_cron=1781956006.6093149185180664062500 HTTP/1.1" 200 - "-" "WordPress/7.0; https://claireduwig.com"
66.249.64.226 - - [20/Jun/2026:13:46:46 +0200] "GET /?listing/4366547/ HTTP/1.1" 301 - "-" "Mozilla/5.0 (Linux; Android 6.0.1; Nexus 5X Build/MMB29P) AppleWebKit/537.36 (KHTML, like Gecko) Chrome/148.0.7778.96 Mobile Safari/537.36 (compatible; Googlebot/2.1; +http://www.google.com/bot.html)"
66.249.64.64 - - [20/Jun/2026:13:46:46 +0200] "GET /?listing%2F4366547%2F HTTP/1.1" 200 46855 "-" "Mozilla/5.0 (Linux; Android 6.0.1; Nexus 5X Build/MMB29P) AppleWebKit/537.36 (KHTML, like Gecko) Chrome/148.0.7778.96 Mobile Safari/537.36 (compatible; Googlebot/2.1; +http://www.google.com/bot.html)"
109.234.166.195 - - [20/Jun/2026:13:50:29 +0200] "POST /wp-cron.php?doing_wp_cron=1781956229.7316279411315917968750 HTTP/1.1" 200 - "-" "WordPress/7.0; https://claireduwig.com"
66.249.64.226 - - [20/Jun/2026:13:50:29 +0200] "GET /?listing/9650503/ HTTP/1.1" 301 - "-" "Mozilla/5.0 (Linux; Android 6.0.1; Nexus 5X Build/MMB29P) AppleWebKit/537.36 (KHTML, like Gecko) Chrome/148.0.7778.96 Mobile Safari/537.36 (compatible; Googlebot/2.1; +http://www.google.com/bot.html)"
66.249.64.64 - - [20/Jun/2026:13:50:30 +0200] "GET /?listing%2F9650503%2F HTTP/1.1" 200 46855 "-" "Mozilla/5.0 (Linux; Android 6.0.1; Nexus 5X Build/MMB29P) AppleWebKit/537.36 (KHTML, like Gecko) Chrome/148.0.7778.96 Mobile Safari/537.36 (compatible; Googlebot/2.1; +http://www.google.com/bot.html)"
109.234.166.195 - - [20/Jun/2026:13:55:49 +0200] "POST /wp-cron.php?doing_wp_cron=1781956549.2173221111297607421875 HTTP/1.1" 200 - "-" "WordPress/7.0; https://claireduwig.com"
66.249.64.224 - - [20/Jun/2026:13:55:49 +0200] "GET /?listing/25371536/ HTTP/1.1" 301 - "-" "Mozilla/5.0 (Linux; Android 6.0.1; Nexus 5X Build/MMB29P) AppleWebKit/537.36 (KHTML, like Gecko) Chrome/148.0.7778.96 Mobile Safari/537.36 (compatible; Googlebot/2.1; +http://www.google.com/bot.html)"
66.249.64.65 - - [20/Jun/2026:13:55:49 +0200] "GET /?listing%2F25371536%2F HTTP/1.1" 200 46855 "-" "Mozilla/5.0 (Linux; Android 6.0.1; Nexus 5X Build/MMB29P) AppleWebKit/537.36 (KHTML, like Gecko) Chrome/148.0.7778.96 Mobile Safari/537.36 (compatible; Googlebot/2.1; +http://www.google.com/bot.html)"
109.234.166.195 - - [20/Jun/2026:13:58:17 +0200] "POST /wp-cron.php?doing_wp_cron=1781956697.9834799766540527343750 HTTP/1.1" 200 - "-" "WordPress/7.0; https://claireduwig.com"
66.249.64.226 - - [20/Jun/2026:13:58:17 +0200] "GET /?listing/4671158/ HTTP/1.1" 301 - "-" "Mozilla/5.0 (Linux; Android 6.0.1; Nexus 5X Build/MMB29P) AppleWebKit/537.36 (KHTML, like Gecko) Chrome/148.0.7778.96 Mobile Safari/537.36 (compatible; Googlebot/2.1; +http://www.google.com/bot.html)"
66.249.64.66 - - [20/Jun/2026:13:58:18 +0200] "GET /?listing%2F4671158%2F HTTP/1.1" 200 46855 "-" "Mozilla/5.0 (Linux; Android 6.0.1; Nexus 5X Build/MMB29P) AppleWebKit/537.36 (KHTML, like Gecko) Chrome/148.0.7778.96 Mobile Safari/537.36 (compatible; Googlebot/2.1; +http://www.google.com/bot.html)"
34.134.21.141 - - [20/Jun/2026:13:59:11 +0200] "GET / HTTP/1.1" 200 46876 "-" "Mozilla/5.0 (Windows NT 10.0; Win64; x64) AppleWebKit/537.36 (KHTML, like Gecko) Chrome/78.0.3904.108 Safari/537.36"
34.134.21.141 - - [20/Jun/2026:13:59:12 +0200] "GET //wp-includes/wlwmanifest.xml HTTP/1.1" 301 - "-" "Mozilla/5.0 (Windows NT 10.0; Win64; x64) AppleWebKit/537.36 (KHTML, like Gecko) Chrome/78.0.3904.108 Safari/537.36"
34.134.21.141 - - [20/Jun/2026:13:59:12 +0200] "GET / HTTP/1.1" 200 46876 "-" "Mozilla/5.0 (Windows NT 10.0; Win64; x64) AppleWebKit/537.36 (KHTML, like Gecko) Chrome/78.0.3904.108 Safari/537.36"
34.134.21.141 - - [20/Jun/2026:13:59:12 +0200] "GET //?author=1 HTTP/1.1" 301 - "-" "Mozilla/5.0 (Windows NT 10.0; Win64; x64) AppleWebKit/537.36 (KHTML, like Gecko) Chrome/78.0.3904.108 Safari/537.36"
34.134.21.141 - - [20/Jun/2026:13:59:13 +0200] "GET //?author=2 HTTP/1.1" 301 - "-" "Mozilla/5.0 (Windows NT 10.0; Win64; x64) AppleWebKit/537.36 (KHTML, like Gecko) Chrome/78.0.3904.108 Safari/537.36"
34.134.21.141 - - [20/Jun/2026:13:59:13 +0200] "GET //wp-json/wp/v2/users/ HTTP/1.1" 200 872 "-" "Mozilla/5.0 (Windows NT 10.0; Win64; x64) AppleWebKit/537.36 (KHTML, like Gecko) Chrome/78.0.3904.108 Safari/537.36"
109.234.166.195 - - [20/Jun/2026:14:01:24 +0200] "POST /wp-cron.php?doing_wp_cron=1781956884.0165929794311523437500 HTTP/1.1" 200 - "-" "WordPress/7.0; https://claireduwig.com"
66.249.64.225 - - [20/Jun/2026:14:01:23 +0200] "GET /?listing/6875314/ HTTP/1.1" 301 - "-" "Mozilla/5.0 (Linux; Android 6.0.1; Nexus 5X Build/MMB29P) AppleWebKit/537.36 (KHTML, like Gecko) Chrome/148.0.7778.96 Mobile Safari/537.36 (compatible; Googlebot/2.1; +http://www.google.com/bot.html)"
66.249.64.64 - - [20/Jun/2026:14:01:24 +0200] "GET /?listing%2F6875314%2F HTTP/1.1" 200 46855 "-" "Mozilla/5.0 (Linux; Android 6.0.1; Nexus 5X Build/MMB29P) AppleWebKit/537.36 (KHTML, like Gecko) Chrome/148.0.7778.96 Mobile Safari/537.36 (compatible; Googlebot/2.1; +http://www.google.com/bot.html)"
109.234.166.195 - - [20/Jun/2026:14:05:49 +0200] "POST /wp-cron.php?doing_wp_cron=1781957149.5274620056152343750000 HTTP/1.1" 200 - "-" "WordPress/7.0; https://claireduwig.com"
66.249.64.226 - - [20/Jun/2026:14:05:49 +0200] "GET /?listing/7624125/ HTTP/1.1" 301 - "-" "Mozilla/5.0 (Linux; Android 6.0.1; Nexus 5X Build/MMB29P) AppleWebKit/537.36 (KHTML, like Gecko) Chrome/148.0.7778.96 Mobile Safari/537.36 (compatible; Googlebot/2.1; +http://www.google.com/bot.html)"
66.249.64.64 - - [20/Jun/2026:14:05:49 +0200] "GET /?listing%2F7624125%2F HTTP/1.1" 200 46855 "-" "Mozilla/5.0 (Linux; Android 6.0.1; Nexus 5X Build/MMB29P) AppleWebKit/537.36 (KHTML, like Gecko) Chrome/148.0.7778.96 Mobile Safari/537.36 (compatible; Googlebot/2.1; +http://www.google.com/bot.html)"
109.234.166.195 - - [20/Jun/2026:14:07:44 +0200] "POST /wp-cron.php?doing_wp_cron=1781957264.7949941158294677734375 HTTP/1.1" 200 - "-" "WordPress/7.0; https://claireduwig.com"
66.249.64.226 - - [20/Jun/2026:14:07:44 +0200] "GET /?listing/26468669/ HTTP/1.1" 301 - "-" "Mozilla/5.0 (Linux; Android 6.0.1; Nexus 5X Build/MMB29P) AppleWebKit/537.36 (KHTML, like Gecko) Chrome/148.0.7778.96 Mobile Safari/537.36 (compatible; Googlebot/2.1; +http://www.google.com/bot.html)"
66.249.64.65 - - [20/Jun/2026:14:07:45 +0200] "GET /?listing%2F26468669%2F HTTP/1.1" 200 46855 "-" "Mozilla/5.0 (Linux; Android 6.0.1; Nexus 5X Build/MMB29P) AppleWebKit/537.36 (KHTML, like Gecko) Chrome/148.0.7778.96 Mobile Safari/537.36 (compatible; Googlebot/2.1; +http://www.google.com/bot.html)"
109.234.166.195 - - [20/Jun/2026:14:27:02 +0200] "POST /wp-cron.php?doing_wp_cron=1781958422.2352499961853027343750 HTTP/1.1" 200 - "-" "WordPress/7.0; https://claireduwig.com"
66.249.64.225 - - [20/Jun/2026:14:27:02 +0200] "GET /?listing/23285769/ HTTP/1.1" 301 - "-" "Mozilla/5.0 (Linux; Android 6.0.1; Nexus 5X Build/MMB29P) AppleWebKit/537.36 (KHTML, like Gecko) Chrome/148.0.7778.96 Mobile Safari/537.36 (compatible; Googlebot/2.1; +http://www.google.com/bot.html)"
66.249.64.65 - - [20/Jun/2026:14:27:02 +0200] "GET /?listing%2F23285769%2F HTTP/1.1" 200 46855 "-" "Mozilla/5.0 (Linux; Android 6.0.1; Nexus 5X Build/MMB29P) AppleWebKit/537.36 (KHTML, like Gecko) Chrome/148.0.7778.96 Mobile Safari/537.36 (compatible; Googlebot/2.1; +http://www.google.com/bot.html)"
109.234.166.195 - - [20/Jun/2026:14:29:00 +0200] "POST /wp-cron.php?doing_wp_cron=1781958540.4328849315643310546875 HTTP/1.1" 200 - "-" "WordPress/7.0; https://claireduwig.com"
52.167.144.141 - - [20/Jun/2026:14:29:00 +0200] "GET /?listing/28859781/ HTTP/1.1" 301 - "-" "Mozilla/5.0 AppleWebKit/537.36 (KHTML, like Gecko; compatible; bingbot/2.0; +http://www.bing.com/bingbot.htm) Chrome/116.0.1938.76 Safari/537.36"
109.234.166.195 - - [20/Jun/2026:14:32:12 +0200] "POST /wp-cron.php?doing_wp_cron=1781958732.5845370292663574218750 HTTP/1.1" 200 - "-" "WordPress/7.0; https://claireduwig.com"
92.222.108.108 - - [20/Jun/2026:14:32:12 +0200] "GET /?sitemap642.xml HTTP/1.1" 301 - "-" "Mozilla/5.0 (compatible; AhrefsBot/7.0; +http://ahrefs.com/robot/)"
92.222.108.108 - - [20/Jun/2026:14:32:12 +0200] "GET /?sitemap642_xml HTTP/1.1" 200 46855 "-" "Mozilla/5.0 (compatible; AhrefsBot/7.0; +http://ahrefs.com/robot/)"
109.234.166.195 - - [20/Jun/2026:14:35:03 +0200] "POST /wp-cron.php?doing_wp_cron=1781958903.1677289009094238281250 HTTP/1.1" 200 - "-" "WordPress/7.0; https://claireduwig.com"
52.167.144.156 - - [20/Jun/2026:14:35:03 +0200] "GET /?listing/13520736/ HTTP/1.1" 301 - "-" "Mozilla/5.0 AppleWebKit/537.36 (KHTML, like Gecko; compatible; bingbot/2.0; +http://www.bing.com/bingbot.htm) Chrome/116.0.1938.76 Safari/537.36"
167.114.139.154 - - [20/Jun/2026:14:39:15 +0200] "GET /robots.txt HTTP/1.1" 200 1154 "-" "Mozilla/5.0 (compatible; AhrefsBot/7.0; +http://ahrefs.com/robot/)"
109.234.166.195 - - [20/Jun/2026:14:39:16 +0200] "POST /wp-cron.php?doing_wp_cron=1781959156.8095650672912597656250 HTTP/1.1" 200 - "-" "WordPress/7.0; https://claireduwig.com"
92.222.108.96 - - [20/Jun/2026:14:39:16 +0200] "GET /service/print/ HTTP/1.1" 200 29607 "-" "Mozilla/5.0 (compatible; AhrefsBot/7.0; +http://ahrefs.com/robot/)"
51.68.247.196 - - [20/Jun/2026:14:43:04 +0200] "GET /service/print/ HTTP/1.1" 200 29607 "-" "Mozilla/5.0 (compatible; AhrefsBot/7.0; +http://ahrefs.com/robot/)"
109.234.166.195 - - [20/Jun/2026:14:47:44 +0200] "POST /wp-cron.php?doing_wp_cron=1781959664.1606500148773193359375 HTTP/1.1" 200 - "-" "WordPress/7.0; https://claireduwig.com"
66.249.64.226 - - [20/Jun/2026:14:47:44 +0200] "GET /?listing/13577570/ HTTP/1.1" 301 - "-" "Mozilla/5.0 (Linux; Android 6.0.1; Nexus 5X Build/MMB29P) AppleWebKit/537.36 (KHTML, like Gecko) Chrome/148.0.7778.96 Mobile Safari/537.36 (compatible; Googlebot/2.1; +http://www.google.com/bot.html)"
66.249.64.65 - - [20/Jun/2026:14:47:44 +0200] "GET /?listing%2F13577570%2F HTTP/1.1" 200 46855 "-" "Mozilla/5.0 (Linux; Android 6.0.1; Nexus 5X Build/MMB29P) AppleWebKit/537.36 (KHTML, like Gecko) Chrome/148.0.7778.96 Mobile Safari/537.36 (compatible; Googlebot/2.1; +http://www.google.com/bot.html)"
104.196.44.210 - - [20/Jun/2026:14:52:03 +0200] "GET / HTTP/1.1" 200 46876 "http://www.claireduwig.com" "Mozilla/5.0 (compatible; CMS-Checker/1.0; +https://example.com)"
109.234.166.195 - - [20/Jun/2026:14:58:19 +0200] "POST /wp-cron.php?doing_wp_cron=1781960299.9568760395050048828125 HTTP/1.1" 200 - "-" "WordPress/7.0; https://claireduwig.com"
66.249.64.225 - - [20/Jun/2026:14:58:19 +0200] "GET /?listing/6626992/ HTTP/1.1" 301 - "-" "Mozilla/5.0 (Linux; Android 6.0.1; Nexus 5X Build/MMB29P) AppleWebKit/537.36 (KHTML, like Gecko) Chrome/148.0.7778.96 Mobile Safari/537.36 (compatible; Googlebot/2.1; +http://www.google.com/bot.html)"
66.249.64.64 - - [20/Jun/2026:14:58:21 +0200] "GET /?listing%2F6626992%2F HTTP/1.1" 200 46855 "-" "Mozilla/5.0 (Linux; Android 6.0.1; Nexus 5X Build/MMB29P) AppleWebKit/537.36 (KHTML, like Gecko) Chrome/148.0.7778.96 Mobile Safari/537.36 (compatible; Googlebot/2.1; +http://www.google.com/bot.html)"
109.234.166.195 - - [20/Jun/2026:15:03:28 +0200] "POST /wp-cron.php?doing_wp_cron=1781960608.5901460647583007812500 HTTP/1.1" 200 - "-" "WordPress/7.0; https://claireduwig.com"
94.23.188.197 - - [20/Jun/2026:15:03:28 +0200] "GET /?sitemap764.xml HTTP/1.1" 301 - "-" "Mozilla/5.0 (compatible; AhrefsBot/7.0; +http://ahrefs.com/robot/)"
94.23.188.197 - - [20/Jun/2026:15:03:28 +0200] "GET /?sitemap764_xml HTTP/1.1" 200 46855 "-" "Mozilla/5.0 (compatible; AhrefsBot/7.0; +http://ahrefs.com/robot/)"
54.86.115.253 - - [20/Jun/2026:15:06:54 +0200] "GET / HTTP/1.1" 401 36 "-" "RecordedFuture Global Inventory Crawler"
35.236.218.76 - - [20/Jun/2026:15:08:22 +0200] "GET / HTTP/1.1" 200 46876 "http://claireduwig.com" "Mozilla/5.0 (compatible; CMS-Checker/1.0; +https://example.com)"
109.234.166.195 - - [20/Jun/2026:15:10:42 +0200] "POST /wp-cron.php?doing_wp_cron=1781961042.2809050083160400390625 HTTP/1.1" 200 - "-" "WordPress/7.0; https://claireduwig.com"
66.249.64.224 - - [20/Jun/2026:15:10:42 +0200] "GET /?listing/23717525/ HTTP/1.1" 301 - "-" "Mozilla/5.0 (Linux; Android 6.0.1; Nexus 5X Build/MMB29P) AppleWebKit/537.36 (KHTML, like Gecko) Chrome/148.0.7778.96 Mobile Safari/537.36 (compatible; Googlebot/2.1; +http://www.google.com/bot.html)"
66.249.64.64 - - [20/Jun/2026:15:10:42 +0200] "GET /?listing%2F23717525%2F HTTP/1.1" 200 46855 "-" "Mozilla/5.0 (Linux; Android 6.0.1; Nexus 5X Build/MMB29P) AppleWebKit/537.36 (KHTML, like Gecko) Chrome/148.0.7778.96 Mobile Safari/537.36 (compatible; Googlebot/2.1; +http://www.google.com/bot.html)"
173.252.82.26 - - [20/Jun/2026:15:12:43 +0200] "GET /robots.txt HTTP/1.1" 200 1154 "-" "facebookexternalhit/1.1 (+http://www.facebook.com/externalhit_uatext.php)"
104.196.44.210 - - [20/Jun/2026:15:16:03 +0200] "GET / HTTP/1.1" 200 46876 "-" "Mozilla/5.0 (Windows NT 10.0; Win64; x64) AppleWebKit/537.36 (KHTML, like Gecko) Chrome/78.0.3904.108 Safari/537.36"
104.196.44.210 - - [20/Jun/2026:15:16:03 +0200] "GET //wp-includes/wlwmanifest.xml HTTP/1.1" 301 - "-" "Mozilla/5.0 (Windows NT 10.0; Win64; x64) AppleWebKit/537.36 (KHTML, like Gecko) Chrome/78.0.3904.108 Safari/537.36"
104.196.44.210 - - [20/Jun/2026:15:16:03 +0200] "GET //xmlrpc.php?rsd HTTP/1.1" 301 - "-" "Mozilla/5.0 (Windows NT 10.0; Win64; x64) AppleWebKit/537.36 (KHTML, like Gecko) Chrome/78.0.3904.108 Safari/537.36"
104.196.44.210 - - [20/Jun/2026:15:16:03 +0200] "GET //xmlrpc.php?rsd HTTP/1.1" 301 - "-" "Mozilla/5.0 (Windows NT 10.0; Win64; x64) AppleWebKit/537.36 (KHTML, like Gecko) Chrome/78.0.3904.108 Safari/537.36"
104.196.44.210 - - [20/Jun/2026:15:16:04 +0200] "GET / HTTP/1.1" 200 46876 "-" "Mozilla/5.0 (Windows NT 10.0; Win64; x64) AppleWebKit/537.36 (KHTML, like Gecko) Chrome/78.0.3904.108 Safari/537.36"
104.196.44.210 - - [20/Jun/2026:15:16:04 +0200] "GET //?author=1 HTTP/1.1" 301 - "-" "Mozilla/5.0 (Windows NT 10.0; Win64; x64) AppleWebKit/537.36 (KHTML, like Gecko) Chrome/78.0.3904.108 Safari/537.36"
104.196.44.210 - - [20/Jun/2026:15:16:04 +0200] "GET //?author=2 HTTP/1.1" 301 - "-" "Mozilla/5.0 (Windows NT 10.0; Win64; x64) AppleWebKit/537.36 (KHTML, like Gecko) Chrome/78.0.3904.108 Safari/537.36"
104.196.44.210 - - [20/Jun/2026:15:16:05 +0200] "GET //wp-json/wp/v2/users/ HTTP/1.1" 200 872 "-" "Mozilla/5.0 (Windows NT 10.0; Win64; x64) AppleWebKit/537.36 (KHTML, like Gecko) Chrome/78.0.3904.108 Safari/537.36"
104.196.44.210 - - [20/Jun/2026:15:16:05 +0200] "POST //xmlrpc.php HTTP/1.1" 301 - "-" "Mozilla/5.0 (Windows NT 10.0; Win64; x64) AppleWebKit/537.36 (KHTML, like Gecko) Chrome/78.0.3904.108 Safari/537.36"
104.196.44.210 - - [20/Jun/2026:15:16:05 +0200] "POST //xmlrpc.php HTTP/1.1" 301 - "-" "Mozilla/5.0 (Windows NT 10.0; Win64; x64) AppleWebKit/537.36 (KHTML, like Gecko) Chrome/78.0.3904.108 Safari/537.36"
31.58.51.39 - - [20/Jun/2026:15:35:58 +0200] "GET / HTTP/1.1" 200 46876 "-" "Mozilla/5.0 (Windows NT 10.0; Win64; x64) AppleWebKit/537.36 (KHTML, like Gecko) Chrome/147.0.0.0 Safari/537.36"
31.58.51.39 - - [20/Jun/2026:15:35:59 +0200] "GET / HTTP/1.1" 200 46876 "http://claireduwig.com" "Mozilla/5.0 (Macintosh; Intel Mac OS X 15_7_5) AppleWebKit/605.1.15 (KHTML, like Gecko) Version/26.0 Safari/605.1.15"
109.234.166.195 - - [20/Jun/2026:15:37:48 +0200] "POST /wp-cron.php?doing_wp_cron=1781962668.7155320644378662109375 HTTP/1.1" 200 - "-" "WordPress/7.0; https://claireduwig.com"
52.167.144.138 - - [20/Jun/2026:15:37:48 +0200] "GET /?listing/27623714/ HTTP/1.1" 301 - "-" "Mozilla/5.0 AppleWebKit/537.36 (KHTML, like Gecko; compatible; bingbot/2.0; +http://www.bing.com/bingbot.htm) Chrome/116.0.1938.76 Safari/537.36"
35.236.218.76 - - [20/Jun/2026:15:38:34 +0200] "GET / HTTP/1.1" 200 46876 "-" "Mozilla/5.0 (Windows NT 10.0; Win64; x64) AppleWebKit/537.36 (KHTML, like Gecko) Chrome/78.0.3904.108 Safari/537.36"
88.184.44.124 - - [20/Jun/2026:15:38:34 +0200] "GET /wp-content/uploads/2025/08/Logo-principal.png HTTP/1.1" 200 69798 "https://outlook.live.com/" "Mozilla/5.0 (Windows NT 10.0; Win64; x64) AppleWebKit/537.36 (KHTML, like Gecko) Chrome/149.0.0.0 Safari/537.36"
35.236.218.76 - - [20/Jun/2026:15:38:35 +0200] "GET //wp-includes/wlwmanifest.xml HTTP/1.1" 301 - "-" "Mozilla/5.0 (Windows NT 10.0; Win64; x64) AppleWebKit/537.36 (KHTML, like Gecko) Chrome/78.0.3904.108 Safari/537.36"
35.236.218.76 - - [20/Jun/2026:15:38:35 +0200] "GET / HTTP/1.1" 200 46876 "-" "Mozilla/5.0 (Windows NT 10.0; Win64; x64) AppleWebKit/537.36 (KHTML, like Gecko) Chrome/78.0.3904.108 Safari/537.36"
35.236.218.76 - - [20/Jun/2026:15:38:36 +0200] "GET //?author=1 HTTP/1.1" 301 - "-" "Mozilla/5.0 (Windows NT 10.0; Win64; x64) AppleWebKit/537.36 (KHTML, like Gecko) Chrome/78.0.3904.108 Safari/537.36"
35.236.218.76 - - [20/Jun/2026:15:38:36 +0200] "GET //?author=2 HTTP/1.1" 301 - "-" "Mozilla/5.0 (Windows NT 10.0; Win64; x64) AppleWebKit/537.36 (KHTML, like Gecko) Chrome/78.0.3904.108 Safari/537.36"
35.236.218.76 - - [20/Jun/2026:15:38:36 +0200] "GET //wp-json/wp/v2/users/ HTTP/1.1" 200 872 "-" "Mozilla/5.0 (Windows NT 10.0; Win64; x64) AppleWebKit/537.36 (KHTML, like Gecko) Chrome/78.0.3904.108 Safari/537.36"
52.167.144.233 - - [20/Jun/2026:15:39:17 +0200] "GET /?listing/19718236/ HTTP/1.1" 301 - "-" "Mozilla/5.0 AppleWebKit/537.36 (KHTML, like Gecko; compatible; bingbot/2.0; +http://www.bing.com/bingbot.htm) Chrome/116.0.1938.76 Safari/537.36"
109.234.166.195 - - [20/Jun/2026:15:45:47 +0200] "POST /wp-cron.php?doing_wp_cron=1781963147.4133210182189941406250 HTTP/1.1" 200 - "-" "WordPress/7.0; https://claireduwig.com"
66.249.64.226 - - [20/Jun/2026:15:45:47 +0200] "GET /?listing/18088070/ HTTP/1.1" 301 - "-" "Mozilla/5.0 (Linux; Android 6.0.1; Nexus 5X Build/MMB29P) AppleWebKit/537.36 (KHTML, like Gecko) Chrome/148.0.7778.96 Mobile Safari/537.36 (compatible; Googlebot/2.1; +http://www.google.com/bot.html)"
66.249.64.64 - - [20/Jun/2026:15:45:47 +0200] "GET /?listing%2F18088070%2F HTTP/1.1" 200 46855 "-" "Mozilla/5.0 (Linux; Android 6.0.1; Nexus 5X Build/MMB29P) AppleWebKit/537.36 (KHTML, like Gecko) Chrome/148.0.7778.96 Mobile Safari/537.36 (compatible; Googlebot/2.1; +http://www.google.com/bot.html)"
109.234.166.195 - - [20/Jun/2026:15:47:59 +0200] "POST /wp-cron.php?doing_wp_cron=1781963279.2216560840606689453125 HTTP/1.1" 200 - "-" "WordPress/7.0; https://claireduwig.com"
52.167.144.233 - - [20/Jun/2026:15:47:59 +0200] "GET /?listing/3894692/ HTTP/1.1" 301 - "-" "Mozilla/5.0 AppleWebKit/537.36 (KHTML, like Gecko; compatible; bingbot/2.0; +http://www.bing.com/bingbot.htm) Chrome/116.0.1938.76 Safari/537.36"
217.79.116.211 - - [20/Jun/2026:15:48:25 +0200] "GET /contact/ HTTP/1.1" 200 51940 "-" "Mozilla/5.0 (Macintosh; Intel Mac OS X 12_5) AppleWebKit/605.1.15 (KHTML, like Gecko) Version/15.4 Safari/605.1.15"
217.79.116.211 - - [20/Jun/2026:15:48:57 +0200] "GET /wp-content/plugins/contact-form-7/includes/js/index.js?ver=6.1.5 HTTP/1.1" 200 13452 "https://claireduwig.com/contact/" "Mozilla/5.0 (Macintosh; Intel Mac OS X 12_5) AppleWebKit/605.1.15 (KHTML, like Gecko) Version/15.4 Safari/605.1.15"
109.234.166.195 - - [20/Jun/2026:15:48:59 +0200] "POST /wp-cron.php?doing_wp_cron=1781963339.8180100917816162109375 HTTP/1.1" 200 - "-" "WordPress/7.0; https://claireduwig.com"
66.249.64.225 - - [20/Jun/2026:15:48:59 +0200] "GET /?listing/10350158/ HTTP/1.1" 301 - "-" "Mozilla/5.0 (Linux; Android 6.0.1; Nexus 5X Build/MMB29P) AppleWebKit/537.36 (KHTML, like Gecko) Chrome/148.0.7778.96 Mobile Safari/537.36 (compatible; Googlebot/2.1; +http://www.google.com/bot.html)"
66.249.64.65 - - [20/Jun/2026:15:49:00 +0200] "GET /?listing%2F10350158%2F HTTP/1.1" 200 46855 "-" "Mozilla/5.0 (Linux; Android 6.0.1; Nexus 5X Build/MMB29P) AppleWebKit/537.36 (KHTML, like Gecko) Chrome/148.0.7778.96 Mobile Safari/537.36 (compatible; Googlebot/2.1; +http://www.google.com/bot.html)"
89.19.34.139 - - [20/Jun/2026:15:49:22 +0200] "GET /?cart-add37139123=16211&_=1781963361122685400 HTTP/1.1" 200 46855 "-" "Mozilla/5.0 (Windows NT 10.0; Win64; x64) AppleWebKit/537.36 (KHTML, like Gecko) Chrome/120.0.0.0 Safari/537.36"
109.234.166.195 - - [20/Jun/2026:15:59:44 +0200] "POST /wp-cron.php?doing_wp_cron=1781963984.6177270412445068359375 HTTP/1.1" 200 - "-" "WordPress/7.0; https://claireduwig.com"
109.234.166.195 - - [20/Jun/2026:15:59:44 +0200] "POST /wp-cron.php?doing_wp_cron=1781963984.6177289485931396484375 HTTP/1.1" 200 - "-" "WordPress/7.0; https://claireduwig.com"
66.249.64.225 - - [20/Jun/2026:15:59:44 +0200] "GET /?listing/13263414/ HTTP/1.1" 301 - "-" "Mozilla/5.0 (Linux; Android 6.0.1; Nexus 5X Build/MMB29P) AppleWebKit/537.36 (KHTML, like Gecko) Chrome/148.0.7778.96 Mobile Safari/537.36 (compatible; Googlebot/2.1; +http://www.google.com/bot.html)"
66.249.64.225 - - [20/Jun/2026:15:59:43 +0200] "GET /?listing/6293847/ HTTP/1.1" 301 - "-" "Mozilla/5.0 (Linux; Android 6.0.1; Nexus 5X Build/MMB29P) AppleWebKit/537.36 (KHTML, like Gecko) Chrome/148.0.7778.96 Mobile Safari/537.36 (compatible; Googlebot/2.1; +http://www.google.com/bot.html)"
66.249.64.66 - - [20/Jun/2026:15:59:45 +0200] "GET /?listing%2F6293847%2F HTTP/1.1" 200 46855 "-" "Mozilla/5.0 (Linux; Android 6.0.1; Nexus 5X Build/MMB29P) AppleWebKit/537.36 (KHTML, like Gecko) Chrome/148.0.7778.96 Mobile Safari/537.36 (compatible; Googlebot/2.1; +http://www.google.com/bot.html)"
66.249.64.64 - - [20/Jun/2026:15:59:45 +0200] "GET /?listing%2F13263414%2F HTTP/1.1" 200 46855 "-" "Mozilla/5.0 (Linux; Android 6.0.1; Nexus 5X Build/MMB29P) AppleWebKit/537.36 (KHTML, like Gecko) Chrome/148.0.7778.96 Mobile Safari/537.36 (compatible; Googlebot/2.1; +http://www.google.com/bot.html)"
109.234.166.195 - - [20/Jun/2026:16:05:09 +0200] "POST /wp-cron.php?doing_wp_cron=1781964309.4909570217132568359375 HTTP/1.1" 200 - "-" "WordPress/7.0; https://claireduwig.com"
66.249.64.225 - - [20/Jun/2026:16:05:09 +0200] "GET /?listing/23877770/ HTTP/1.1" 301 - "-" "Mozilla/5.0 (Linux; Android 6.0.1; Nexus 5X Build/MMB29P) AppleWebKit/537.36 (KHTML, like Gecko) Chrome/148.0.7778.96 Mobile Safari/537.36 (compatible; Googlebot/2.1; +http://www.google.com/bot.html)"
66.249.64.64 - - [20/Jun/2026:16:05:09 +0200] "GET /?listing%2F23877770%2F HTTP/1.1" 200 46855 "-" "Mozilla/5.0 (Linux; Android 6.0.1; Nexus 5X Build/MMB29P) AppleWebKit/537.36 (KHTML, like Gecko) Chrome/148.0.7778.96 Mobile Safari/537.36 (compatible; Googlebot/2.1; +http://www.google.com/bot.html)"
109.234.166.195 - - [20/Jun/2026:16:09:39 +0200] "POST /wp-cron.php?doing_wp_cron=1781964579.5356550216674804687500 HTTP/1.1" 200 - "-" "WordPress/7.0; https://claireduwig.com"
66.249.64.226 - - [20/Jun/2026:16:09:39 +0200] "GET /?listing/24264936/ HTTP/1.1" 301 - "-" "Mozilla/5.0 (Linux; Android 6.0.1; Nexus 5X Build/MMB29P) AppleWebKit/537.36 (KHTML, like Gecko) Chrome/148.0.7778.96 Mobile Safari/537.36 (compatible; Googlebot/2.1; +http://www.google.com/bot.html)"
66.249.64.65 - - [20/Jun/2026:16:09:40 +0200] "GET /?listing%2F24264936%2F HTTP/1.1" 200 46855 "-" "Mozilla/5.0 (Linux; Android 6.0.1; Nexus 5X Build/MMB29P) AppleWebKit/537.36 (KHTML, like Gecko) Chrome/148.0.7778.96 Mobile Safari/537.36 (compatible; Googlebot/2.1; +http://www.google.com/bot.html)"
51.195.244.253 - - [20/Jun/2026:16:12:05 +0200] "GET /robots.txt HTTP/1.1" 200 1154 "-" "Mozilla/5.0 (compatible; AhrefsBot/7.0; +http://ahrefs.com/robot/)"
109.234.166.195 - - [20/Jun/2026:16:12:07 +0200] "POST /wp-cron.php?doing_wp_cron=1781964727.0479850769042968750000 HTTP/1.1" 200 - "-" "WordPress/7.0; https://claireduwig.com"
94.23.188.203 - - [20/Jun/2026:16:12:06 +0200] "GET /?sitemap642.xml HTTP/1.1" 301 - "-" "Mozilla/5.0 (compatible; AhrefsBot/7.0; +http://ahrefs.com/robot/)"
94.23.188.203 - - [20/Jun/2026:16:12:07 +0200] "GET /?sitemap642_xml HTTP/1.1" 200 46855 "-" "Mozilla/5.0 (compatible; AhrefsBot/7.0; +http://ahrefs.com/robot/)"
109.234.166.195 - - [20/Jun/2026:16:13:37 +0200] "POST /wp-cron.php?doing_wp_cron=1781964817.2064599990844726562500 HTTP/1.1" 200 - "-" "WordPress/7.0; https://claireduwig.com"
66.249.64.225 - - [20/Jun/2026:16:13:37 +0200] "GET /?listing/28121492/ HTTP/1.1" 301 - "-" "Mozilla/5.0 (Linux; Android 6.0.1; Nexus 5X Build/MMB29P) AppleWebKit/537.36 (KHTML, like Gecko) Chrome/148.0.7778.96 Mobile Safari/537.36 (compatible; Googlebot/2.1; +http://www.google.com/bot.html)"
66.249.64.65 - - [20/Jun/2026:16:13:37 +0200] "GET /?listing%2F28121492%2F HTTP/1.1" 200 46855 "-" "Mozilla/5.0 (Linux; Android 6.0.1; Nexus 5X Build/MMB29P) AppleWebKit/537.36 (KHTML, like Gecko) Chrome/148.0.7778.96 Mobile Safari/537.36 (compatible; Googlebot/2.1; +http://www.google.com/bot.html)"
109.234.166.195 - - [20/Jun/2026:16:16:34 +0200] "POST /wp-cron.php?doing_wp_cron=1781964994.0649299621582031250000 HTTP/1.1" 200 - "-" "WordPress/7.0; https://claireduwig.com"
66.249.64.225 - - [20/Jun/2026:16:16:33 +0200] "GET /?listing/5167570/ HTTP/1.1" 301 - "-" "Mozilla/5.0 (Linux; Android 6.0.1; Nexus 5X Build/MMB29P) AppleWebKit/537.36 (KHTML, like Gecko) Chrome/148.0.7778.96 Mobile Safari/537.36 (compatible; Googlebot/2.1; +http://www.google.com/bot.html)"
66.249.64.64 - - [20/Jun/2026:16:16:34 +0200] "GET /?listing%2F5167570%2F HTTP/1.1" 200 46855 "-" "Mozilla/5.0 (Linux; Android 6.0.1; Nexus 5X Build/MMB29P) AppleWebKit/537.36 (KHTML, like Gecko) Chrome/148.0.7778.96 Mobile Safari/537.36 (compatible; Googlebot/2.1; +http://www.google.com/bot.html)"
66.249.64.225 - - [20/Jun/2026:16:17:04 +0200] "GET /?listing/28960469/ HTTP/1.1" 301 - "-" "Mozilla/5.0 (Linux; Android 6.0.1; Nexus 5X Build/MMB29P) AppleWebKit/537.36 (KHTML, like Gecko) Chrome/148.0.7778.96 Mobile Safari/537.36 (compatible; Googlebot/2.1; +http://www.google.com/bot.html)"
66.249.64.65 - - [20/Jun/2026:16:17:04 +0200] "GET /?listing%2F28960469%2F HTTP/1.1" 200 46855 "-" "Mozilla/5.0 (Linux; Android 6.0.1; Nexus 5X Build/MMB29P) AppleWebKit/537.36 (KHTML, like Gecko) Chrome/148.0.7778.96 Mobile Safari/537.36 (compatible; Googlebot/2.1; +http://www.google.com/bot.html)"
109.234.166.195 - - [20/Jun/2026:16:19:02 +0200] "POST /wp-cron.php?doing_wp_cron=1781965142.0825889110565185546875 HTTP/1.1" 200 - "-" "WordPress/7.0; https://claireduwig.com"
66.249.64.226 - - [20/Jun/2026:16:19:01 +0200] "GET /?listing/20692981/ HTTP/1.1" 301 - "-" "Mozilla/5.0 (Linux; Android 6.0.1; Nexus 5X Build/MMB29P) AppleWebKit/537.36 (KHTML, like Gecko) Chrome/148.0.7778.96 Mobile Safari/537.36 (compatible; Googlebot/2.1; +http://www.google.com/bot.html)"
66.249.64.66 - - [20/Jun/2026:16:19:02 +0200] "GET /?listing%2F20692981%2F HTTP/1.1" 200 46855 "-" "Mozilla/5.0 (Linux; Android 6.0.1; Nexus 5X Build/MMB29P) AppleWebKit/537.36 (KHTML, like Gecko) Chrome/148.0.7778.96 Mobile Safari/537.36 (compatible; Googlebot/2.1; +http://www.google.com/bot.html)"
109.234.166.195 - - [20/Jun/2026:16:21:50 +0200] "POST /wp-cron.php?doing_wp_cron=1781965310.2681369781494140625000 HTTP/1.1" 200 - "-" "WordPress/7.0; https://claireduwig.com"
66.249.64.224 - - [20/Jun/2026:16:21:50 +0200] "GET /?listing/26463236/ HTTP/1.1" 301 - "-" "Mozilla/5.0 (Linux; Android 6.0.1; Nexus 5X Build/MMB29P) AppleWebKit/537.36 (KHTML, like Gecko) Chrome/148.0.7778.96 Mobile Safari/537.36 (compatible; Googlebot/2.1; +http://www.google.com/bot.html)"
66.249.64.66 - - [20/Jun/2026:16:21:50 +0200] "GET /?listing%2F26463236%2F HTTP/1.1" 200 46855 "-" "Mozilla/5.0 (Linux; Android 6.0.1; Nexus 5X Build/MMB29P) AppleWebKit/537.36 (KHTML, like Gecko) Chrome/148.0.7778.96 Mobile Safari/537.36 (compatible; Googlebot/2.1; +http://www.google.com/bot.html)"
109.234.166.195 - - [20/Jun/2026:16:23:18 +0200] "POST /wp-cron.php?doing_wp_cron=1781965398.8990390300750732421875 HTTP/1.1" 200 - "-" "WordPress/7.0; https://claireduwig.com"
66.249.64.225 - - [20/Jun/2026:16:23:18 +0200] "GET /?listing/19665469/ HTTP/1.1" 301 - "-" "Mozilla/5.0 (Linux; Android 6.0.1; Nexus 5X Build/MMB29P) AppleWebKit/537.36 (KHTML, like Gecko) Chrome/148.0.7778.96 Mobile Safari/537.36 (compatible; Googlebot/2.1; +http://www.google.com/bot.html)"
66.249.64.64 - - [20/Jun/2026:16:23:19 +0200] "GET /?listing%2F19665469%2F HTTP/1.1" 200 46855 "-" "Mozilla/5.0 (Linux; Android 6.0.1; Nexus 5X Build/MMB29P) AppleWebKit/537.36 (KHTML, like Gecko) Chrome/148.0.7778.96 Mobile Safari/537.36 (compatible; Googlebot/2.1; +http://www.google.com/bot.html)"
109.234.166.195 - - [20/Jun/2026:16:25:46 +0200] "POST /wp-cron.php?doing_wp_cron=1781965545.9823930263519287109375 HTTP/1.1" 200 - "-" "WordPress/7.0; https://claireduwig.com"
66.249.64.224 - - [20/Jun/2026:16:25:45 +0200] "GET /?listing/28067103/ HTTP/1.1" 301 - "-" "Mozilla/5.0 (Linux; Android 6.0.1; Nexus 5X Build/MMB29P) AppleWebKit/537.36 (KHTML, like Gecko) Chrome/148.0.7778.96 Mobile Safari/537.36 (compatible; Googlebot/2.1; +http://www.google.com/bot.html)"
66.249.64.64 - - [20/Jun/2026:16:25:46 +0200] "GET /?listing%2F28067103%2F HTTP/1.1" 200 46855 "-" "Mozilla/5.0 (Linux; Android 6.0.1; Nexus 5X Build/MMB29P) AppleWebKit/537.36 (KHTML, like Gecko) Chrome/148.0.7778.96 Mobile Safari/537.36 (compatible; Googlebot/2.1; +http://www.google.com/bot.html)"
109.234.166.195 - - [20/Jun/2026:16:29:15 +0200] "POST /wp-cron.php?doing_wp_cron=1781965755.1276040077209472656250 HTTP/1.1" 200 - "-" "WordPress/7.0; https://claireduwig.com"
66.249.64.225 - - [20/Jun/2026:16:29:15 +0200] "GET /?listing/15988525/ HTTP/1.1" 301 - "-" "Mozilla/5.0 (Linux; Android 6.0.1; Nexus 5X Build/MMB29P) AppleWebKit/537.36 (KHTML, like Gecko) Chrome/148.0.7778.96 Mobile Safari/537.36 (compatible; Googlebot/2.1; +http://www.google.com/bot.html)"
66.249.64.65 - - [20/Jun/2026:16:29:15 +0200] "GET /?listing%2F15988525%2F HTTP/1.1" 200 46855 "-" "Mozilla/5.0 (Linux; Android 6.0.1; Nexus 5X Build/MMB29P) AppleWebKit/537.36 (KHTML, like Gecko) Chrome/148.0.7778.96 Mobile Safari/537.36 (compatible; Googlebot/2.1; +http://www.google.com/bot.html)"
109.234.166.195 - - [20/Jun/2026:16:32:47 +0200] "POST /wp-cron.php?doing_wp_cron=1781965967.2711699008941650390625 HTTP/1.1" 200 - "-" "WordPress/7.0; https://claireduwig.com"
40.77.167.43 - - [20/Jun/2026:16:32:47 +0200] "GET /?listing/26707392/ HTTP/1.1" 301 - "-" "Mozilla/5.0 AppleWebKit/537.36 (KHTML, like Gecko; compatible; bingbot/2.0; +http://www.bing.com/bingbot.htm) Chrome/116.0.1938.76 Safari/537.36"
92.222.108.127 - - [20/Jun/2026:16:33:04 +0200] "GET /?sitemap764.xml HTTP/1.1" 301 - "-" "Mozilla/5.0 (compatible; AhrefsBot/7.0; +http://ahrefs.com/robot/)"
92.222.108.127 - - [20/Jun/2026:16:33:04 +0200] "GET /?sitemap764_xml HTTP/1.1" 200 46855 "-" "Mozilla/5.0 (compatible; AhrefsBot/7.0; +http://ahrefs.com/robot/)"
52.167.144.216 - - [20/Jun/2026:16:33:04 +0200] "GET /?listing/12898203/ HTTP/1.1" 301 - "-" "Mozilla/5.0 AppleWebKit/537.36 (KHTML, like Gecko; compatible; bingbot/2.0; +http://www.bing.com/bingbot.htm) Chrome/116.0.1938.76 Safari/537.36"
109.234.166.195 - - [20/Jun/2026:16:36:07 +0200] "POST /wp-cron.php?doing_wp_cron=1781966167.3365480899810791015625 HTTP/1.1" 200 - "-" "WordPress/7.0; https://claireduwig.com"
66.249.64.226 - - [20/Jun/2026:16:36:07 +0200] "GET /?listing/4952414/ HTTP/1.1" 301 - "-" "Mozilla/5.0 (Linux; Android 6.0.1; Nexus 5X Build/MMB29P) AppleWebKit/537.36 (KHTML, like Gecko) Chrome/148.0.7778.96 Mobile Safari/537.36 (compatible; Googlebot/2.1; +http://www.google.com/bot.html)"
66.249.64.65 - - [20/Jun/2026:16:36:07 +0200] "GET /?listing%2F4952414%2F HTTP/1.1" 200 46855 "-" "Mozilla/5.0 (Linux; Android 6.0.1; Nexus 5X Build/MMB29P) AppleWebKit/537.36 (KHTML, like Gecko) Chrome/148.0.7778.96 Mobile Safari/537.36 (compatible; Googlebot/2.1; +http://www.google.com/bot.html)"
109.234.166.195 - - [20/Jun/2026:16:39:35 +0200] "POST /wp-cron.php?doing_wp_cron=1781966375.3266921043395996093750 HTTP/1.1" 200 - "-" "WordPress/7.0; https://claireduwig.com"
66.249.64.226 - - [20/Jun/2026:16:39:35 +0200] "GET /?listing/17228003/ HTTP/1.1" 301 - "-" "Mozilla/5.0 (Linux; Android 6.0.1; Nexus 5X Build/MMB29P) AppleWebKit/537.36 (KHTML, like Gecko) Chrome/148.0.7778.96 Mobile Safari/537.36 (compatible; Googlebot/2.1; +http://www.google.com/bot.html)"
66.249.64.65 - - [20/Jun/2026:16:39:35 +0200] "GET /?listing%2F17228003%2F HTTP/1.1" 200 46855 "-" "Mozilla/5.0 (Linux; Android 6.0.1; Nexus 5X Build/MMB29P) AppleWebKit/537.36 (KHTML, like Gecko) Chrome/148.0.7778.96 Mobile Safari/537.36 (compatible; Googlebot/2.1; +http://www.google.com/bot.html)"
66.249.64.226 - - [20/Jun/2026:16:39:36 +0200] "GET /?listing/16557358/ HTTP/1.1" 301 - "-" "Mozilla/5.0 (Linux; Android 6.0.1; Nexus 5X Build/MMB29P) AppleWebKit/537.36 (KHTML, like Gecko) Chrome/148.0.7778.96 Mobile Safari/537.36 (compatible; Googlebot/2.1; +http://www.google.com/bot.html)"
66.249.64.65 - - [20/Jun/2026:16:39:36 +0200] "GET /?listing%2F16557358%2F HTTP/1.1" 200 46855 "-" "Mozilla/5.0 (Linux; Android 6.0.1; Nexus 5X Build/MMB29P) AppleWebKit/537.36 (KHTML, like Gecko) Chrome/148.0.7778.96 Mobile Safari/537.36 (compatible; Googlebot/2.1; +http://www.google.com/bot.html)"
109.234.166.195 - - [20/Jun/2026:16:40:35 +0200] "POST /wp-cron.php?doing_wp_cron=1781966435.2898359298706054687500 HTTP/1.1" 200 - "-" "WordPress/7.0; https://claireduwig.com"
66.249.64.224 - - [20/Jun/2026:16:40:35 +0200] "GET /?listing/5207214/ HTTP/1.1" 301 - "-" "Mozilla/5.0 (Linux; Android 6.0.1; Nexus 5X Build/MMB29P) AppleWebKit/537.36 (KHTML, like Gecko) Chrome/148.0.7778.96 Mobile Safari/537.36 (compatible; Googlebot/2.1; +http://www.google.com/bot.html)"
66.249.64.65 - - [20/Jun/2026:16:40:35 +0200] "GET /?listing%2F5207214%2F HTTP/1.1" 200 46855 "-" "Mozilla/5.0 (Linux; Android 6.0.1; Nexus 5X Build/MMB29P) AppleWebKit/537.36 (KHTML, like Gecko) Chrome/148.0.7778.96 Mobile Safari/537.36 (compatible; Googlebot/2.1; +http://www.google.com/bot.html)"
109.234.166.195 - - [20/Jun/2026:16:45:53 +0200] "POST /wp-cron.php?doing_wp_cron=1781966753.2296171188354492187500 HTTP/1.1" 200 - "-" "WordPress/7.0; https://claireduwig.com"
66.249.64.226 - - [20/Jun/2026:16:45:53 +0200] "GET /?listing/25672747/ HTTP/1.1" 301 - "-" "Mozilla/5.0 (Linux; Android 6.0.1; Nexus 5X Build/MMB29P) AppleWebKit/537.36 (KHTML, like Gecko) Chrome/148.0.7778.96 Mobile Safari/537.36 (compatible; Googlebot/2.1; +http://www.google.com/bot.html)"
66.249.64.65 - - [20/Jun/2026:16:45:53 +0200] "GET /?listing%2F25672747%2F HTTP/1.1" 200 46855 "-" "Mozilla/5.0 (Linux; Android 6.0.1; Nexus 5X Build/MMB29P) AppleWebKit/537.36 (KHTML, like Gecko) Chrome/148.0.7778.96 Mobile Safari/537.36 (compatible; Googlebot/2.1; +http://www.google.com/bot.html)"
109.234.166.195 - - [20/Jun/2026:16:48:44 +0200] "POST /wp-cron.php?doing_wp_cron=1781966924.0128259658813476562500 HTTP/1.1" 200 - "-" "WordPress/7.0; https://claireduwig.com"
66.249.64.226 - - [20/Jun/2026:16:48:43 +0200] "GET /?listing/25764758/ HTTP/1.1" 301 - "-" "Mozilla/5.0 (Linux; Android 6.0.1; Nexus 5X Build/MMB29P) AppleWebKit/537.36 (KHTML, like Gecko) Chrome/148.0.7778.96 Mobile Safari/537.36 (compatible; Googlebot/2.1; +http://www.google.com/bot.html)"
66.249.64.64 - - [20/Jun/2026:16:48:44 +0200] "GET /?listing%2F25764758%2F HTTP/1.1" 200 46855 "-" "Mozilla/5.0 (Linux; Android 6.0.1; Nexus 5X Build/MMB29P) AppleWebKit/537.36 (KHTML, like Gecko) Chrome/148.0.7778.96 Mobile Safari/537.36 (compatible; Googlebot/2.1; +http://www.google.com/bot.html)"
66.249.64.226 - - [20/Jun/2026:16:59:25 +0200] "GET /robots.txt HTTP/1.1" 200 1154 "-" "Mozilla/5.0 (compatible; Googlebot/2.1; +http://www.google.com/bot.html)"
109.234.166.195 - - [20/Jun/2026:16:59:25 +0200] "POST /wp-cron.php?doing_wp_cron=1781967565.1301059722900390625000 HTTP/1.1" 200 - "-" "WordPress/7.0; https://claireduwig.com"
66.249.64.224 - - [20/Jun/2026:16:59:25 +0200] "GET /?listing/7525281/ HTTP/1.1" 301 - "-" "Mozilla/5.0 (Linux; Android 6.0.1; Nexus 5X Build/MMB29P) AppleWebKit/537.36 (KHTML, like Gecko) Chrome/148.0.7778.96 Mobile Safari/537.36 (compatible; Googlebot/2.1; +http://www.google.com/bot.html)"
66.249.64.64 - - [20/Jun/2026:16:59:26 +0200] "GET /robots.txt HTTP/1.1" 200 1154 "-" "Mozilla/5.0 (compatible; Googlebot/2.1; +http://www.google.com/bot.html)"
66.249.64.64 - - [20/Jun/2026:16:59:26 +0200] "GET /?listing%2F7525281%2F HTTP/1.1" 200 46855 "-" "Mozilla/5.0 (Linux; Android 6.0.1; Nexus 5X Build/MMB29P) AppleWebKit/537.36 (KHTML, like Gecko) Chrome/148.0.7778.96 Mobile Safari/537.36 (compatible; Googlebot/2.1; +http://www.google.com/bot.html)"
109.234.166.195 - - [20/Jun/2026:17:00:10 +0200] "POST /wp-cron.php?doing_wp_cron=1781967610.1173961162567138671875 HTTP/1.1" 200 - "-" "WordPress/7.0; https://claireduwig.com"
66.249.64.224 - - [20/Jun/2026:17:00:10 +0200] "GET /?listing/16372470/ HTTP/1.1" 301 - "-" "Mozilla/5.0 (Linux; Android 6.0.1; Nexus 5X Build/MMB29P) AppleWebKit/537.36 (KHTML, like Gecko) Chrome/148.0.7778.96 Mobile Safari/537.36 (compatible; Googlebot/2.1; +http://www.google.com/bot.html)"
66.249.64.64 - - [20/Jun/2026:17:00:10 +0200] "GET /?listing%2F16372470%2F HTTP/1.1" 200 46855 "-" "Mozilla/5.0 (Linux; Android 6.0.1; Nexus 5X Build/MMB29P) AppleWebKit/537.36 (KHTML, like Gecko) Chrome/148.0.7778.96 Mobile Safari/537.36 (compatible; Googlebot/2.1; +http://www.google.com/bot.html)"
66.249.64.225 - - [20/Jun/2026:17:00:11 +0200] "GET /?listing/12312425/ HTTP/1.1" 301 - "-" "Mozilla/5.0 (Linux; Android 6.0.1; Nexus 5X Build/MMB29P) AppleWebKit/537.36 (KHTML, like Gecko) Chrome/148.0.7778.96 Mobile Safari/537.36 (compatible; Googlebot/2.1; +http://www.google.com/bot.html)"
66.249.64.66 - - [20/Jun/2026:17:00:11 +0200] "GET /?listing%2F12312425%2F HTTP/1.1" 200 46855 "-" "Mozilla/5.0 (Linux; Android 6.0.1; Nexus 5X Build/MMB29P) AppleWebKit/537.36 (KHTML, like Gecko) Chrome/148.0.7778.96 Mobile Safari/537.36 (compatible; Googlebot/2.1; +http://www.google.com/bot.html)"
💾 Save Changes
❌ Cancel