📁 File Manager Pro
v10.0.3 | PHP: 8.1.34
Server: Apache
2026-06-20 17:02:56
📂
/ (Root)
/
usr
/
local
/
apache
/
domlogs
/
xeqi7597
📍 /usr/local/apache/domlogs/xeqi7597
🔄 Refresh
✏️
Editing: claireduwigcom.xeqi7597.odns.fr-ssl_log
Read Only
162.158.123.126 - - [20/Jun/2026:00:11:33 +0200] "GET /wp-content/uploads/2025/08/Logo-principal.png HTTP/1.1" 200 69798 "-" "YahooMailProxy; https://help.yahoo.com/kb/yahoo-mail-proxy-SLN28749.html"
109.234.166.195 - - [20/Jun/2026:00:15:40 +0200] "POST /wp-cron.php?doing_wp_cron=1781907340.5645709037780761718750 HTTP/1.1" 200 - "-" "WordPress/7.0; https://claireduwig.com"
94.154.113.90 - - [20/Jun/2026:00:15:40 +0200] "GET /?wp_insert_user=3135&_=1781907339598117500 HTTP/1.1" 200 46855 "-" "Mozilla/5.0 (Windows NT 10.0; Win64; x64) AppleWebKit/537.36 (KHTML, like Gecko) Chrome/120.0.0.0 Safari/537.36"
109.234.166.195 - - [20/Jun/2026:00:18:03 +0200] "POST /wp-cron.php?doing_wp_cron=1781907483.2421429157257080078125 HTTP/1.1" 200 - "-" "WordPress/7.0; https://claireduwig.com"
95.129.101.177 - - [20/Jun/2026:00:18:03 +0200] "GET /?listing/2405269/ HTTP/1.1" 301 - "-" "Mozilla/5.0 (compatible; SpiderLing; +https://nlp.fi.muni.cz/projects/biwec/)"
95.129.101.177 - - [20/Jun/2026:00:18:03 +0200] "GET /?listing%2F2405269%2F HTTP/1.1" 200 46855 "-" "Mozilla/5.0 (compatible; SpiderLing; +https://nlp.fi.muni.cz/projects/biwec/)"
109.234.166.195 - - [20/Jun/2026:00:19:28 +0200] "POST /wp-cron.php?doing_wp_cron=1781907568.7021820545196533203125 HTTP/1.1" 200 - "-" "WordPress/7.0; https://claireduwig.com"
66.153.236.140 - - [20/Jun/2026:00:19:28 +0200] "GET /?listing/10765181/ HTTP/1.1" 301 - "-" "Mozilla/5.0 (Macintosh; Intel Mac OS X 10_15_7) AppleWebKit/537.36 (KHTML, like Gecko) Chrome/148.0.0.0 Safari/537.36"
149.56.150.16 - - [20/Jun/2026:00:20:41 +0200] "GET / HTTP/1.1" 200 46876 "-" "Mozilla/5.0 (compatible; Dataprovider.com)"
149.56.150.16 - - [20/Jun/2026:00:20:41 +0200] "GET /robots.txt HTTP/1.1" 200 1154 "-" "Mozilla/5.0 (compatible; Dataprovider.com)"
149.56.150.16 - - [20/Jun/2026:00:20:42 +0200] "GET /?sitemap.xml HTTP/1.1" 301 - "-" "Mozilla/5.0 (compatible; Dataprovider.com)"
149.56.150.16 - - [20/Jun/2026:00:20:42 +0200] "GET /?sitemap_xml HTTP/1.1" 200 46855 "https://www.claireduwig.com/?sitemap.xml" "Mozilla/5.0 (compatible; Dataprovider.com)"
149.56.150.16 - - [20/Jun/2026:00:20:43 +0200] "GET / HTTP/1.1" 200 46876 "-" "Mozilla/5.0 (compatible; Dataprovider.com)"
149.56.150.16 - - [20/Jun/2026:00:20:43 +0200] "GET /contact/ HTTP/1.1" 200 51940 "-" "Mozilla/5.0 (compatible; Dataprovider.com)"
149.56.150.16 - - [20/Jun/2026:00:20:44 +0200] "GET /mentions-legales HTTP/1.1" 301 - "-" "Mozilla/5.0 (compatible; Dataprovider.com)"
149.56.150.16 - - [20/Jun/2026:00:20:44 +0200] "GET /mentions-legales/ HTTP/1.1" 200 37543 "https://claireduwig.com/mentions-legales" "Mozilla/5.0 (compatible; Dataprovider.com)"
149.56.150.16 - - [20/Jun/2026:00:20:45 +0200] "GET /a-propos/ HTTP/1.1" 200 57696 "-" "Mozilla/5.0 (compatible; Dataprovider.com)"
149.56.150.16 - - [20/Jun/2026:00:20:46 +0200] "GET /expertises/ HTTP/1.1" 200 78038 "-" "Mozilla/5.0 (compatible; Dataprovider.com)"
149.56.150.16 - - [20/Jun/2026:00:20:47 +0200] "GET /portfolio/ HTTP/1.1" 200 30856 "-" "Mozilla/5.0 (compatible; Dataprovider.com)"
149.56.150.16 - - [20/Jun/2026:00:20:48 +0200] "GET /projet/emmanuel-bruas/ HTTP/1.1" 200 31516 "-" "Mozilla/5.0 (compatible; Dataprovider.com)"
149.56.150.16 - - [20/Jun/2026:00:20:49 +0200] "GET /projet/maison-neva/ HTTP/1.1" 200 30220 "-" "Mozilla/5.0 (compatible; Dataprovider.com)"
149.56.150.16 - - [20/Jun/2026:00:20:50 +0200] "GET /projet/trace-studio/ HTTP/1.1" 200 30874 "-" "Mozilla/5.0 (compatible; Dataprovider.com)"
149.56.150.16 - - [20/Jun/2026:00:20:51 +0200] "GET /expertise/identite-graphique/ HTTP/1.1" 200 35952 "-" "Mozilla/5.0 (compatible; Dataprovider.com)"
149.56.150.16 - - [20/Jun/2026:00:20:52 +0200] "GET /ads.txt HTTP/1.1" 404 41072 "-" "Mozilla/5.0 (compatible; Dataprovider.com)"
149.56.150.16 - - [20/Jun/2026:00:20:52 +0200] "GET / HTTP/1.1" 200 46876 "-" "Mozilla/5.0 (Linux; Android 10; SM-G981B) AppleWebKit/537.36 (KHTML, like Gecko) Chrome/80.0.3987.162 Mobile Safari/537.36"
149.56.150.16 - - [20/Jun/2026:00:20:52 +0200] "GET /llms.txt HTTP/1.1" 404 41072 "-" "Mozilla/5.0 (compatible; Dataprovider.com)"
149.56.150.16 - - [20/Jun/2026:00:20:52 +0200] "GET /security.txt HTTP/1.1" 404 41072 "-" "Mozilla/5.0 (compatible; Dataprovider.com)"
149.56.150.16 - - [20/Jun/2026:00:20:53 +0200] "GET /.well-known/security.txt HTTP/1.1" 404 41072 "-" "Mozilla/5.0 (compatible; Dataprovider.com)"
149.56.150.16 - - [20/Jun/2026:00:20:53 +0200] "GET /humans.txt HTTP/1.1" 404 41072 "-" "Mozilla/5.0 (compatible; Dataprovider.com)"
144.217.135.130 - - [20/Jun/2026:00:20:59 +0200] "GET / HTTP/1.1" 200 46876 "-" "Mozilla/5.0 (compatible; Dataprovider.com)"
144.217.135.130 - - [20/Jun/2026:00:21:00 +0200] "GET /wp-content/plugins/contact-form-7/includes/css/styles.css?ver=6.1.5 HTTP/1.1" 200 2947 "https://claireduwig.com/" "Mozilla/5.0 (compatible; Dataprovider.com)"
144.217.135.130 - - [20/Jun/2026:00:21:00 +0200] "GET /wp-content/themes/ClrD/style.css?ver=7.0 HTTP/1.1" 200 127 "https://claireduwig.com/" "Mozilla/5.0 (compatible; Dataprovider.com)"
144.217.135.130 - - [20/Jun/2026:00:21:00 +0200] "GET /wp-content/themes/ClrD/css/style.css?ver=7.0 HTTP/1.1" 200 26521 "https://claireduwig.com/" "Mozilla/5.0 (compatible; Dataprovider.com)"
144.217.135.130 - - [20/Jun/2026:00:21:00 +0200] "GET /wp-content/plugins/elementor/assets/css/frontend.min.css?ver=4.0.8 HTTP/1.1" 200 54666 "https://claireduwig.com/" "Mozilla/5.0 (compatible; Dataprovider.com)"
144.217.135.130 - - [20/Jun/2026:00:21:00 +0200] "GET /wp-content/uploads/elementor/css/post-495.css?ver=1781701213 HTTP/1.1" 200 1166 "https://claireduwig.com/" "Mozilla/5.0 (compatible; Dataprovider.com)"
144.217.135.130 - - [20/Jun/2026:00:21:00 +0200] "GET /wp-content/uploads/elementor/google-fonts/css/roboto.css?ver=1746693089 HTTP/1.1" 200 107244 "https://claireduwig.com/" "Mozilla/5.0 (compatible; Dataprovider.com)"
144.217.135.130 - - [20/Jun/2026:00:21:00 +0200] "GET /wp-content/uploads/elementor/google-fonts/css/robotoslab.css?ver=1746693092 HTTP/1.1" 200 24885 "https://claireduwig.com/" "Mozilla/5.0 (compatible; Dataprovider.com)"
144.217.135.130 - - [20/Jun/2026:00:21:00 +0200] "GET /wp-includes/js/dist/hooks.min.js?ver=7496969728ca0f95732d HTTP/1.1" 200 5015 "https://claireduwig.com/" "Mozilla/5.0 (compatible; Dataprovider.com)"
144.217.135.130 - - [20/Jun/2026:00:21:00 +0200] "GET /wp-includes/js/dist/i18n.min.js?ver=781d11515ad3d91786ec HTTP/1.1" 200 5697 "https://claireduwig.com/" "Mozilla/5.0 (compatible; Dataprovider.com)"
144.217.135.130 - - [20/Jun/2026:00:21:00 +0200] "GET /wp-content/plugins/contact-form-7/includes/swv/js/index.js?ver=6.1.5 HTTP/1.1" 200 12512 "https://claireduwig.com/" "Mozilla/5.0 (compatible; Dataprovider.com)"
144.217.135.130 - - [20/Jun/2026:00:21:00 +0200] "GET /wp-content/plugins/contact-form-7/includes/js/index.js?ver=6.1.5 HTTP/1.1" 200 13452 "https://claireduwig.com/" "Mozilla/5.0 (compatible; Dataprovider.com)"
144.217.135.130 - - [20/Jun/2026:00:21:00 +0200] "GET /wp-content/themes/ClrD/js/header.js HTTP/1.1" 200 275 "https://claireduwig.com/" "Mozilla/5.0 (compatible; Dataprovider.com)"
144.217.135.130 - - [20/Jun/2026:00:21:00 +0200] "GET /wp-content/themes/ClrD/js/recommandations.js HTTP/1.1" 200 457 "https://claireduwig.com/" "Mozilla/5.0 (compatible; Dataprovider.com)"
144.217.135.130 - - [20/Jun/2026:00:21:00 +0200] "GET /wp-content/themes/ClrD/assets/images/logo-ClrD.svg HTTP/1.1" 200 3326 "https://claireduwig.com/" "Mozilla/5.0 (compatible; Dataprovider.com)"
144.217.135.130 - - [20/Jun/2026:00:21:00 +0200] "GET /wp-content/uploads/2024/09/fondtests_Plan-de-travail-1-copie.jpg HTTP/1.1" 200 2678208 "https://claireduwig.com/" "Mozilla/5.0 (compatible; Dataprovider.com)"
144.217.135.130 - - [20/Jun/2026:00:21:00 +0200] "GET /wp-content/uploads/2024/05/claire-duwig-photo.webp HTTP/1.1" 200 32364 "https://claireduwig.com/" "Mozilla/5.0 (compatible; Dataprovider.com)"
144.217.135.130 - - [20/Jun/2026:00:21:00 +0200] "GET /wp-content/uploads/2024/05/icones_webdesign.png HTTP/1.1" 200 4477 "https://claireduwig.com/" "Mozilla/5.0 (compatible; Dataprovider.com)"
144.217.135.130 - - [20/Jun/2026:00:21:00 +0200] "GET /wp-content/uploads/2024/05/icones_identite-graphique.png HTTP/1.1" 200 4528 "https://claireduwig.com/" "Mozilla/5.0 (compatible; Dataprovider.com)"
144.217.135.130 - - [20/Jun/2026:00:21:00 +0200] "GET /wp-content/uploads/2024/05/icones_dev.png HTTP/1.1" 200 3114 "https://claireduwig.com/" "Mozilla/5.0 (compatible; Dataprovider.com)"
144.217.135.130 - - [20/Jun/2026:00:21:00 +0200] "GET /wp-content/uploads/2024/05/icones_print.png HTTP/1.1" 200 2467 "https://claireduwig.com/" "Mozilla/5.0 (compatible; Dataprovider.com)"
144.217.135.130 - - [20/Jun/2026:00:21:00 +0200] "GET /wp-content/uploads/2025/09/WE-PROTECT-YOU.webp HTTP/1.1" 200 96074 "https://claireduwig.com/" "Mozilla/5.0 (compatible; Dataprovider.com)"
144.217.135.130 - - [20/Jun/2026:00:21:00 +0200] "GET /wp-content/uploads/2025/11/projet-maison-neva-vignette.jpg HTTP/1.1" 200 72173 "https://claireduwig.com/" "Mozilla/5.0 (compatible; Dataprovider.com)"
144.217.135.130 - - [20/Jun/2026:00:21:00 +0200] "GET /wp-content/uploads/2025/11/Site-trace-studio-vignette.webp HTTP/1.1" 200 34364 "https://claireduwig.com/" "Mozilla/5.0 (compatible; Dataprovider.com)"
144.217.135.130 - - [20/Jun/2026:00:21:00 +0200] "GET /wp-content/uploads/2024/05/fond-reco-scaled.webp HTTP/1.1" 200 13896 "https://claireduwig.com/" "Mozilla/5.0 (compatible; Dataprovider.com)"
144.217.135.130 - - [20/Jun/2026:00:21:00 +0200] "GET /wp-content/themes/ClrD/assets/images/icon-contact.svg HTTP/1.1" 200 806 "https://claireduwig.com/" "Mozilla/5.0 (compatible; Dataprovider.com)"
144.217.135.130 - - [20/Jun/2026:00:21:00 +0200] "GET /wp-content/themes/ClrD/assets/images/icon-cv.svg HTTP/1.1" 200 1147 "https://claireduwig.com/" "Mozilla/5.0 (compatible; Dataprovider.com)"
144.217.135.130 - - [20/Jun/2026:00:21:00 +0200] "GET /wp-content/themes/ClrD/assets/images/icon-linkedin.svg HTTP/1.1" 200 966 "https://claireduwig.com/" "Mozilla/5.0 (compatible; Dataprovider.com)"
144.217.135.130 - - [20/Jun/2026:00:21:00 +0200] "GET /wp-content/themes/ClrD/assets/images/banniere-pattern-clair-2.webp HTTP/1.1" 200 338338 "https://claireduwig.com/wp-content/themes/ClrD/css/style.css?ver=7.0" "Mozilla/5.0 (compatible; Dataprovider.com)"
23.230.121.6 - - [20/Jun/2026:00:21:00 +0200] "GET /?listing/11672036/ HTTP/1.1" 301 - "-" "Mozilla/5.0 (Macintosh; Intel Mac OS X 10_15_7) AppleWebKit/537.36 (KHTML, like Gecko) Chrome/148.0.0.0 Safari/537.36"
144.217.135.130 - - [20/Jun/2026:00:21:00 +0200] "GET /wp-content/themes/ClrD/assets/images/banniere-pattern-clair.webp HTTP/1.1" 200 492688 "https://claireduwig.com/wp-content/themes/ClrD/css/style.css?ver=7.0" "Mozilla/5.0 (compatible; Dataprovider.com)"
144.217.135.130 - - [20/Jun/2026:00:21:01 +0200] "GET /wp-includes/js/wp-emoji-release.min.js?ver=7.0 HTTP/1.1" 200 22762 "https://claireduwig.com/" "Mozilla/5.0 (compatible; Dataprovider.com)"
144.217.135.130 - - [20/Jun/2026:00:21:02 +0200] "GET / HTTP/1.1" 301 - "-" "Mozilla/5.0 (compatible; Dataprovider.com)"
144.217.135.130 - - [20/Jun/2026:00:21:03 +0200] "GET / HTTP/1.1" 200 46876 "-" "Mozilla/5.0 (compatible; Dataprovider.com)"
144.217.135.130 - - [20/Jun/2026:00:21:04 +0200] "GET /robots.txt HTTP/1.1" 200 1154 "-" "Mozilla/5.0 (compatible; Dataprovider.com)"
144.217.135.130 - - [20/Jun/2026:00:21:04 +0200] "OPTIONS / HTTP/1.1" 200 46876 "-" "Mozilla/5.0 (compatible; Dataprovider.com)"
109.234.166.195 - - [20/Jun/2026:00:22:11 +0200] "POST /wp-cron.php?doing_wp_cron=1781907731.0833909511566162109375 HTTP/1.1" 200 - "-" "WordPress/7.0; https://claireduwig.com"
40.77.167.1 - - [20/Jun/2026:00:22:10 +0200] "GET /?sitemap543.xml HTTP/1.1" 301 - "-" "Mozilla/5.0 AppleWebKit/537.36 (KHTML, like Gecko; compatible; bingbot/2.0; +http://www.bing.com/bingbot.htm) Chrome/116.0.1938.76 Safari/537.36"
109.234.166.195 - - [20/Jun/2026:00:26:49 +0200] "POST /wp-cron.php?doing_wp_cron=1781908009.0083990097045898437500 HTTP/1.1" 200 - "-" "WordPress/7.0; https://claireduwig.com"
97.85.167.36 - - [20/Jun/2026:00:26:48 +0200] "GET /?listing/12572625/ HTTP/1.1" 301 - "-" "Mozilla/5.0 (Macintosh; Intel Mac OS X 10_15_7) AppleWebKit/537.36 (KHTML, like Gecko) Chrome/148.0.0.0 Safari/537.36"
109.234.166.195 - - [20/Jun/2026:00:27:43 +0200] "POST /wp-cron.php?doing_wp_cron=1781908063.0329179763793945312500 HTTP/1.1" 200 - "-" "WordPress/7.0; https://claireduwig.com"
95.129.101.177 - - [20/Jun/2026:00:27:42 +0200] "GET /?listing/2418892/ HTTP/1.1" 301 - "-" "Mozilla/5.0 (compatible; SpiderLing; +https://nlp.fi.muni.cz/projects/biwec/)"
95.129.101.177 - - [20/Jun/2026:00:27:43 +0200] "GET /?listing%2F2418892%2F HTTP/1.1" 200 46855 "-" "Mozilla/5.0 (compatible; SpiderLing; +https://nlp.fi.muni.cz/projects/biwec/)"
109.234.166.195 - - [20/Jun/2026:00:31:22 +0200] "POST /wp-cron.php?doing_wp_cron=1781908282.2189910411834716796875 HTTP/1.1" 200 - "-" "WordPress/7.0; https://claireduwig.com"
194.70.234.153 - - [20/Jun/2026:00:31:22 +0200] "GET /?addon_ajax_page=20129&_=1781908282006257200 HTTP/1.1" 200 46855 "-" "Mozilla/5.0 (Windows NT 10.0; Win64; x64) AppleWebKit/537.36 (KHTML, like Gecko) Chrome/120.0.0.0 Safari/537.36"
109.234.166.195 - - [20/Jun/2026:00:32:38 +0200] "POST /wp-cron.php?doing_wp_cron=1781908358.0170540809631347656250 HTTP/1.1" 200 - "-" "WordPress/7.0; https://claireduwig.com"
98.124.85.27 - - [20/Jun/2026:00:32:37 +0200] "GET /?listing/13380770/ HTTP/1.1" 301 - "-" "Mozilla/5.0 (Macintosh; Intel Mac OS X 10_15_7) AppleWebKit/537.36 (KHTML, like Gecko) Chrome/148.0.0.0 Safari/537.36"
109.234.166.195 - - [20/Jun/2026:00:37:00 +0200] "POST /wp-cron.php?doing_wp_cron=1781908620.8017981052398681640625 HTTP/1.1" 200 - "-" "WordPress/7.0; https://claireduwig.com"
23.230.121.32 - - [20/Jun/2026:00:37:00 +0200] "GET /?listing/13432558/ HTTP/1.1" 301 - "-" "Mozilla/5.0 (Macintosh; Intel Mac OS X 10_15_7) AppleWebKit/537.36 (KHTML, like Gecko) Chrome/148.0.0.0 Safari/537.36"
109.234.166.195 - - [20/Jun/2026:00:37:41 +0200] "POST /wp-cron.php?doing_wp_cron=1781908661.6976950168609619140625 HTTP/1.1" 200 - "-" "WordPress/7.0; https://claireduwig.com"
95.129.101.177 - - [20/Jun/2026:00:37:41 +0200] "GET /?listing/2423769/ HTTP/1.1" 301 - "-" "Mozilla/5.0 (compatible; SpiderLing; +https://nlp.fi.muni.cz/projects/biwec/)"
95.129.101.177 - - [20/Jun/2026:00:37:41 +0200] "GET /?listing%2F2423769%2F HTTP/1.1" 200 46855 "-" "Mozilla/5.0 (compatible; SpiderLing; +https://nlp.fi.muni.cz/projects/biwec/)"
109.234.166.195 - - [20/Jun/2026:00:39:05 +0200] "POST /wp-cron.php?doing_wp_cron=1781908745.9257249832153320312500 HTTP/1.1" 200 - "-" "WordPress/7.0; https://claireduwig.com"
40.77.167.27 - - [20/Jun/2026:00:39:05 +0200] "GET /?listing/4550214/ HTTP/1.1" 301 - "-" "Mozilla/5.0 AppleWebKit/537.36 (KHTML, like Gecko; compatible; bingbot/2.0; +http://www.bing.com/bingbot.htm) Chrome/116.0.1938.76 Safari/537.36"
109.234.166.195 - - [20/Jun/2026:00:41:35 +0200] "POST /wp-cron.php?doing_wp_cron=1781908895.4909789562225341796875 HTTP/1.1" 200 - "-" "WordPress/7.0; https://claireduwig.com"
104.164.106.27 - - [20/Jun/2026:00:41:35 +0200] "GET /?listing/14494047/ HTTP/1.1" 301 - "-" "Mozilla/5.0 (Macintosh; Intel Mac OS X 10_15_7) AppleWebKit/537.36 (KHTML, like Gecko) Chrome/148.0.0.0 Safari/537.36"
109.234.166.195 - - [20/Jun/2026:00:43:15 +0200] "POST /wp-cron.php?doing_wp_cron=1781908995.6935219764709472656250 HTTP/1.1" 200 - "-" "WordPress/7.0; https://claireduwig.com"
67.165.183.183 - - [20/Jun/2026:00:43:15 +0200] "GET /?listing/4293381/ HTTP/1.1" 301 - "-" "Mozilla/5.0 (Macintosh; Intel Mac OS X 10_15_7) AppleWebKit/537.36 (KHTML, like Gecko) Chrome/148.0.0.0 Safari/537.36"
109.234.166.195 - - [20/Jun/2026:00:45:29 +0200] "POST /wp-cron.php?doing_wp_cron=1781909129.2683529853820800781250 HTTP/1.1" 200 - "-" "WordPress/7.0; https://claireduwig.com"
104.164.106.69 - - [20/Jun/2026:00:45:29 +0200] "GET /?listing/4293381/ HTTP/1.1" 301 - "-" "Mozilla/5.0 (Macintosh; Intel Mac OS X 10_15_7) AppleWebKit/537.36 (KHTML, like Gecko) Chrome/148.0.0.0 Safari/537.36"
165.227.206.156 - - [20/Jun/2026:00:47:31 +0200] "GET / HTTP/1.1" 200 46876 "http://claireduwig.com" "Go-http-client/1.1"
109.234.166.195 - - [20/Jun/2026:00:47:32 +0200] "POST /wp-cron.php?doing_wp_cron=1781909252.5198769569396972656250 HTTP/1.1" 200 - "-" "WordPress/7.0; https://claireduwig.com"
95.129.101.177 - - [20/Jun/2026:00:47:32 +0200] "GET /?listing/2428603/ HTTP/1.1" 301 - "-" "Mozilla/5.0 (compatible; SpiderLing; +https://nlp.fi.muni.cz/projects/biwec/)"
95.129.101.177 - - [20/Jun/2026:00:47:33 +0200] "GET /?listing%2F2428603%2F HTTP/1.1" 200 46855 "-" "Mozilla/5.0 (compatible; SpiderLing; +https://nlp.fi.muni.cz/projects/biwec/)"
23.230.121.52 - - [20/Jun/2026:00:47:44 +0200] "GET /?listing/4293381/ HTTP/1.1" 301 - "-" "Mozilla/5.0 (Macintosh; Intel Mac OS X 10_15_7) AppleWebKit/537.36 (KHTML, like Gecko) Chrome/148.0.0.0 Safari/537.36"
109.234.166.195 - - [20/Jun/2026:00:50:53 +0200] "POST /wp-cron.php?doing_wp_cron=1781909453.3754830360412597656250 HTTP/1.1" 200 - "-" "WordPress/7.0; https://claireduwig.com"
23.230.121.60 - - [20/Jun/2026:00:50:53 +0200] "GET /?listing/4293381/ HTTP/1.1" 301 - "-" "Mozilla/5.0 (Macintosh; Intel Mac OS X 10_15_7) AppleWebKit/537.36 (KHTML, like Gecko) Chrome/148.0.0.0 Safari/537.36"
109.234.166.195 - - [20/Jun/2026:00:54:31 +0200] "POST /wp-cron.php?doing_wp_cron=1781909671.8720309734344482421875 HTTP/1.1" 200 - "-" "WordPress/7.0; https://claireduwig.com"
23.230.121.7 - - [20/Jun/2026:00:54:31 +0200] "GET /?listing/4293381/ HTTP/1.1" 301 - "-" "Mozilla/5.0 (Macintosh; Intel Mac OS X 10_15_7) AppleWebKit/537.36 (KHTML, like Gecko) Chrome/148.0.0.0 Safari/537.36"
109.234.166.195 - - [20/Jun/2026:00:55:49 +0200] "POST /wp-cron.php?doing_wp_cron=1781909749.7952070236206054687500 HTTP/1.1" 200 - "-" "WordPress/7.0; https://claireduwig.com"
40.77.167.63 - - [20/Jun/2026:00:55:49 +0200] "GET /?listing/6378581/ HTTP/1.1" 301 - "-" "Mozilla/5.0 AppleWebKit/537.36 (KHTML, like Gecko; compatible; bingbot/2.0; +http://www.bing.com/bingbot.htm) Chrome/116.0.1938.76 Safari/537.36"
109.234.166.195 - - [20/Jun/2026:00:56:58 +0200] "POST /wp-cron.php?doing_wp_cron=1781909818.2028930187225341796875 HTTP/1.1" 200 - "-" "WordPress/7.0; https://claireduwig.com"
95.129.101.177 - - [20/Jun/2026:00:56:58 +0200] "GET /?listing/2453003/ HTTP/1.1" 301 - "-" "Mozilla/5.0 (compatible; SpiderLing; +https://nlp.fi.muni.cz/projects/biwec/)"
95.129.101.177 - - [20/Jun/2026:00:56:58 +0200] "GET /?listing%2F2453003%2F HTTP/1.1" 200 46855 "-" "Mozilla/5.0 (compatible; SpiderLing; +https://nlp.fi.muni.cz/projects/biwec/)"
109.234.166.195 - - [20/Jun/2026:00:59:53 +0200] "POST /wp-cron.php?doing_wp_cron=1781909993.8948800563812255859375 HTTP/1.1" 200 - "-" "WordPress/7.0; https://claireduwig.com"
69.140.209.170 - - [20/Jun/2026:00:59:53 +0200] "GET /?listing/4293381/ HTTP/1.1" 301 - "-" "Mozilla/5.0 (Macintosh; Intel Mac OS X 10_15_7) AppleWebKit/537.36 (KHTML, like Gecko) Chrome/148.0.0.0 Safari/537.36"
66.249.93.192 - - [20/Jun/2026:01:03:21 +0200] "GET /wp-content/uploads/2025/08/Logo-principal.png HTTP/1.1" 200 69798 "-" "Mozilla/5.0 (Windows NT 5.1; rv:11.0) Gecko Firefox/11.0 (via ggpht.com GoogleImageProxy)"
109.234.166.195 - - [20/Jun/2026:01:03:29 +0200] "POST /wp-cron.php?doing_wp_cron=1781910209.8817470073699951171875 HTTP/1.1" 200 - "-" "WordPress/7.0; https://claireduwig.com"
23.230.121.61 - - [20/Jun/2026:01:03:29 +0200] "GET /?listing/14648681/ HTTP/1.1" 301 - "-" "Mozilla/5.0 (Macintosh; Intel Mac OS X 10_15_7) AppleWebKit/537.36 (KHTML, like Gecko) Chrome/148.0.0.0 Safari/537.36"
109.234.166.195 - - [20/Jun/2026:01:06:37 +0200] "POST /wp-cron.php?doing_wp_cron=1781910397.0365979671478271484375 HTTP/1.1" 200 - "-" "WordPress/7.0; https://claireduwig.com"
95.129.101.177 - - [20/Jun/2026:01:06:36 +0200] "GET /?listing/2460770/ HTTP/1.1" 301 - "-" "Mozilla/5.0 (compatible; SpiderLing; +https://nlp.fi.muni.cz/projects/biwec/)"
95.129.101.177 - - [20/Jun/2026:01:06:37 +0200] "GET /?listing%2F2460770%2F HTTP/1.1" 200 46855 "-" "Mozilla/5.0 (compatible; SpiderLing; +https://nlp.fi.muni.cz/projects/biwec/)"
54.37.118.74 - - [20/Jun/2026:01:07:15 +0200] "GET /?sitemap642.xml HTTP/1.1" 301 - "-" "Mozilla/5.0 (compatible; AhrefsBot/7.0; +http://ahrefs.com/robot/)"
54.37.118.74 - - [20/Jun/2026:01:07:16 +0200] "GET /?sitemap642_xml HTTP/1.1" 200 46855 "-" "Mozilla/5.0 (compatible; AhrefsBot/7.0; +http://ahrefs.com/robot/)"
109.234.166.195 - - [20/Jun/2026:01:08:51 +0200] "POST /wp-cron.php?doing_wp_cron=1781910530.9979560375213623046875 HTTP/1.1" 200 - "-" "WordPress/7.0; https://claireduwig.com"
104.164.106.35 - - [20/Jun/2026:01:08:50 +0200] "GET /?listing/4293381/ HTTP/1.1" 301 - "-" "Mozilla/5.0 (Macintosh; Intel Mac OS X 10_15_7) AppleWebKit/537.36 (KHTML, like Gecko) Chrome/148.0.0.0 Safari/537.36"
109.234.166.195 - - [20/Jun/2026:01:13:28 +0200] "POST /wp-cron.php?doing_wp_cron=1781910808.8987600803375244140625 HTTP/1.1" 200 - "-" "WordPress/7.0; https://claireduwig.com"
73.2.110.56 - - [20/Jun/2026:01:13:28 +0200] "GET /?listing/19319647/ HTTP/1.1" 301 - "-" "Mozilla/5.0 (Macintosh; Intel Mac OS X 10_15_7) AppleWebKit/537.36 (KHTML, like Gecko) Chrome/148.0.0.0 Safari/537.36"
109.234.166.195 - - [20/Jun/2026:01:16:16 +0200] "POST /wp-cron.php?doing_wp_cron=1781910976.0003829002380371093750 HTTP/1.1" 200 - "-" "WordPress/7.0; https://claireduwig.com"
95.129.101.177 - - [20/Jun/2026:01:16:15 +0200] "GET /?listing/2461736/ HTTP/1.1" 301 - "-" "Mozilla/5.0 (compatible; SpiderLing; +https://nlp.fi.muni.cz/projects/biwec/)"
95.129.101.177 - - [20/Jun/2026:01:16:16 +0200] "GET /?listing%2F2461736%2F HTTP/1.1" 200 46855 "-" "Mozilla/5.0 (compatible; SpiderLing; +https://nlp.fi.muni.cz/projects/biwec/)"
109.234.166.195 - - [20/Jun/2026:01:18:57 +0200] "POST /wp-cron.php?doing_wp_cron=1781911137.7678120136260986328125 HTTP/1.1" 200 - "-" "WordPress/7.0; https://claireduwig.com"
104.164.106.17 - - [20/Jun/2026:01:18:57 +0200] "GET /?listing/4293381/ HTTP/1.1" 301 - "-" "Mozilla/5.0 (Macintosh; Intel Mac OS X 10_15_7) AppleWebKit/537.36 (KHTML, like Gecko) Chrome/148.0.0.0 Safari/537.36"
109.234.166.195 - - [20/Jun/2026:01:22:14 +0200] "POST /wp-cron.php?doing_wp_cron=1781911334.3815059661865234375000 HTTP/1.1" 200 - "-" "WordPress/7.0; https://claireduwig.com"
98.4.166.224 - - [20/Jun/2026:01:22:14 +0200] "GET /?listing/4293381/ HTTP/1.1" 301 - "-" "Mozilla/5.0 (Macintosh; Intel Mac OS X 10_15_7) AppleWebKit/537.36 (KHTML, like Gecko) Chrome/148.0.0.0 Safari/537.36"
109.234.166.195 - - [20/Jun/2026:01:25:58 +0200] "POST /wp-cron.php?doing_wp_cron=1781911558.1227281093597412109375 HTTP/1.1" 200 - "-" "WordPress/7.0; https://claireduwig.com"
95.129.101.177 - - [20/Jun/2026:01:25:58 +0200] "GET /?listing/2463603/ HTTP/1.1" 301 - "-" "Mozilla/5.0 (compatible; SpiderLing; +https://nlp.fi.muni.cz/projects/biwec/)"
95.129.101.177 - - [20/Jun/2026:01:25:58 +0200] "GET /?listing%2F2463603%2F HTTP/1.1" 200 46855 "-" "Mozilla/5.0 (compatible; SpiderLing; +https://nlp.fi.muni.cz/projects/biwec/)"
109.234.166.195 - - [20/Jun/2026:01:28:34 +0200] "POST /wp-cron.php?doing_wp_cron=1781911714.5120749473571777343750 HTTP/1.1" 200 - "-" "WordPress/7.0; https://claireduwig.com"
23.230.121.23 - - [20/Jun/2026:01:28:34 +0200] "GET /?listing/14648681/ HTTP/1.1" 301 - "-" "Mozilla/5.0 (Macintosh; Intel Mac OS X 10_15_7) AppleWebKit/537.36 (KHTML, like Gecko) Chrome/148.0.0.0 Safari/537.36"
109.234.166.195 - - [20/Jun/2026:01:35:38 +0200] "POST /wp-cron.php?doing_wp_cron=1781912138.4809451103210449218750 HTTP/1.1" 200 - "-" "WordPress/7.0; https://claireduwig.com"
95.129.101.177 - - [20/Jun/2026:01:35:38 +0200] "GET /?listing/2474436/ HTTP/1.1" 301 - "-" "Mozilla/5.0 (compatible; SpiderLing; +https://nlp.fi.muni.cz/projects/biwec/)"
95.129.101.177 - - [20/Jun/2026:01:35:38 +0200] "GET /?listing%2F2474436%2F HTTP/1.1" 200 46855 "-" "Mozilla/5.0 (compatible; SpiderLing; +https://nlp.fi.muni.cz/projects/biwec/)"
23.230.121.65 - - [20/Jun/2026:01:35:46 +0200] "GET /?listing/14648681/ HTTP/1.1" 301 - "-" "Mozilla/5.0 (Macintosh; Intel Mac OS X 10_15_7) AppleWebKit/537.36 (KHTML, like Gecko) Chrome/148.0.0.0 Safari/537.36"
109.234.166.195 - - [20/Jun/2026:01:38:17 +0200] "POST /wp-cron.php?doing_wp_cron=1781912297.3578948974609375000000 HTTP/1.1" 200 - "-" "WordPress/7.0; https://claireduwig.com"
66.249.64.224 - - [20/Jun/2026:01:38:17 +0200] "GET /?listing/6888970/ HTTP/1.1" 301 - "-" "Mozilla/5.0 (Linux; Android 6.0.1; Nexus 5X Build/MMB29P) AppleWebKit/537.36 (KHTML, like Gecko) Chrome/148.0.7778.96 Mobile Safari/537.36 (compatible; Googlebot/2.1; +http://www.google.com/bot.html)"
66.249.64.65 - - [20/Jun/2026:01:38:17 +0200] "GET /?listing%2F6888970%2F HTTP/1.1" 200 46855 "-" "Mozilla/5.0 (Linux; Android 6.0.1; Nexus 5X Build/MMB29P) AppleWebKit/537.36 (KHTML, like Gecko) Chrome/148.0.7778.96 Mobile Safari/537.36 (compatible; Googlebot/2.1; +http://www.google.com/bot.html)"
109.234.166.195 - - [20/Jun/2026:01:38:42 +0200] "POST /wp-cron.php?doing_wp_cron=1781912322.2638831138610839843750 HTTP/1.1" 200 - "-" "WordPress/7.0; https://claireduwig.com"
51.75.236.129 - - [20/Jun/2026:01:38:42 +0200] "GET /?sitemap764.xml HTTP/1.1" 301 - "-" "Mozilla/5.0 (compatible; AhrefsBot/7.0; +http://ahrefs.com/robot/)"
51.75.236.129 - - [20/Jun/2026:01:38:42 +0200] "GET /?sitemap764_xml HTTP/1.1" 200 46855 "-" "Mozilla/5.0 (compatible; AhrefsBot/7.0; +http://ahrefs.com/robot/)"
109.234.166.195 - - [20/Jun/2026:01:42:05 +0200] "POST /wp-cron.php?doing_wp_cron=1781912525.0662651062011718750000 HTTP/1.1" 200 - "-" "WordPress/7.0; https://claireduwig.com"
66.249.64.224 - - [20/Jun/2026:01:42:04 +0200] "GET /?listing/7449014/ HTTP/1.1" 301 - "-" "Mozilla/5.0 (Linux; Android 6.0.1; Nexus 5X Build/MMB29P) AppleWebKit/537.36 (KHTML, like Gecko) Chrome/148.0.7778.96 Mobile Safari/537.36 (compatible; Googlebot/2.1; +http://www.google.com/bot.html)"
66.249.64.66 - - [20/Jun/2026:01:42:05 +0200] "GET /?listing%2F7449014%2F HTTP/1.1" 200 46855 "-" "Mozilla/5.0 (Linux; Android 6.0.1; Nexus 5X Build/MMB29P) AppleWebKit/537.36 (KHTML, like Gecko) Chrome/148.0.7778.96 Mobile Safari/537.36 (compatible; Googlebot/2.1; +http://www.google.com/bot.html)"
109.234.166.195 - - [20/Jun/2026:01:43:03 +0200] "POST /wp-cron.php?doing_wp_cron=1781912583.9294829368591308593750 HTTP/1.1" 200 - "-" "WordPress/7.0; https://claireduwig.com"
23.230.121.43 - - [20/Jun/2026:01:43:03 +0200] "GET /?listing/30659469/ HTTP/1.1" 301 - "-" "Mozilla/5.0 (Macintosh; Intel Mac OS X 10_15_7) AppleWebKit/537.36 (KHTML, like Gecko) Chrome/148.0.0.0 Safari/537.36"
109.234.166.195 - - [20/Jun/2026:01:45:17 +0200] "POST /wp-cron.php?doing_wp_cron=1781912716.9866330623626708984375 HTTP/1.1" 200 - "-" "WordPress/7.0; https://claireduwig.com"
95.129.101.177 - - [20/Jun/2026:01:45:16 +0200] "GET /?listing/2478847/ HTTP/1.1" 301 - "-" "Mozilla/5.0 (compatible; SpiderLing; +https://nlp.fi.muni.cz/projects/biwec/)"
95.129.101.177 - - [20/Jun/2026:01:45:17 +0200] "GET /?listing%2F2478847%2F HTTP/1.1" 200 46855 "-" "Mozilla/5.0 (compatible; SpiderLing; +https://nlp.fi.muni.cz/projects/biwec/)"
109.234.166.195 - - [20/Jun/2026:01:46:29 +0200] "POST /wp-cron.php?doing_wp_cron=1781912789.2593441009521484375000 HTTP/1.1" 200 - "-" "WordPress/7.0; https://claireduwig.com"
40.77.167.49 - - [20/Jun/2026:01:46:29 +0200] "GET /?sitemap462.xml HTTP/1.1" 301 - "-" "Mozilla/5.0 AppleWebKit/537.36 (KHTML, like Gecko; compatible; bingbot/2.0; +http://www.bing.com/bingbot.htm) Chrome/116.0.1938.76 Safari/537.36"
109.234.166.195 - - [20/Jun/2026:01:46:39 +0200] "POST /wp-cron.php?doing_wp_cron=1781912799.5263640880584716796875 HTTP/1.1" 200 - "-" "WordPress/7.0; https://claireduwig.com"
52.167.144.222 - - [20/Jun/2026:01:46:39 +0200] "GET /?sitemap462_xml HTTP/1.1" 200 46855 "-" "Mozilla/5.0 AppleWebKit/537.36 (KHTML, like Gecko; compatible; bingbot/2.0; +http://www.bing.com/bingbot.htm) Chrome/116.0.1938.76 Safari/537.36"
109.234.166.195 - - [20/Jun/2026:01:49:32 +0200] "POST /wp-cron.php?doing_wp_cron=1781912972.0835230350494384765625 HTTP/1.1" 200 - "-" "WordPress/7.0; https://claireduwig.com"
45.136.27.177 - - [20/Jun/2026:01:49:31 +0200] "GET /?add-ajax-woocommerce-carts=87451&_=1781912970408858700 HTTP/1.1" 200 46855 "-" "Mozilla/5.0 (Windows NT 10.0; Win64; x64) AppleWebKit/537.36 (KHTML, like Gecko) Chrome/120.0.0.0 Safari/537.36"
109.234.166.195 - - [20/Jun/2026:01:53:46 +0200] "POST /wp-cron.php?doing_wp_cron=1781913226.8888449668884277343750 HTTP/1.1" 200 - "-" "WordPress/7.0; https://claireduwig.com"
95.129.101.177 - - [20/Jun/2026:01:53:46 +0200] "GET /?listing/2484747/ HTTP/1.1" 301 - "-" "Mozilla/5.0 (compatible; SpiderLing; +https://nlp.fi.muni.cz/projects/biwec/)"
95.129.101.177 - - [20/Jun/2026:01:53:47 +0200] "GET /?listing%2F2484747%2F HTTP/1.1" 200 46855 "-" "Mozilla/5.0 (compatible; SpiderLing; +https://nlp.fi.muni.cz/projects/biwec/)"
109.234.166.195 - - [20/Jun/2026:02:03:17 +0200] "POST /wp-cron.php?doing_wp_cron=1781913797.7093520164489746093750 HTTP/1.1" 200 - "-" "WordPress/7.0; https://claireduwig.com"
95.129.101.177 - - [20/Jun/2026:02:03:17 +0200] "GET /?listing/2506169/ HTTP/1.1" 301 - "-" "Mozilla/5.0 (compatible; SpiderLing; +https://nlp.fi.muni.cz/projects/biwec/)"
95.129.101.177 - - [20/Jun/2026:02:03:23 +0200] "GET /?listing%2F2506169%2F HTTP/1.1" 200 46855 "-" "Mozilla/5.0 (compatible; SpiderLing; +https://nlp.fi.muni.cz/projects/biwec/)"
34.125.150.222 - - [20/Jun/2026:02:05:47 +0200] "GET /wp-content/uploads/2025/11/projet-maison-neva-image.jpg HTTP/1.1" 200 217197 "-" "Mozilla/5.0 AppleWebKit/537.36 (KHTML, like Gecko; compatible; ReyilBot/0.1"
109.234.166.195 - - [20/Jun/2026:02:12:40 +0200] "POST /wp-cron.php?doing_wp_cron=1781914360.8307650089263916015625 HTTP/1.1" 200 - "-" "WordPress/7.0; https://claireduwig.com"
95.129.101.177 - - [20/Jun/2026:02:12:40 +0200] "GET /?listing/2509025/ HTTP/1.1" 301 - "-" "Mozilla/5.0 (compatible; SpiderLing; +https://nlp.fi.muni.cz/projects/biwec/)"
95.129.101.177 - - [20/Jun/2026:02:12:40 +0200] "GET /?listing%2F2509025%2F HTTP/1.1" 200 46855 "-" "Mozilla/5.0 (compatible; SpiderLing; +https://nlp.fi.muni.cz/projects/biwec/)"
109.234.166.195 - - [20/Jun/2026:02:22:16 +0200] "POST /wp-cron.php?doing_wp_cron=1781914936.8490149974822998046875 HTTP/1.1" 200 - "-" "WordPress/7.0; https://claireduwig.com"
95.129.101.177 - - [20/Jun/2026:02:22:16 +0200] "GET /?listing/2520458/ HTTP/1.1" 301 - "-" "Mozilla/5.0 (compatible; SpiderLing; +https://nlp.fi.muni.cz/projects/biwec/)"
95.129.101.177 - - [20/Jun/2026:02:22:22 +0200] "GET /?listing%2F2520458%2F HTTP/1.1" 200 46855 "-" "Mozilla/5.0 (compatible; SpiderLing; +https://nlp.fi.muni.cz/projects/biwec/)"
167.86.80.181 - - [20/Jun/2026:02:30:03 +0200] "GET / HTTP/1.1" 200 46876 "http://claireduwig.com" "Go-http-client/1.1"
167.86.80.181 - - [20/Jun/2026:02:30:04 +0200] "GET / HTTP/1.1" 200 46876 "-" "Mozilla/5.0 (Windows NT 10.0; Win64; x64) AppleWebKit/538.36"
167.86.80.181 - - [20/Jun/2026:02:30:04 +0200] "GET /wp-json HTTP/1.1" 200 382524 "-" "Mozilla/5.0 (Windows NT 10.0; Win64; x64) AppleWebKit/538.36"
167.86.80.181 - - [20/Jun/2026:02:30:04 +0200] "GET / HTTP/1.1" 200 46876 "-" "Mozilla/5.0 (Windows NT 10.0; Win64; x64) AppleWebKit/538.36"
167.86.80.181 - - [20/Jun/2026:02:30:04 +0200] "GET /?fb-edit=1 HTTP/1.1" 200 46855 "-" "Mozilla/5.0 (Windows NT 10.0; Win64; x64) AppleWebKit/538.36"
109.234.166.195 - - [20/Jun/2026:02:31:57 +0200] "POST /wp-cron.php?doing_wp_cron=1781915517.4345970153808593750000 HTTP/1.1" 200 - "-" "WordPress/7.0; https://claireduwig.com"
95.129.101.177 - - [20/Jun/2026:02:31:57 +0200] "GET /?listing/2537192/ HTTP/1.1" 301 - "-" "Mozilla/5.0 (compatible; SpiderLing; +https://nlp.fi.muni.cz/projects/biwec/)"
95.129.101.177 - - [20/Jun/2026:02:31:59 +0200] "GET /?listing%2F2537192%2F HTTP/1.1" 200 46855 "-" "Mozilla/5.0 (compatible; SpiderLing; +https://nlp.fi.muni.cz/projects/biwec/)"
109.234.166.195 - - [20/Jun/2026:02:32:42 +0200] "POST /wp-cron.php?doing_wp_cron=1781915562.6779749393463134765625 HTTP/1.1" 200 - "-" "WordPress/7.0; https://claireduwig.com"
24.98.203.169 - - [20/Jun/2026:02:32:42 +0200] "GET /?listing/4293381/ HTTP/1.1" 301 - "-" "Mozilla/5.0 (Macintosh; Intel Mac OS X 10_15_7) AppleWebKit/537.36 (KHTML, like Gecko) Chrome/148.0.0.0 Safari/537.36"
92.222.108.102 - - [20/Jun/2026:02:33:07 +0200] "GET /?sitemap642.xml HTTP/1.1" 301 - "-" "Mozilla/5.0 (compatible; AhrefsBot/7.0; +http://ahrefs.com/robot/)"
92.222.108.102 - - [20/Jun/2026:02:33:07 +0200] "GET /?sitemap642_xml HTTP/1.1" 200 46855 "-" "Mozilla/5.0 (compatible; AhrefsBot/7.0; +http://ahrefs.com/robot/)"
109.234.166.195 - - [20/Jun/2026:02:35:56 +0200] "POST /wp-cron.php?doing_wp_cron=1781915756.2815599441528320312500 HTTP/1.1" 200 - "-" "WordPress/7.0; https://claireduwig.com"
98.116.202.176 - - [20/Jun/2026:02:35:56 +0200] "GET /?listing/18480403/ HTTP/1.1" 301 - "-" "Mozilla/5.0 (Macintosh; Intel Mac OS X 10_15_7) AppleWebKit/537.36 (KHTML, like Gecko) Chrome/148.0.0.0 Safari/537.36"
109.234.166.195 - - [20/Jun/2026:02:38:14 +0200] "POST /wp-cron.php?doing_wp_cron=1781915894.4263820648193359375000 HTTP/1.1" 200 - "-" "WordPress/7.0; https://claireduwig.com"
66.243.213.180 - - [20/Jun/2026:02:38:14 +0200] "GET /?listing/17522470/ HTTP/1.1" 301 - "-" "Mozilla/5.0 (Macintosh; Intel Mac OS X 10_15_7) AppleWebKit/537.36 (KHTML, like Gecko) Chrome/148.0.0.0 Safari/537.36"
109.234.166.195 - - [20/Jun/2026:02:40:30 +0200] "POST /wp-cron.php?doing_wp_cron=1781916030.4079260826110839843750 HTTP/1.1" 200 - "-" "WordPress/7.0; https://claireduwig.com"
98.230.57.110 - - [20/Jun/2026:02:40:30 +0200] "GET /?listing/19319647/ HTTP/1.1" 301 - "-" "Mozilla/5.0 (Macintosh; Intel Mac OS X 10_15_7) AppleWebKit/537.36 (KHTML, like Gecko) Chrome/148.0.0.0 Safari/537.36"
109.234.166.195 - - [20/Jun/2026:02:41:45 +0200] "POST /wp-cron.php?doing_wp_cron=1781916105.2565870285034179687500 HTTP/1.1" 200 - "-" "WordPress/7.0; https://claireduwig.com"
95.129.101.177 - - [20/Jun/2026:02:41:45 +0200] "GET /?listing/2544136/ HTTP/1.1" 301 - "-" "Mozilla/5.0 (compatible; SpiderLing; +https://nlp.fi.muni.cz/projects/biwec/)"
95.129.101.177 - - [20/Jun/2026:02:41:45 +0200] "GET /?listing%2F2544136%2F HTTP/1.1" 200 46855 "-" "Mozilla/5.0 (compatible; SpiderLing; +https://nlp.fi.muni.cz/projects/biwec/)"
109.234.166.195 - - [20/Jun/2026:02:45:05 +0200] "POST /wp-cron.php?doing_wp_cron=1781916305.9713029861450195312500 HTTP/1.1" 200 - "-" "WordPress/7.0; https://claireduwig.com"
66.249.64.226 - - [20/Jun/2026:02:45:05 +0200] "GET /?listing/14420792/ HTTP/1.1" 301 - "-" "Mozilla/5.0 (Linux; Android 6.0.1; Nexus 5X Build/MMB29P) AppleWebKit/537.36 (KHTML, like Gecko) Chrome/148.0.7778.96 Mobile Safari/537.36 (compatible; Googlebot/2.1; +http://www.google.com/bot.html)"
66.249.64.66 - - [20/Jun/2026:02:45:06 +0200] "GET /?listing%2F14420792%2F HTTP/1.1" 200 46855 "-" "Mozilla/5.0 (Linux; Android 6.0.1; Nexus 5X Build/MMB29P) AppleWebKit/537.36 (KHTML, like Gecko) Chrome/148.0.7778.96 Mobile Safari/537.36 (compatible; Googlebot/2.1; +http://www.google.com/bot.html)"
109.234.166.195 - - [20/Jun/2026:02:45:45 +0200] "POST /wp-cron.php?doing_wp_cron=1781916345.4170799255371093750000 HTTP/1.1" 200 - "-" "WordPress/7.0; https://claireduwig.com"
104.164.106.75 - - [20/Jun/2026:02:45:45 +0200] "GET /?listing/14648681/ HTTP/1.1" 301 - "-" "Mozilla/5.0 (Macintosh; Intel Mac OS X 10_15_7) AppleWebKit/537.36 (KHTML, like Gecko) Chrome/148.0.0.0 Safari/537.36"
109.234.166.195 - - [20/Jun/2026:02:47:00 +0200] "POST /wp-cron.php?doing_wp_cron=1781916420.3182220458984375000000 HTTP/1.1" 200 - "-" "WordPress/7.0; https://claireduwig.com"
104.164.106.34 - - [20/Jun/2026:02:47:00 +0200] "GET /?listing/17522470/ HTTP/1.1" 301 - "-" "Mozilla/5.0 (Macintosh; Intel Mac OS X 10_15_7) AppleWebKit/537.36 (KHTML, like Gecko) Chrome/148.0.0.0 Safari/537.36"
109.234.166.195 - - [20/Jun/2026:02:49:12 +0200] "POST /wp-cron.php?doing_wp_cron=1781916552.5822930335998535156250 HTTP/1.1" 200 - "-" "WordPress/7.0; https://claireduwig.com"
104.164.106.38 - - [20/Jun/2026:02:49:12 +0200] "GET /?listing/7161614/ HTTP/1.1" 301 - "-" "Mozilla/5.0 (Macintosh; Intel Mac OS X 10_15_7) AppleWebKit/537.36 (KHTML, like Gecko) Chrome/148.0.0.0 Safari/537.36"
98.26.153.199 - - [20/Jun/2026:02:49:25 +0200] "GET /?listing/20210170/ HTTP/1.1" 301 - "-" "Mozilla/5.0 (Macintosh; Intel Mac OS X 10_15_7) AppleWebKit/537.36 (KHTML, like Gecko) Chrome/148.0.0.0 Safari/537.36"
109.234.166.195 - - [20/Jun/2026:02:51:13 +0200] "POST /wp-cron.php?doing_wp_cron=1781916673.7748169898986816406250 HTTP/1.1" 200 - "-" "WordPress/7.0; https://claireduwig.com"
23.230.121.28 - - [20/Jun/2026:02:51:13 +0200] "GET /?listing/16073336/ HTTP/1.1" 301 - "-" "Mozilla/5.0 (Macintosh; Intel Mac OS X 10_15_7) AppleWebKit/537.36 (KHTML, like Gecko) Chrome/148.0.0.0 Safari/537.36"
95.129.101.177 - - [20/Jun/2026:02:51:28 +0200] "GET /?listing/2553181/ HTTP/1.1" 301 - "-" "Mozilla/5.0 (compatible; SpiderLing; +https://nlp.fi.muni.cz/projects/biwec/)"
95.129.101.177 - - [20/Jun/2026:02:51:28 +0200] "GET /?listing%2F2553181%2F HTTP/1.1" 200 46855 "-" "Mozilla/5.0 (compatible; SpiderLing; +https://nlp.fi.muni.cz/projects/biwec/)"
109.234.166.195 - - [20/Jun/2026:02:51:36 +0200] "POST /wp-cron.php?doing_wp_cron=1781916696.1573429107666015625000 HTTP/1.1" 200 - "-" "WordPress/7.0; https://claireduwig.com"
104.164.106.53 - - [20/Jun/2026:02:51:36 +0200] "GET /?listing/9497270/ HTTP/1.1" 301 - "-" "Mozilla/5.0 (Macintosh; Intel Mac OS X 10_15_7) AppleWebKit/537.36 (KHTML, like Gecko) Chrome/148.0.0.0 Safari/537.36"
109.234.166.195 - - [20/Jun/2026:02:53:01 +0200] "POST /wp-cron.php?doing_wp_cron=1781916781.3116660118103027343750 HTTP/1.1" 200 - "-" "WordPress/7.0; https://claireduwig.com"
23.230.121.6 - - [20/Jun/2026:02:53:01 +0200] "GET /?listing/6390470/ HTTP/1.1" 301 - "-" "Mozilla/5.0 (Macintosh; Intel Mac OS X 10_15_7) AppleWebKit/537.36 (KHTML, like Gecko) Chrome/148.0.0.0 Safari/537.36"
109.234.166.195 - - [20/Jun/2026:02:53:36 +0200] "POST /wp-cron.php?doing_wp_cron=1781916816.3296799659729003906250 HTTP/1.1" 200 - "-" "WordPress/7.0; https://claireduwig.com"
71.228.133.183 - - [20/Jun/2026:02:53:36 +0200] "GET /?listing/17315358/ HTTP/1.1" 301 - "-" "Mozilla/5.0 (Macintosh; Intel Mac OS X 10_15_7) AppleWebKit/537.36 (KHTML, like Gecko) Chrome/148.0.0.0 Safari/537.36"
69.140.132.119 - - [20/Jun/2026:02:53:53 +0200] "GET /?listing/9108925/ HTTP/1.1" 301 - "-" "Mozilla/5.0 (Macintosh; Intel Mac OS X 10_15_7) AppleWebKit/537.36 (KHTML, like Gecko) Chrome/148.0.0.0 Safari/537.36"
109.234.166.195 - - [20/Jun/2026:02:54:31 +0200] "POST /wp-cron.php?doing_wp_cron=1781916871.1834681034088134765625 HTTP/1.1" 200 - "-" "WordPress/7.0; https://claireduwig.com"
23.230.121.67 - - [20/Jun/2026:02:54:31 +0200] "GET /?listing/14494047/ HTTP/1.1" 301 - "-" "Mozilla/5.0 (Macintosh; Intel Mac OS X 10_15_7) AppleWebKit/537.36 (KHTML, like Gecko) Chrome/148.0.0.0 Safari/537.36"
109.234.166.195 - - [20/Jun/2026:02:55:48 +0200] "POST /wp-cron.php?doing_wp_cron=1781916948.5541679859161376953125 HTTP/1.1" 200 - "-" "WordPress/7.0; https://claireduwig.com"
104.164.106.42 - - [20/Jun/2026:02:55:48 +0200] "GET /?listing/8430225/ HTTP/1.1" 301 - "-" "Mozilla/5.0 (Macintosh; Intel Mac OS X 10_15_7) AppleWebKit/537.36 (KHTML, like Gecko) Chrome/148.0.0.0 Safari/537.36"
109.234.166.195 - - [20/Jun/2026:02:56:40 +0200] "POST /wp-cron.php?doing_wp_cron=1781917000.3945059776306152343750 HTTP/1.1" 200 - "-" "WordPress/7.0; https://claireduwig.com"
104.164.106.81 - - [20/Jun/2026:02:56:40 +0200] "GET /?listing/14592047/ HTTP/1.1" 301 - "-" "Mozilla/5.0 (Macintosh; Intel Mac OS X 10_15_7) AppleWebKit/537.36 (KHTML, like Gecko) Chrome/148.0.0.0 Safari/537.36"
216.205.47.119 - - [20/Jun/2026:02:56:50 +0200] "GET /?listing/4604069/ HTTP/1.1" 301 - "-" "Mozilla/5.0 (Macintosh; Intel Mac OS X 10_15_7) AppleWebKit/537.36 (KHTML, like Gecko) Chrome/148.0.0.0 Safari/537.36"
23.230.121.33 - - [20/Jun/2026:02:57:25 +0200] "GET /?listing/15316969/ HTTP/1.1" 301 - "-" "Mozilla/5.0 (Macintosh; Intel Mac OS X 10_15_7) AppleWebKit/537.36 (KHTML, like Gecko) Chrome/148.0.0.0 Safari/537.36"
109.234.166.195 - - [20/Jun/2026:02:58:22 +0200] "POST /wp-cron.php?doing_wp_cron=1781917102.3809509277343750000000 HTTP/1.1" 200 - "-" "WordPress/7.0; https://claireduwig.com"
104.164.106.19 - - [20/Jun/2026:02:58:22 +0200] "GET /?listing/22063981/ HTTP/1.1" 301 - "-" "Mozilla/5.0 (Macintosh; Intel Mac OS X 10_15_7) AppleWebKit/537.36 (KHTML, like Gecko) Chrome/148.0.0.0 Safari/537.36"
23.230.121.39 - - [20/Jun/2026:02:58:29 +0200] "GET /?listing/21960425/ HTTP/1.1" 301 - "-" "Mozilla/5.0 (Macintosh; Intel Mac OS X 10_15_7) AppleWebKit/537.36 (KHTML, like Gecko) Chrome/148.0.0.0 Safari/537.36"
109.234.166.195 - - [20/Jun/2026:02:59:00 +0200] "POST /wp-cron.php?doing_wp_cron=1781917140.8108201026916503906250 HTTP/1.1" 200 - "-" "WordPress/7.0; https://claireduwig.com"
23.230.121.64 - - [20/Jun/2026:02:59:00 +0200] "GET /?listing/9678503/ HTTP/1.1" 301 - "-" "Mozilla/5.0 (Macintosh; Intel Mac OS X 10_15_7) AppleWebKit/537.36 (KHTML, like Gecko) Chrome/148.0.0.0 Safari/537.36"
109.234.166.195 - - [20/Jun/2026:02:59:41 +0200] "POST /wp-cron.php?doing_wp_cron=1781917181.6281669139862060546875 HTTP/1.1" 200 - "-" "WordPress/7.0; https://claireduwig.com"
108.27.65.10 - - [20/Jun/2026:02:59:41 +0200] "GET /?listing/3413125/ HTTP/1.1" 301 - "-" "Mozilla/5.0 (Macintosh; Intel Mac OS X 10_15_7) AppleWebKit/537.36 (KHTML, like Gecko) Chrome/148.0.0.0 Safari/537.36"
109.234.166.195 - - [20/Jun/2026:03:00:50 +0200] "POST /wp-cron.php?doing_wp_cron=1781917250.6176359653472900390625 HTTP/1.1" 200 - "-" "WordPress/7.0; https://claireduwig.com"
104.164.106.10 - - [20/Jun/2026:03:00:50 +0200] "GET /?listing/24523536/ HTTP/1.1" 301 - "-" "Mozilla/5.0 (Macintosh; Intel Mac OS X 10_15_7) AppleWebKit/537.36 (KHTML, like Gecko) Chrome/148.0.0.0 Safari/537.36"
95.129.101.177 - - [20/Jun/2026:03:01:11 +0200] "GET /?listing/2559803/ HTTP/1.1" 301 - "-" "Mozilla/5.0 (compatible; SpiderLing; +https://nlp.fi.muni.cz/projects/biwec/)"
95.129.101.177 - - [20/Jun/2026:03:01:11 +0200] "GET /?listing%2F2559803%2F HTTP/1.1" 200 46855 "-" "Mozilla/5.0 (compatible; SpiderLing; +https://nlp.fi.muni.cz/projects/biwec/)"
109.234.166.195 - - [20/Jun/2026:03:01:31 +0200] "POST /wp-cron.php?doing_wp_cron=1781917291.6890730857849121093750 HTTP/1.1" 200 - "-" "WordPress/7.0; https://claireduwig.com"
104.164.106.43 - - [20/Jun/2026:03:01:31 +0200] "GET /?listing/2652992/ HTTP/1.1" 301 - "-" "Mozilla/5.0 (Macintosh; Intel Mac OS X 10_15_7) AppleWebKit/537.36 (KHTML, like Gecko) Chrome/148.0.0.0 Safari/537.36"
23.230.121.84 - - [20/Jun/2026:03:01:32 +0200] "GET /?listing/16668803/ HTTP/1.1" 301 - "-" "Mozilla/5.0 (Macintosh; Intel Mac OS X 10_15_7) AppleWebKit/537.36 (KHTML, like Gecko) Chrome/148.0.0.0 Safari/537.36"
104.164.106.32 - - [20/Jun/2026:03:02:45 +0200] "GET /?listing/25869814/ HTTP/1.1" 301 - "-" "Mozilla/5.0 (Macintosh; Intel Mac OS X 10_15_7) AppleWebKit/537.36 (KHTML, like Gecko) Chrome/148.0.0.0 Safari/537.36"
109.234.166.195 - - [20/Jun/2026:03:07:24 +0200] "POST /wp-cron.php?doing_wp_cron=1781917644.2369959354400634765625 HTTP/1.1" 200 - "-" "WordPress/7.0; https://claireduwig.com"
52.167.144.173 - - [20/Jun/2026:03:07:24 +0200] "GET /?sitemap543.xml HTTP/1.1" 301 - "-" "Mozilla/5.0 AppleWebKit/537.36 (KHTML, like Gecko; compatible; bingbot/2.0; +http://www.bing.com/bingbot.htm) Chrome/116.0.1938.76 Safari/537.36"
109.234.166.195 - - [20/Jun/2026:03:07:34 +0200] "POST /wp-cron.php?doing_wp_cron=1781917654.6165339946746826171875 HTTP/1.1" 200 - "-" "WordPress/7.0; https://claireduwig.com"
40.77.167.59 - - [20/Jun/2026:03:07:34 +0200] "GET /?sitemap543_xml HTTP/1.1" 200 46855 "-" "Mozilla/5.0 AppleWebKit/537.36 (KHTML, like Gecko; compatible; bingbot/2.0; +http://www.bing.com/bingbot.htm) Chrome/116.0.1938.76 Safari/537.36"
109.234.166.195 - - [20/Jun/2026:03:10:57 +0200] "POST /wp-cron.php?doing_wp_cron=1781917857.3800671100616455078125 HTTP/1.1" 200 - "-" "WordPress/7.0; https://claireduwig.com"
95.129.101.177 - - [20/Jun/2026:03:10:57 +0200] "GET /?listing/2567270/ HTTP/1.1" 301 - "-" "Mozilla/5.0 (compatible; SpiderLing; +https://nlp.fi.muni.cz/projects/biwec/)"
95.129.101.177 - - [20/Jun/2026:03:11:00 +0200] "GET /?listing%2F2567270%2F HTTP/1.1" 200 46855 "-" "Mozilla/5.0 (compatible; SpiderLing; +https://nlp.fi.muni.cz/projects/biwec/)"
109.234.166.195 - - [20/Jun/2026:03:19:14 +0200] "POST /wp-cron.php?doing_wp_cron=1781918354.8472030162811279296875 HTTP/1.1" 200 - "-" "WordPress/7.0; https://claireduwig.com"
92.222.108.102 - - [20/Jun/2026:03:19:14 +0200] "GET /?sitemap764.xml HTTP/1.1" 301 - "-" "Mozilla/5.0 (compatible; AhrefsBot/7.0; +http://ahrefs.com/robot/)"
92.222.108.102 - - [20/Jun/2026:03:19:14 +0200] "GET /?sitemap764_xml HTTP/1.1" 200 46855 "-" "Mozilla/5.0 (compatible; AhrefsBot/7.0; +http://ahrefs.com/robot/)"
109.234.166.195 - - [20/Jun/2026:03:20:31 +0200] "POST /wp-cron.php?doing_wp_cron=1781918431.6233069896697998046875 HTTP/1.1" 200 - "-" "WordPress/7.0; https://claireduwig.com"
95.129.101.177 - - [20/Jun/2026:03:20:31 +0200] "GET /?listing/2577869/ HTTP/1.1" 301 - "-" "Mozilla/5.0 (compatible; SpiderLing; +https://nlp.fi.muni.cz/projects/biwec/)"
95.129.101.177 - - [20/Jun/2026:03:20:31 +0200] "GET /?listing%2F2577869%2F HTTP/1.1" 200 46855 "-" "Mozilla/5.0 (compatible; SpiderLing; +https://nlp.fi.muni.cz/projects/biwec/)"
109.234.166.195 - - [20/Jun/2026:03:30:05 +0200] "POST /wp-cron.php?doing_wp_cron=1781919005.4693920612335205078125 HTTP/1.1" 200 - "-" "WordPress/7.0; https://claireduwig.com"
95.129.101.177 - - [20/Jun/2026:03:30:05 +0200] "GET /?listing/2582447/ HTTP/1.1" 301 - "-" "Mozilla/5.0 (compatible; SpiderLing; +https://nlp.fi.muni.cz/projects/biwec/)"
95.129.101.177 - - [20/Jun/2026:03:30:05 +0200] "GET /?listing%2F2582447%2F HTTP/1.1" 200 46855 "-" "Mozilla/5.0 (compatible; SpiderLing; +https://nlp.fi.muni.cz/projects/biwec/)"
109.234.166.195 - - [20/Jun/2026:03:39:15 +0200] "POST /wp-cron.php?doing_wp_cron=1781919555.7265980243682861328125 HTTP/1.1" 200 - "-" "WordPress/7.0; https://claireduwig.com"
66.249.64.224 - - [20/Jun/2026:03:39:15 +0200] "GET /?listing/1670558/ HTTP/1.1" 301 - "-" "Mozilla/5.0 (Linux; Android 6.0.1; Nexus 5X Build/MMB29P) AppleWebKit/537.36 (KHTML, like Gecko) Chrome/148.0.7778.96 Mobile Safari/537.36 (compatible; Googlebot/2.1; +http://www.google.com/bot.html)"
66.249.64.65 - - [20/Jun/2026:03:39:16 +0200] "GET /?listing%2F1670558%2F HTTP/1.1" 200 46855 "-" "Mozilla/5.0 (Linux; Android 6.0.1; Nexus 5X Build/MMB29P) AppleWebKit/537.36 (KHTML, like Gecko) Chrome/148.0.7778.96 Mobile Safari/537.36 (compatible; Googlebot/2.1; +http://www.google.com/bot.html)"
95.129.101.177 - - [20/Jun/2026:03:39:26 +0200] "GET /?listing/2587814/ HTTP/1.1" 301 - "-" "Mozilla/5.0 (compatible; SpiderLing; +https://nlp.fi.muni.cz/projects/biwec/)"
95.129.101.177 - - [20/Jun/2026:03:39:27 +0200] "GET /?listing%2F2587814%2F HTTP/1.1" 200 46855 "-" "Mozilla/5.0 (compatible; SpiderLing; +https://nlp.fi.muni.cz/projects/biwec/)"
109.234.166.195 - - [20/Jun/2026:03:48:47 +0200] "POST /wp-cron.php?doing_wp_cron=1781920127.8046851158142089843750 HTTP/1.1" 200 - "-" "WordPress/7.0; https://claireduwig.com"
95.129.101.177 - - [20/Jun/2026:03:48:47 +0200] "GET /?listing/2608570/ HTTP/1.1" 301 - "-" "Mozilla/5.0 (compatible; SpiderLing; +https://nlp.fi.muni.cz/projects/biwec/)"
95.129.101.177 - - [20/Jun/2026:03:48:49 +0200] "GET /?listing%2F2608570%2F HTTP/1.1" 200 46855 "-" "Mozilla/5.0 (compatible; SpiderLing; +https://nlp.fi.muni.cz/projects/biwec/)"
198.244.240.146 - - [20/Jun/2026:03:57:22 +0200] "GET /robots.txt HTTP/1.1" 200 1154 "-" "Mozilla/5.0 (compatible; AhrefsBot/7.0; +http://ahrefs.com/robot/)"
109.234.166.195 - - [20/Jun/2026:03:57:32 +0200] "POST /wp-cron.php?doing_wp_cron=1781920652.3380510807037353515625 HTTP/1.1" 200 - "-" "WordPress/7.0; https://claireduwig.com"
37.59.204.138 - - [20/Jun/2026:03:57:32 +0200] "GET /recommandation/anp-media/ HTTP/1.1" 200 29579 "-" "Mozilla/5.0 (compatible; AhrefsBot/7.0; +http://ahrefs.com/robot/)"
109.234.166.195 - - [20/Jun/2026:04:06:21 +0200] "POST /wp-cron.php?doing_wp_cron=1781921181.6829750537872314453125 HTTP/1.1" 200 - "-" "WordPress/7.0; https://claireduwig.com"
94.23.188.208 - - [20/Jun/2026:04:06:21 +0200] "GET / HTTP/1.1" 200 46876 "-" "Mozilla/5.0 (compatible; AhrefsBot/7.0; +http://ahrefs.com/robot/)"
109.234.166.195 - - [20/Jun/2026:04:15:54 +0200] "POST /wp-cron.php?doing_wp_cron=1781921754.5184381008148193359375 HTTP/1.1" 200 - "-" "WordPress/7.0; https://claireduwig.com"
52.167.144.199 - - [20/Jun/2026:04:15:54 +0200] "GET /?listing/22410792/ HTTP/1.1" 301 - "-" "Mozilla/5.0 AppleWebKit/537.36 (KHTML, like Gecko; compatible; bingbot/2.0; +http://www.bing.com/bingbot.htm) Chrome/116.0.1938.76 Safari/537.36"
109.234.166.195 - - [20/Jun/2026:04:16:49 +0200] "POST /wp-cron.php?doing_wp_cron=1781921809.0634880065917968750000 HTTP/1.1" 200 - "-" "WordPress/7.0; https://claireduwig.com"
77.83.26.217 - - [20/Jun/2026:04:16:48 +0200] "GET /?add-to-cart0128263=46897&_=1781921808220058200 HTTP/1.1" 200 46855 "-" "Mozilla/5.0 (Windows NT 10.0; Win64; x64) AppleWebKit/537.36 (KHTML, like Gecko) Chrome/120.0.0.0 Safari/537.36"
109.234.166.195 - - [20/Jun/2026:04:17:35 +0200] "POST /wp-cron.php?doing_wp_cron=1781921855.4850690364837646484375 HTTP/1.1" 200 - "-" "WordPress/7.0; https://claireduwig.com"
