51.68.247.204 - - [20/Jun/2026:04:17:35 +0200] "GET /?sitemap642.xml HTTP/1.1" 301 - "-" "Mozilla/5.0 (compatible; AhrefsBot/7.0; +http://ahrefs.com/robot/)"
51.68.247.204 - - [20/Jun/2026:04:17:35 +0200] "GET /?sitemap642_xml HTTP/1.1" 200 46855 "-" "Mozilla/5.0 (compatible; AhrefsBot/7.0; +http://ahrefs.com/robot/)"
109.234.166.195 - - [20/Jun/2026:04:20:55 +0200] "POST /wp-cron.php?doing_wp_cron=1781922055.2058560848236083984375 HTTP/1.1" 200 - "-" "WordPress/7.0; https://claireduwig.com"
66.249.64.225 - - [20/Jun/2026:04:20:55 +0200] "GET /?listing/2289069/ HTTP/1.1" 301 - "-" "Mozilla/5.0 (Linux; Android 6.0.1; Nexus 5X Build/MMB29P) AppleWebKit/537.36 (KHTML, like Gecko) Chrome/148.0.7778.96 Mobile Safari/537.36 (compatible; Googlebot/2.1; +http://www.google.com/bot.html)"
66.249.64.64 - - [20/Jun/2026:04:20:55 +0200] "GET /?listing%2F2289069%2F HTTP/1.1" 200 46855 "-" "Mozilla/5.0 (Linux; Android 6.0.1; Nexus 5X Build/MMB29P) AppleWebKit/537.36 (KHTML, like Gecko) Chrome/148.0.7778.96 Mobile Safari/537.36 (compatible; Googlebot/2.1; +http://www.google.com/bot.html)"
109.234.166.195 - - [20/Jun/2026:04:21:31 +0200] "POST /wp-cron.php?doing_wp_cron=1781922091.9420518875122070312500 HTTP/1.1" 200 - "-" "WordPress/7.0; https://claireduwig.com"
66.249.64.224 - - [20/Jun/2026:04:21:31 +0200] "GET /?listing/3855658/ HTTP/1.1" 301 - "-" "Mozilla/5.0 (Linux; Android 6.0.1; Nexus 5X Build/MMB29P) AppleWebKit/537.36 (KHTML, like Gecko) Chrome/148.0.7778.96 Mobile Safari/537.36 (compatible; Googlebot/2.1; +http://www.google.com/bot.html)"
66.249.64.66 - - [20/Jun/2026:04:21:32 +0200] "GET /?listing%2F3855658%2F HTTP/1.1" 200 46855 "-" "Mozilla/5.0 (Linux; Android 6.0.1; Nexus 5X Build/MMB29P) AppleWebKit/537.36 (KHTML, like Gecko) Chrome/148.0.7778.96 Mobile Safari/537.36 (compatible; Googlebot/2.1; +http://www.google.com/bot.html)"
109.234.166.195 - - [20/Jun/2026:04:23:42 +0200] "POST /wp-cron.php?doing_wp_cron=1781922222.6227219104766845703125 HTTP/1.1" 200 - "-" "WordPress/7.0; https://claireduwig.com"
40.77.167.8 - - [20/Jun/2026:04:23:42 +0200] "GET /?sitemap.xml HTTP/1.1" 301 - "-" "Mozilla/5.0 AppleWebKit/537.36 (KHTML, like Gecko; compatible; bingbot/2.0; +http://www.bing.com/bingbot.htm) Chrome/116.0.1938.76 Safari/537.36"
40.77.167.131 - - [20/Jun/2026:04:23:52 +0200] "GET /?sitemap_xml HTTP/1.1" 200 46855 "-" "Mozilla/5.0 AppleWebKit/537.36 (KHTML, like Gecko; compatible; bingbot/2.0; +http://www.bing.com/bingbot.htm) Chrome/116.0.1938.76 Safari/537.36"
109.234.166.195 - - [20/Jun/2026:04:43:58 +0200] "POST /wp-cron.php?doing_wp_cron=1781923438.1572420597076416015625 HTTP/1.1" 200 - "-" "WordPress/7.0; https://claireduwig.com"
34.16.243.85 - - [20/Jun/2026:04:43:58 +0200] "GET / HTTP/1.1" 301 - "-" "Mozilla/5.0 (Macintosh; Intel Mac OS X 10_15_7) AppleWebKit/537.36 (KHTML, like Gecko) Chrome/123.0.0.0 Safari/537.36"
34.16.243.85 - - [20/Jun/2026:04:43:58 +0200] "GET / HTTP/1.1" 200 46876 "https://mail.claireduwig.com" "Mozilla/5.0 (Macintosh; Intel Mac OS X 10_15_7) AppleWebKit/537.36 (KHTML, like Gecko) Chrome/123.0.0.0 Safari/537.36"
34.16.243.85 - - [20/Jun/2026:04:43:59 +0200] "GET /wp-content/plugins/contact-form-7/includes/swv/js/index.js?ver=6.1.5 HTTP/1.1" 200 12512 "https://mail.claireduwig.com" "Mozilla/5.0 (Macintosh; Intel Mac OS X 10_15_7) AppleWebKit/537.36 (KHTML, like Gecko) Chrome/123.0.0.0 Safari/537.36"
34.16.243.85 - - [20/Jun/2026:04:43:59 +0200] "GET /wp-content/plugins/contact-form-7/includes/js/index.js?ver=6.1.5 HTTP/1.1" 200 13452 "https://mail.claireduwig.com" "Mozilla/5.0 (Macintosh; Intel Mac OS X 10_15_7) AppleWebKit/537.36 (KHTML, like Gecko) Chrome/123.0.0.0 Safari/537.36"
34.16.243.85 - - [20/Jun/2026:04:43:59 +0200] "GET /wp-content/themes/ClrD/js/header.js HTTP/1.1" 200 275 "https://mail.claireduwig.com" "Mozilla/5.0 (Macintosh; Intel Mac OS X 10_15_7) AppleWebKit/537.36 (KHTML, like Gecko) Chrome/123.0.0.0 Safari/537.36"
34.16.243.85 - - [20/Jun/2026:04:43:59 +0200] "GET /wp-includes/js/dist/i18n.min.js?ver=781d11515ad3d91786ec HTTP/1.1" 200 5697 "https://mail.claireduwig.com" "Mozilla/5.0 (Macintosh; Intel Mac OS X 10_15_7) AppleWebKit/537.36 (KHTML, like Gecko) Chrome/123.0.0.0 Safari/537.36"
34.16.243.85 - - [20/Jun/2026:04:43:59 +0200] "GET /wp-content/themes/ClrD/js/recommandations.js HTTP/1.1" 200 457 "https://mail.claireduwig.com" "Mozilla/5.0 (Macintosh; Intel Mac OS X 10_15_7) AppleWebKit/537.36 (KHTML, like Gecko) Chrome/123.0.0.0 Safari/537.36"
34.16.243.85 - - [20/Jun/2026:04:43:59 +0200] "GET /wp-includes/js/dist/hooks.min.js?ver=7496969728ca0f95732d HTTP/1.1" 200 5015 "https://mail.claireduwig.com" "Mozilla/5.0 (Macintosh; Intel Mac OS X 10_15_7) AppleWebKit/537.36 (KHTML, like Gecko) Chrome/123.0.0.0 Safari/537.36"
54.92.135.215 - - [20/Jun/2026:04:47:17 +0200] "GET / HTTP/1.1" 200 46876 "-" "Mozilla/5.0 (Windows NT 10.0; WOW64) AppleWebKit/537.36 (KHTML, like Gecko) Chrome/109.0.0.0 Safari/537.36"
54.92.135.215 - - [20/Jun/2026:04:47:17 +0200] "GET / HTTP/1.1" 200 46876 "-" "Mozilla/5.0 (Windows NT 10.0; WOW64) AppleWebKit/537.36 (KHTML, like Gecko) Chrome/109.0.0.0 Safari/537.36"
54.92.135.215 - - [20/Jun/2026:04:47:20 +0200] "GET / HTTP/1.1" 200 46876 "-" "Mozilla/5.0 (Windows NT 10.0; WOW64) AppleWebKit/537.36 (KHTML, like Gecko) Chrome/109.0.0.0 Safari/537.36"
54.92.135.215 - - [20/Jun/2026:04:47:20 +0200] "GET / HTTP/1.1" 301 - "-" "Mozilla/5.0 (Windows NT 10.0; WOW64) AppleWebKit/537.36 (KHTML, like Gecko) Chrome/109.0.0.0 Safari/537.36"
54.92.135.215 - - [20/Jun/2026:04:47:20 +0200] "GET / HTTP/1.1" 200 46876 "-" "Mozilla/5.0 (Windows NT 10.0; WOW64) AppleWebKit/537.36 (KHTML, like Gecko) Chrome/109.0.0.0 Safari/537.36"
109.234.166.195 - - [20/Jun/2026:04:47:51 +0200] "POST /wp-cron.php?doing_wp_cron=1781923671.6890990734100341796875 HTTP/1.1" 200 - "-" "WordPress/7.0; https://claireduwig.com"
40.77.167.53 - - [20/Jun/2026:04:47:51 +0200] "GET /?listing/25711903/ HTTP/1.1" 301 - "-" "Mozilla/5.0 AppleWebKit/537.36 (KHTML, like Gecko; compatible; bingbot/2.0; +http://www.bing.com/bingbot.htm) Chrome/116.0.1938.76 Safari/537.36"
92.222.104.204 - - [20/Jun/2026:04:48:20 +0200] "GET /?sitemap764.xml HTTP/1.1" 301 - "-" "Mozilla/5.0 (compatible; AhrefsBot/7.0; +http://ahrefs.com/robot/)"
92.222.104.204 - - [20/Jun/2026:04:48:21 +0200] "GET /?sitemap764_xml HTTP/1.1" 200 46855 "-" "Mozilla/5.0 (compatible; AhrefsBot/7.0; +http://ahrefs.com/robot/)"
86.57.172.107 - - [20/Jun/2026:04:53:14 +0200] "GET / HTTP/1.1" 200 46876 "-" "monitor-telegram-clone-realtime/1.0"
192.241.134.160 - - [20/Jun/2026:04:59:30 +0200] "GET / HTTP/1.1" 200 46876 "http://claireduwig.com" "Go-http-client/1.1"
109.234.166.195 - - [20/Jun/2026:05:05:30 +0200] "POST /wp-cron.php?doing_wp_cron=1781924730.7390658855438232421875 HTTP/1.1" 200 - "-" "WordPress/7.0; https://claireduwig.com"
66.249.64.225 - - [20/Jun/2026:05:05:30 +0200] "GET /?listing/11056147/ HTTP/1.1" 301 - "-" "Mozilla/5.0 (Linux; Android 6.0.1; Nexus 5X Build/MMB29P) AppleWebKit/537.36 (KHTML, like Gecko) Chrome/148.0.7778.96 Mobile Safari/537.36 (compatible; Googlebot/2.1; +http://www.google.com/bot.html)"
109.234.166.195 - - [20/Jun/2026:05:05:31 +0200] "POST /wp-cron.php?doing_wp_cron=1781924731.2712309360504150390625 HTTP/1.1" 200 - "-" "WordPress/7.0; https://claireduwig.com"
66.249.64.66 - - [20/Jun/2026:05:05:31 +0200] "GET /?listing%2F11056147%2F HTTP/1.1" 200 46855 "-" "Mozilla/5.0 (Linux; Android 6.0.1; Nexus 5X Build/MMB29P) AppleWebKit/537.36 (KHTML, like Gecko) Chrome/148.0.7778.96 Mobile Safari/537.36 (compatible; Googlebot/2.1; +http://www.google.com/bot.html)"
109.234.166.195 - - [20/Jun/2026:05:07:37 +0200] "POST /wp-cron.php?doing_wp_cron=1781924857.5389919281005859375000 HTTP/1.1" 200 - "-" "WordPress/7.0; https://claireduwig.com"
185.8.107.31 - - [20/Jun/2026:05:07:37 +0200] "GET / HTTP/1.1" 301 - "-" "Mozilla/5.0 (Windows NT 10.0; Win64; x64) AppleWebKit/537.36 (KHTML, like Gecko) Chrome/124.0.0.0 Safari/537.36"
185.8.107.31 - - [20/Jun/2026:05:07:37 +0200] "GET / HTTP/1.1" 200 46876 "https://www.claireduwig.com" "Mozilla/5.0 (Windows NT 10.0; Win64; x64) AppleWebKit/537.36 (KHTML, like Gecko) Chrome/124.0.0.0 Safari/537.36"
185.8.107.31 - - [20/Jun/2026:05:09:09 +0200] "GET /wp-includes/js/dist/i18n.min.js?ver=781d11515ad3d91786ec HTTP/1.1" 200 5697 "-" "Mozilla/5.0 (Windows NT 10.0; Win64; x64) AppleWebKit/537.36 (KHTML, like Gecko) Chrome/124.0.0.0 Safari/537.36"
185.8.107.31 - - [20/Jun/2026:05:09:09 +0200] "GET /wp-includes/js/dist/hooks.min.js?ver=7496969728ca0f95732d HTTP/1.1" 200 5015 "-" "Mozilla/5.0 (Windows NT 10.0; Win64; x64) AppleWebKit/537.36 (KHTML, like Gecko) Chrome/124.0.0.0 Safari/537.36"
109.234.166.195 - - [20/Jun/2026:05:17:34 +0200] "POST /wp-cron.php?doing_wp_cron=1781925454.1868779659271240234375 HTTP/1.1" 200 - "-" "WordPress/7.0; https://claireduwig.com"
91.231.89.101 - - [20/Jun/2026:05:17:34 +0200] "GET / HTTP/1.1" 200 46876 "-" "Mozilla/5.0 (X11; Ubuntu; Linux x86_64; rv:134.0) Gecko/20100101 Firefox/134.0"
109.234.166.195 - - [20/Jun/2026:05:20:14 +0200] "POST /wp-cron.php?doing_wp_cron=1781925614.2325930595397949218750 HTTP/1.1" 200 - "-" "WordPress/7.0; https://claireduwig.com"
66.249.64.224 - - [20/Jun/2026:05:20:14 +0200] "GET /?listing/26761847/ HTTP/1.1" 301 - "-" "Mozilla/5.0 (Linux; Android 6.0.1; Nexus 5X Build/MMB29P) AppleWebKit/537.36 (KHTML, like Gecko) Chrome/148.0.7778.96 Mobile Safari/537.36 (compatible; Googlebot/2.1; +http://www.google.com/bot.html)"
66.249.64.64 - - [20/Jun/2026:05:20:14 +0200] "GET /?listing%2F26761847%2F HTTP/1.1" 200 46855 "-" "Mozilla/5.0 (Linux; Android 6.0.1; Nexus 5X Build/MMB29P) AppleWebKit/537.36 (KHTML, like Gecko) Chrome/148.0.7778.96 Mobile Safari/537.36 (compatible; Googlebot/2.1; +http://www.google.com/bot.html)"
109.234.166.195 - - [20/Jun/2026:05:33:21 +0200] "POST /wp-cron.php?doing_wp_cron=1781926401.8225049972534179687500 HTTP/1.1" 200 - "-" "WordPress/7.0; https://claireduwig.com"
91.231.89.126 - - [20/Jun/2026:05:33:21 +0200] "GET /wp-json/wp/v2/pages/106 HTTP/1.1" 200 1527 "-" "Mozilla/5.0 (X11; Ubuntu; Linux x86_64; rv:134.0) Gecko/20100101 Firefox/134.0"
91.231.89.33 - - [20/Jun/2026:05:33:27 +0200] "GET /wp-json/oembed/1.0/embed?url=https%3A%2F%2Fclaireduwig.com%2F& HTTP/1.1" 200 2119 "-" "Mozilla/5.0 (X11; Ubuntu; Linux x86_64; rv:134.0) Gecko/20100101 Firefox/134.0"
109.234.166.195 - - [20/Jun/2026:05:33:55 +0200] "POST /wp-cron.php?doing_wp_cron=1781926435.8439888954162597656250 HTTP/1.1" 200 - "-" "WordPress/7.0; https://claireduwig.com"
91.231.89.124 - - [20/Jun/2026:05:33:55 +0200] "GET /wp-json/oembed/1.0/embed?url=https%3A%2F%2Fclaireduwig.com%2F HTTP/1.1" 200 2119 "-" "Mozilla/5.0 (X11; Ubuntu; Linux x86_64; rv:134.0) Gecko/20100101 Firefox/134.0"
91.231.89.120 - - [20/Jun/2026:05:33:55 +0200] "GET /?s= HTTP/1.1" 200 41330 "-" "Mozilla/5.0 (X11; Ubuntu; Linux x86_64; rv:134.0) Gecko/20100101 Firefox/134.0"
91.231.89.124 - - [20/Jun/2026:05:33:58 +0200] "GET /wp-json/ HTTP/1.1" 200 382524 "-" "Mozilla/5.0 (X11; Ubuntu; Linux x86_64; rv:134.0) Gecko/20100101 Firefox/134.0"
40.77.167.151 - - [20/Jun/2026:05:33:58 +0200] "GET /?listing/8817369/ HTTP/1.1" 301 - "-" "Mozilla/5.0 AppleWebKit/537.36 (KHTML, like Gecko; compatible; bingbot/2.0; +http://www.bing.com/bingbot.htm) Chrome/116.0.1938.76 Safari/537.36"
40.77.167.151 - - [20/Jun/2026:05:33:58 +0200] "GET /?listing/6110536/ HTTP/1.1" 301 - "-" "Mozilla/5.0 AppleWebKit/537.36 (KHTML, like Gecko; compatible; bingbot/2.0; +http://www.bing.com/bingbot.htm) Chrome/116.0.1938.76 Safari/537.36"
109.234.166.195 - - [20/Jun/2026:05:39:50 +0200] "POST /wp-cron.php?doing_wp_cron=1781926790.1619229316711425781250 HTTP/1.1" 200 - "-" "WordPress/7.0; https://claireduwig.com"
40.77.167.132 - - [20/Jun/2026:05:39:50 +0200] "GET /?listing/7642169/ HTTP/1.1" 301 - "-" "Mozilla/5.0 AppleWebKit/537.36 (KHTML, like Gecko; compatible; bingbot/2.0; +http://www.bing.com/bingbot.htm) Chrome/116.0.1938.76 Safari/537.36"
109.234.166.195 - - [20/Jun/2026:05:41:47 +0200] "POST /wp-cron.php?doing_wp_cron=1781926907.0209209918975830078125 HTTP/1.1" 200 - "-" "WordPress/7.0; https://claireduwig.com"
94.23.188.198 - - [20/Jun/2026:05:41:46 +0200] "GET /?sitemap642.xml HTTP/1.1" 301 - "-" "Mozilla/5.0 (compatible; AhrefsBot/7.0; +http://ahrefs.com/robot/)"
94.23.188.198 - - [20/Jun/2026:05:41:47 +0200] "GET /?sitemap642_xml HTTP/1.1" 200 46855 "-" "Mozilla/5.0 (compatible; AhrefsBot/7.0; +http://ahrefs.com/robot/)"
44.220.226.85 - - [20/Jun/2026:05:44:20 +0200] "GET /robots.txt HTTP/1.1" 200 1154 "-" "Mozilla/5.0 (Macintosh; Intel Mac OS X 10_10_1) AppleWebKit/600.2.5 (KHTML, like Gecko) Version/8.0.2 Safari/600.2.5 (Gort)"
109.234.166.195 - - [20/Jun/2026:06:02:16 +0200] "POST /wp-cron.php?doing_wp_cron=1781928136.8224389553070068359375 HTTP/1.1" 200 - "-" "WordPress/7.0; https://claireduwig.com"
66.249.64.224 - - [20/Jun/2026:06:02:16 +0200] "GET /?listing/15164892/ HTTP/1.1" 301 - "-" "Mozilla/5.0 (Linux; Android 6.0.1; Nexus 5X Build/MMB29P) AppleWebKit/537.36 (KHTML, like Gecko) Chrome/148.0.7778.96 Mobile Safari/537.36 (compatible; Googlebot/2.1; +http://www.google.com/bot.html)"
66.249.64.66 - - [20/Jun/2026:06:02:17 +0200] "GET /?listing%2F15164892%2F HTTP/1.1" 200 46855 "-" "Mozilla/5.0 (Linux; Android 6.0.1; Nexus 5X Build/MMB29P) AppleWebKit/537.36 (KHTML, like Gecko) Chrome/148.0.7778.96 Mobile Safari/537.36 (compatible; Googlebot/2.1; +http://www.google.com/bot.html)"
109.234.166.195 - - [20/Jun/2026:06:04:15 +0200] "POST /wp-cron.php?doing_wp_cron=1781928255.5019509792327880859375 HTTP/1.1" 200 - "-" "WordPress/7.0; https://claireduwig.com"
54.37.118.82 - - [20/Jun/2026:06:04:15 +0200] "GET /?sitemap764.xml HTTP/1.1" 301 - "-" "Mozilla/5.0 (compatible; AhrefsBot/7.0; +http://ahrefs.com/robot/)"
54.37.118.82 - - [20/Jun/2026:06:04:15 +0200] "GET /?sitemap764_xml HTTP/1.1" 200 46855 "-" "Mozilla/5.0 (compatible; AhrefsBot/7.0; +http://ahrefs.com/robot/)"
109.234.166.195 - - [20/Jun/2026:06:05:20 +0200] "POST /wp-cron.php?doing_wp_cron=1781928320.6559379100799560546875 HTTP/1.1" 200 - "-" "WordPress/7.0; https://claireduwig.com"
66.249.64.65 - - [20/Jun/2026:06:05:20 +0200] "GET /expertises/ HTTP/1.1" 200 78038 "-" "Mozilla/5.0 (Linux; Android 6.0.1; Nexus 5X Build/MMB29P) AppleWebKit/537.36 (KHTML, like Gecko) Chrome/149.0.7827.155 Mobile Safari/537.36 (compatible; Googlebot/2.1; +http://www.google.com/bot.html)"
66.249.64.64 - - [20/Jun/2026:06:05:20 +0200] "GET /a-propos/ HTTP/1.1" 200 57696 "-" "Mozilla/5.0 (Linux; Android 6.0.1; Nexus 5X Build/MMB29P) AppleWebKit/537.36 (KHTML, like Gecko) Chrome/149.0.7827.155 Mobile Safari/537.36 (compatible; Googlebot/2.1; +http://www.google.com/bot.html)"
66.249.64.65 - - [20/Jun/2026:06:05:20 +0200] "GET /contact/ HTTP/1.1" 200 51940 "-" "Mozilla/5.0 (Linux; Android 6.0.1; Nexus 5X Build/MMB29P) AppleWebKit/537.36 (KHTML, like Gecko) Chrome/149.0.7827.155 Mobile Safari/537.36 (compatible; Googlebot/2.1; +http://www.google.com/bot.html)"
66.249.64.66 - - [20/Jun/2026:06:05:21 +0200] "GET /portfolio HTTP/1.1" 301 - "-" "Mozilla/5.0 (Linux; Android 6.0.1; Nexus 5X Build/MMB29P) AppleWebKit/537.36 (KHTML, like Gecko) Chrome/149.0.7827.155 Mobile Safari/537.36 (compatible; Googlebot/2.1; +http://www.google.com/bot.html)"
66.249.64.66 - - [20/Jun/2026:06:05:21 +0200] "GET /portfolio/ HTTP/1.1" 200 30856 "-" "Mozilla/5.0 (Linux; Android 6.0.1; Nexus 5X Build/MMB29P) AppleWebKit/537.36 (KHTML, like Gecko) Chrome/149.0.7827.155 Mobile Safari/537.36 (compatible; Googlebot/2.1; +http://www.google.com/bot.html)"
66.249.64.66 - - [20/Jun/2026:06:05:22 +0200] "GET /contact HTTP/1.1" 301 - "-" "Mozilla/5.0 (Linux; Android 6.0.1; Nexus 5X Build/MMB29P) AppleWebKit/537.36 (KHTML, like Gecko) Chrome/149.0.7827.155 Mobile Safari/537.36 (compatible; Googlebot/2.1; +http://www.google.com/bot.html)"
66.249.64.65 - - [20/Jun/2026:06:05:24 +0200] "GET /a-propos HTTP/1.1" 301 - "-" "Mozilla/5.0 (Linux; Android 6.0.1; Nexus 5X Build/MMB29P) AppleWebKit/537.36 (KHTML, like Gecko) Chrome/149.0.7827.155 Mobile Safari/537.36 (compatible; Googlebot/2.1; +http://www.google.com/bot.html)"
66.249.64.64 - - [20/Jun/2026:06:05:25 +0200] "GET /?s={search_term_string} HTTP/1.1" 200 41653 "-" "Mozilla/5.0 (Linux; Android 6.0.1; Nexus 5X Build/MMB29P) AppleWebKit/537.36 (KHTML, like Gecko) Chrome/149.0.7827.155 Mobile Safari/537.36 (compatible; Googlebot/2.1; +http://www.google.com/bot.html)"
109.234.166.195 - - [20/Jun/2026:06:11:48 +0200] "POST /wp-cron.php?doing_wp_cron=1781928708.1702129840850830078125 HTTP/1.1" 200 - "-" "WordPress/7.0; https://claireduwig.com"
66.249.64.224 - - [20/Jun/2026:06:11:48 +0200] "GET /?listing/13304247/ HTTP/1.1" 301 - "-" "Mozilla/5.0 (Linux; Android 6.0.1; Nexus 5X Build/MMB29P) AppleWebKit/537.36 (KHTML, like Gecko) Chrome/148.0.7778.96 Mobile Safari/537.36 (compatible; Googlebot/2.1; +http://www.google.com/bot.html)"
66.249.64.64 - - [20/Jun/2026:06:11:48 +0200] "GET /?listing%2F13304247%2F HTTP/1.1" 200 46855 "-" "Mozilla/5.0 (Linux; Android 6.0.1; Nexus 5X Build/MMB29P) AppleWebKit/537.36 (KHTML, like Gecko) Chrome/148.0.7778.96 Mobile Safari/537.36 (compatible; Googlebot/2.1; +http://www.google.com/bot.html)"
109.234.166.195 - - [20/Jun/2026:06:15:27 +0200] "POST /wp-cron.php?doing_wp_cron=1781928927.9437570571899414062500 HTTP/1.1" 200 - "-" "WordPress/7.0; https://claireduwig.com"
66.249.64.226 - - [20/Jun/2026:06:15:27 +0200] "GET /?listing/25279647/ HTTP/1.1" 301 - "-" "Mozilla/5.0 (Linux; Android 6.0.1; Nexus 5X Build/MMB29P) AppleWebKit/537.36 (KHTML, like Gecko) Chrome/148.0.7778.96 Mobile Safari/537.36 (compatible; Googlebot/2.1; +http://www.google.com/bot.html)"
66.249.64.66 - - [20/Jun/2026:06:15:28 +0200] "GET /?listing%2F25279647%2F HTTP/1.1" 200 46855 "-" "Mozilla/5.0 (Linux; Android 6.0.1; Nexus 5X Build/MMB29P) AppleWebKit/537.36 (KHTML, like Gecko) Chrome/148.0.7778.96 Mobile Safari/537.36 (compatible; Googlebot/2.1; +http://www.google.com/bot.html)"
109.234.166.195 - - [20/Jun/2026:06:26:02 +0200] "POST /wp-cron.php?doing_wp_cron=1781929562.8958239555358886718750 HTTP/1.1" 200 - "-" "WordPress/7.0; https://claireduwig.com"
66.249.64.224 - - [20/Jun/2026:06:26:02 +0200] "GET /?listing/4929303/ HTTP/1.1" 301 - "-" "Mozilla/5.0 (Linux; Android 6.0.1; Nexus 5X Build/MMB29P) AppleWebKit/537.36 (KHTML, like Gecko) Chrome/148.0.7778.96 Mobile Safari/537.36 (compatible; Googlebot/2.1; +http://www.google.com/bot.html)"
66.249.64.66 - - [20/Jun/2026:06:26:03 +0200] "GET /?listing%2F4929303%2F HTTP/1.1" 200 46855 "-" "Mozilla/5.0 (Linux; Android 6.0.1; Nexus 5X Build/MMB29P) AppleWebKit/537.36 (KHTML, like Gecko) Chrome/148.0.7778.96 Mobile Safari/537.36 (compatible; Googlebot/2.1; +http://www.google.com/bot.html)"
109.234.166.195 - - [20/Jun/2026:06:28:11 +0200] "POST /wp-cron.php?doing_wp_cron=1781929691.0590140819549560546875 HTTP/1.1" 200 - "-" "WordPress/7.0; https://claireduwig.com"
66.249.64.226 - - [20/Jun/2026:06:28:10 +0200] "GET /?listing/4950381/ HTTP/1.1" 301 - "-" "Mozilla/5.0 (Linux; Android 6.0.1; Nexus 5X Build/MMB29P) AppleWebKit/537.36 (KHTML, like Gecko) Chrome/148.0.7778.96 Mobile Safari/537.36 (compatible; Googlebot/2.1; +http://www.google.com/bot.html)"
66.249.64.66 - - [20/Jun/2026:06:28:11 +0200] "GET /?listing%2F4950381%2F HTTP/1.1" 200 46855 "-" "Mozilla/5.0 (Linux; Android 6.0.1; Nexus 5X Build/MMB29P) AppleWebKit/537.36 (KHTML, like Gecko) Chrome/148.0.7778.96 Mobile Safari/537.36 (compatible; Googlebot/2.1; +http://www.google.com/bot.html)"
109.234.166.195 - - [20/Jun/2026:06:29:37 +0200] "POST /wp-cron.php?doing_wp_cron=1781929777.0728070735931396484375 HTTP/1.1" 200 - "-" "WordPress/7.0; https://claireduwig.com"
66.249.64.226 - - [20/Jun/2026:06:29:36 +0200] "GET /?listing/23137758/ HTTP/1.1" 301 - "-" "Mozilla/5.0 (Linux; Android 6.0.1; Nexus 5X Build/MMB29P) AppleWebKit/537.36 (KHTML, like Gecko) Chrome/148.0.7778.96 Mobile Safari/537.36 (compatible; Googlebot/2.1; +http://www.google.com/bot.html)"
66.249.64.65 - - [20/Jun/2026:06:29:37 +0200] "GET /?listing%2F23137758%2F HTTP/1.1" 200 46855 "-" "Mozilla/5.0 (Linux; Android 6.0.1; Nexus 5X Build/MMB29P) AppleWebKit/537.36 (KHTML, like Gecko) Chrome/148.0.7778.96 Mobile Safari/537.36 (compatible; Googlebot/2.1; +http://www.google.com/bot.html)"
109.234.166.195 - - [20/Jun/2026:06:31:51 +0200] "POST /wp-cron.php?doing_wp_cron=1781929911.1452701091766357421875 HTTP/1.1" 200 - "-" "WordPress/7.0; https://claireduwig.com"
66.249.64.226 - - [20/Jun/2026:06:31:51 +0200] "GET /?listing/3822158/ HTTP/1.1" 301 - "-" "Mozilla/5.0 (Linux; Android 6.0.1; Nexus 5X Build/MMB29P) AppleWebKit/537.36 (KHTML, like Gecko) Chrome/148.0.7778.96 Mobile Safari/537.36 (compatible; Googlebot/2.1; +http://www.google.com/bot.html)"
66.249.64.65 - - [20/Jun/2026:06:31:51 +0200] "GET /?listing%2F3822158%2F HTTP/1.1" 200 46855 "-" "Mozilla/5.0 (Linux; Android 6.0.1; Nexus 5X Build/MMB29P) AppleWebKit/537.36 (KHTML, like Gecko) Chrome/148.0.7778.96 Mobile Safari/537.36 (compatible; Googlebot/2.1; +http://www.google.com/bot.html)"
47.79.196.208 - - [20/Jun/2026:06:32:56 +0200] "GET /wp-content/uploads/2024/05/projet-planty-vignette.webp HTTP/1.1" 200 31148 "-" "Mozilla/5.0 (Macintosh; Intel Mac OS X 10_15_7) AppleWebKit/537.36 (KHTML, like Gecko) Chrome/146.0.0.0 Safari/537.36"
109.234.166.195 - - [20/Jun/2026:06:33:31 +0200] "POST /wp-cron.php?doing_wp_cron=1781930011.8159270286560058593750 HTTP/1.1" 200 - "-" "WordPress/7.0; https://claireduwig.com"
66.249.64.224 - - [20/Jun/2026:06:33:31 +0200] "GET /?listing/12454970/ HTTP/1.1" 301 - "-" "Mozilla/5.0 (Linux; Android 6.0.1; Nexus 5X Build/MMB29P) AppleWebKit/537.36 (KHTML, like Gecko) Chrome/148.0.7778.96 Mobile Safari/537.36 (compatible; Googlebot/2.1; +http://www.google.com/bot.html)"
66.249.64.64 - - [20/Jun/2026:06:33:32 +0200] "GET /?listing%2F12454970%2F HTTP/1.1" 200 46855 "-" "Mozilla/5.0 (Linux; Android 6.0.1; Nexus 5X Build/MMB29P) AppleWebKit/537.36 (KHTML, like Gecko) Chrome/148.0.7778.96 Mobile Safari/537.36 (compatible; Googlebot/2.1; +http://www.google.com/bot.html)"
109.234.166.195 - - [20/Jun/2026:06:34:35 +0200] "POST /wp-cron.php?doing_wp_cron=1781930075.9761490821838378906250 HTTP/1.1" 200 - "-" "WordPress/7.0; https://claireduwig.com"
66.249.64.224 - - [20/Jun/2026:06:34:35 +0200] "GET /?listing/11915792/ HTTP/1.1" 301 - "-" "Mozilla/5.0 (Linux; Android 6.0.1; Nexus 5X Build/MMB29P) AppleWebKit/537.36 (KHTML, like Gecko) Chrome/148.0.7778.96 Mobile Safari/537.36 (compatible; Googlebot/2.1; +http://www.google.com/bot.html)"
66.249.64.64 - - [20/Jun/2026:06:34:36 +0200] "GET /?listing%2F11915792%2F HTTP/1.1" 200 46855 "-" "Mozilla/5.0 (Linux; Android 6.0.1; Nexus 5X Build/MMB29P) AppleWebKit/537.36 (KHTML, like Gecko) Chrome/148.0.7778.96 Mobile Safari/537.36 (compatible; Googlebot/2.1; +http://www.google.com/bot.html)"
109.234.166.195 - - [20/Jun/2026:06:36:44 +0200] "POST /wp-cron.php?doing_wp_cron=1781930204.2935130596160888671875 HTTP/1.1" 200 - "-" "WordPress/7.0; https://claireduwig.com"
66.249.64.226 - - [20/Jun/2026:06:36:44 +0200] "GET /?listing/24857636/ HTTP/1.1" 301 - "-" "Mozilla/5.0 (Linux; Android 6.0.1; Nexus 5X Build/MMB29P) AppleWebKit/537.36 (KHTML, like Gecko) Chrome/148.0.7778.96 Mobile Safari/537.36 (compatible; Googlebot/2.1; +http://www.google.com/bot.html)"
66.249.64.65 - - [20/Jun/2026:06:36:44 +0200] "GET /?listing%2F24857636%2F HTTP/1.1" 200 46855 "-" "Mozilla/5.0 (Linux; Android 6.0.1; Nexus 5X Build/MMB29P) AppleWebKit/537.36 (KHTML, like Gecko) Chrome/148.0.7778.96 Mobile Safari/537.36 (compatible; Googlebot/2.1; +http://www.google.com/bot.html)"
109.234.166.195 - - [20/Jun/2026:06:38:52 +0200] "POST /wp-cron.php?doing_wp_cron=1781930332.6268939971923828125000 HTTP/1.1" 200 - "-" "WordPress/7.0; https://claireduwig.com"
66.249.64.225 - - [20/Jun/2026:06:38:52 +0200] "GET /?listing/9271603/ HTTP/1.1" 301 - "-" "Mozilla/5.0 (Linux; Android 6.0.1; Nexus 5X Build/MMB29P) AppleWebKit/537.36 (KHTML, like Gecko) Chrome/148.0.7778.96 Mobile Safari/537.36 (compatible; Googlebot/2.1; +http://www.google.com/bot.html)"
66.249.64.66 - - [20/Jun/2026:06:38:52 +0200] "GET /?listing%2F9271603%2F HTTP/1.1" 200 46855 "-" "Mozilla/5.0 (Linux; Android 6.0.1; Nexus 5X Build/MMB29P) AppleWebKit/537.36 (KHTML, like Gecko) Chrome/148.0.7778.96 Mobile Safari/537.36 (compatible; Googlebot/2.1; +http://www.google.com/bot.html)"
109.234.166.195 - - [20/Jun/2026:06:40:14 +0200] "POST /wp-cron.php?doing_wp_cron=1781930414.7945170402526855468750 HTTP/1.1" 200 - "-" "WordPress/7.0; https://claireduwig.com"
66.249.64.225 - - [20/Jun/2026:06:40:14 +0200] "GET /?listing/3548936/ HTTP/1.1" 301 - "-" "Mozilla/5.0 (Linux; Android 6.0.1; Nexus 5X Build/MMB29P) AppleWebKit/537.36 (KHTML, like Gecko) Chrome/148.0.7778.96 Mobile Safari/537.36 (compatible; Googlebot/2.1; +http://www.google.com/bot.html)"
66.249.64.65 - - [20/Jun/2026:06:40:15 +0200] "GET /?listing%2F3548936%2F HTTP/1.1" 200 46855 "-" "Mozilla/5.0 (Linux; Android 6.0.1; Nexus 5X Build/MMB29P) AppleWebKit/537.36 (KHTML, like Gecko) Chrome/148.0.7778.96 Mobile Safari/537.36 (compatible; Googlebot/2.1; +http://www.google.com/bot.html)"
109.234.166.195 - - [20/Jun/2026:06:42:05 +0200] "POST /wp-cron.php?doing_wp_cron=1781930525.0561010837554931640625 HTTP/1.1" 200 - "-" "WordPress/7.0; https://claireduwig.com"
66.249.64.225 - - [20/Jun/2026:06:42:04 +0200] "GET /?listing/24786470/ HTTP/1.1" 301 - "-" "Mozilla/5.0 (Linux; Android 6.0.1; Nexus 5X Build/MMB29P) AppleWebKit/537.36 (KHTML, like Gecko) Chrome/148.0.7778.96 Mobile Safari/537.36 (compatible; Googlebot/2.1; +http://www.google.com/bot.html)"
66.249.64.65 - - [20/Jun/2026:06:42:05 +0200] "GET /?listing%2F24786470%2F HTTP/1.1" 200 46855 "-" "Mozilla/5.0 (Linux; Android 6.0.1; Nexus 5X Build/MMB29P) AppleWebKit/537.36 (KHTML, like Gecko) Chrome/148.0.7778.96 Mobile Safari/537.36 (compatible; Googlebot/2.1; +http://www.google.com/bot.html)"
109.234.166.195 - - [20/Jun/2026:06:43:20 +0200] "POST /wp-cron.php?doing_wp_cron=1781930600.2540121078491210937500 HTTP/1.1" 200 - "-" "WordPress/7.0; https://claireduwig.com"
66.249.64.225 - - [20/Jun/2026:06:43:20 +0200] "GET /?listing/27200225/ HTTP/1.1" 301 - "-" "Mozilla/5.0 (Linux; Android 6.0.1; Nexus 5X Build/MMB29P) AppleWebKit/537.36 (KHTML, like Gecko) Chrome/148.0.7778.96 Mobile Safari/537.36 (compatible; Googlebot/2.1; +http://www.google.com/bot.html)"
66.249.64.65 - - [20/Jun/2026:06:43:20 +0200] "GET /?listing%2F27200225%2F HTTP/1.1" 200 46855 "-" "Mozilla/5.0 (Linux; Android 6.0.1; Nexus 5X Build/MMB29P) AppleWebKit/537.36 (KHTML, like Gecko) Chrome/148.0.7778.96 Mobile Safari/537.36 (compatible; Googlebot/2.1; +http://www.google.com/bot.html)"
109.234.166.195 - - [20/Jun/2026:06:44:26 +0200] "POST /wp-cron.php?doing_wp_cron=1781930665.9979639053344726562500 HTTP/1.1" 200 - "-" "WordPress/7.0; https://claireduwig.com"
66.249.64.224 - - [20/Jun/2026:06:44:25 +0200] "GET /?listing/9281869/ HTTP/1.1" 301 - "-" "Mozilla/5.0 (Linux; Android 6.0.1; Nexus 5X Build/MMB29P) AppleWebKit/537.36 (KHTML, like Gecko) Chrome/148.0.7778.96 Mobile Safari/537.36 (compatible; Googlebot/2.1; +http://www.google.com/bot.html)"
66.249.64.66 - - [20/Jun/2026:06:44:26 +0200] "GET /?listing%2F9281869%2F HTTP/1.1" 200 46855 "-" "Mozilla/5.0 (Linux; Android 6.0.1; Nexus 5X Build/MMB29P) AppleWebKit/537.36 (KHTML, like Gecko) Chrome/148.0.7778.96 Mobile Safari/537.36 (compatible; Googlebot/2.1; +http://www.google.com/bot.html)"
109.234.166.195 - - [20/Jun/2026:06:44:38 +0200] "POST /wp-cron.php?doing_wp_cron=1781930678.8247220516204833984375 HTTP/1.1" 200 - "-" "WordPress/7.0; https://claireduwig.com"
40.77.167.3 - - [20/Jun/2026:06:44:38 +0200] "GET /?listing/5251947/ HTTP/1.1" 301 - "-" "Mozilla/5.0 AppleWebKit/537.36 (KHTML, like Gecko; compatible; bingbot/2.0; +http://www.bing.com/bingbot.htm) Chrome/116.0.1938.76 Safari/537.36"
40.77.167.3 - - [20/Jun/2026:06:44:38 +0200] "GET /?careers HTTP/1.1" 200 46855 "-" "Mozilla/5.0 AppleWebKit/537.36 (KHTML, like Gecko; compatible; bingbot/2.0; +http://www.bing.com/bingbot.htm) Chrome/116.0.1938.76 Safari/537.36"
109.234.166.195 - - [20/Jun/2026:06:45:32 +0200] "POST /wp-cron.php?doing_wp_cron=1781930732.2205979824066162109375 HTTP/1.1" 200 - "-" "WordPress/7.0; https://claireduwig.com"
66.249.64.225 - - [20/Jun/2026:06:45:32 +0200] "GET /?listing/13400170/ HTTP/1.1" 301 - "-" "Mozilla/5.0 (Linux; Android 6.0.1; Nexus 5X Build/MMB29P) AppleWebKit/537.36 (KHTML, like Gecko) Chrome/148.0.7778.96 Mobile Safari/537.36 (compatible; Googlebot/2.1; +http://www.google.com/bot.html)"
66.249.64.65 - - [20/Jun/2026:06:45:32 +0200] "GET /?listing%2F13400170%2F HTTP/1.1" 200 46855 "-" "Mozilla/5.0 (Linux; Android 6.0.1; Nexus 5X Build/MMB29P) AppleWebKit/537.36 (KHTML, like Gecko) Chrome/148.0.7778.96 Mobile Safari/537.36 (compatible; Googlebot/2.1; +http://www.google.com/bot.html)"
66.249.64.226 - - [20/Jun/2026:06:46:21 +0200] "GET /?listing/4162447/ HTTP/1.1" 301 - "-" "Mozilla/5.0 (Linux; Android 6.0.1; Nexus 5X Build/MMB29P) AppleWebKit/537.36 (KHTML, like Gecko) Chrome/148.0.7778.96 Mobile Safari/537.36 (compatible; Googlebot/2.1; +http://www.google.com/bot.html)"
66.249.64.65 - - [20/Jun/2026:06:46:22 +0200] "GET /?listing%2F4162447%2F HTTP/1.1" 200 46855 "-" "Mozilla/5.0 (Linux; Android 6.0.1; Nexus 5X Build/MMB29P) AppleWebKit/537.36 (KHTML, like Gecko) Chrome/148.0.7778.96 Mobile Safari/537.36 (compatible; Googlebot/2.1; +http://www.google.com/bot.html)"
109.234.166.195 - - [20/Jun/2026:06:48:02 +0200] "POST /wp-cron.php?doing_wp_cron=1781930881.9935729503631591796875 HTTP/1.1" 200 - "-" "WordPress/7.0; https://claireduwig.com"
66.249.64.226 - - [20/Jun/2026:06:48:01 +0200] "GET /?listing/20092525/ HTTP/1.1" 301 - "-" "Mozilla/5.0 (Linux; Android 6.0.1; Nexus 5X Build/MMB29P) AppleWebKit/537.36 (KHTML, like Gecko) Chrome/148.0.7778.96 Mobile Safari/537.36 (compatible; Googlebot/2.1; +http://www.google.com/bot.html)"
66.249.64.64 - - [20/Jun/2026:06:48:02 +0200] "GET /?listing%2F20092525%2F HTTP/1.1" 200 46855 "-" "Mozilla/5.0 (Linux; Android 6.0.1; Nexus 5X Build/MMB29P) AppleWebKit/537.36 (KHTML, like Gecko) Chrome/148.0.7778.96 Mobile Safari/537.36 (compatible; Googlebot/2.1; +http://www.google.com/bot.html)"
109.234.166.195 - - [20/Jun/2026:06:48:33 +0200] "POST /wp-cron.php?doing_wp_cron=1781930913.7895228862762451171875 HTTP/1.1" 200 - "-" "WordPress/7.0; https://claireduwig.com"
66.249.64.225 - - [20/Jun/2026:06:48:33 +0200] "GET /?listing/23785181/ HTTP/1.1" 301 - "-" "Mozilla/5.0 (Linux; Android 6.0.1; Nexus 5X Build/MMB29P) AppleWebKit/537.36 (KHTML, like Gecko) Chrome/148.0.7778.96 Mobile Safari/537.36 (compatible; Googlebot/2.1; +http://www.google.com/bot.html)"
66.249.64.65 - - [20/Jun/2026:06:48:34 +0200] "GET /?listing%2F23785181%2F HTTP/1.1" 200 46855 "-" "Mozilla/5.0 (Linux; Android 6.0.1; Nexus 5X Build/MMB29P) AppleWebKit/537.36 (KHTML, like Gecko) Chrome/148.0.7778.96 Mobile Safari/537.36 (compatible; Googlebot/2.1; +http://www.google.com/bot.html)"
109.234.166.195 - - [20/Jun/2026:06:50:38 +0200] "POST /wp-cron.php?doing_wp_cron=1781931038.0403759479522705078125 HTTP/1.1" 200 - "-" "WordPress/7.0; https://claireduwig.com"
66.249.64.225 - - [20/Jun/2026:06:50:37 +0200] "GET /?listing/12411681/ HTTP/1.1" 301 - "-" "Mozilla/5.0 (Linux; Android 6.0.1; Nexus 5X Build/MMB29P) AppleWebKit/537.36 (KHTML, like Gecko) Chrome/148.0.7778.96 Mobile Safari/537.36 (compatible; Googlebot/2.1; +http://www.google.com/bot.html)"
66.249.64.65 - - [20/Jun/2026:06:50:38 +0200] "GET /?listing%2F12411681%2F HTTP/1.1" 200 46855 "-" "Mozilla/5.0 (Linux; Android 6.0.1; Nexus 5X Build/MMB29P) AppleWebKit/537.36 (KHTML, like Gecko) Chrome/148.0.7778.96 Mobile Safari/537.36 (compatible; Googlebot/2.1; +http://www.google.com/bot.html)"
109.234.166.195 - - [20/Jun/2026:06:59:50 +0200] "POST /wp-cron.php?doing_wp_cron=1781931590.5366339683532714843750 HTTP/1.1" 200 - "-" "WordPress/7.0; https://claireduwig.com"
77.243.90.188 - - [20/Jun/2026:06:59:50 +0200] "GET /?add-to-cart01228263=69456&_=1781931589965041200 HTTP/1.1" 200 46855 "-" "Mozilla/5.0 (Windows NT 10.0; Win64; x64) AppleWebKit/537.36 (KHTML, like Gecko) Chrome/120.0.0.0 Safari/537.36"
142.93.133.113 - - [20/Jun/2026:07:00:45 +0200] "GET / HTTP/1.1" 301 - "-" "Mozilla/5.0 (X11; Linux x86_64; rv:142.0) Gecko/20100101 Firefox/142.0"
142.93.133.113 - - [20/Jun/2026:07:00:46 +0200] "GET /favicon.ico HTTP/1.1" 302 - "https://mail.claireduwig.com/" "Mozilla/5.0 (X11; Linux x86_64; rv:142.0) Gecko/20100101 Firefox/142.0"
109.234.166.195 - - [20/Jun/2026:07:08:22 +0200] "POST /wp-cron.php?doing_wp_cron=1781932102.8423409461975097656250 HTTP/1.1" 200 - "-" "WordPress/7.0; https://claireduwig.com"
66.249.64.226 - - [20/Jun/2026:07:08:22 +0200] "GET /?listing/24795303/ HTTP/1.1" 301 - "-" "Mozilla/5.0 (Linux; Android 6.0.1; Nexus 5X Build/MMB29P) AppleWebKit/537.36 (KHTML, like Gecko) Chrome/148.0.7778.96 Mobile Safari/537.36 (compatible; Googlebot/2.1; +http://www.google.com/bot.html)"
66.249.64.66 - - [20/Jun/2026:07:08:23 +0200] "GET /?listing%2F24795303%2F HTTP/1.1" 200 46855 "-" "Mozilla/5.0 (Linux; Android 6.0.1; Nexus 5X Build/MMB29P) AppleWebKit/537.36 (KHTML, like Gecko) Chrome/148.0.7778.96 Mobile Safari/537.36 (compatible; Googlebot/2.1; +http://www.google.com/bot.html)"
51.68.247.204 - - [20/Jun/2026:07:11:29 +0200] "GET /robots.txt HTTP/1.1" 200 1154 "-" "Mozilla/5.0 (compatible; AhrefsBot/7.0; +http://ahrefs.com/robot/)"
109.234.166.195 - - [20/Jun/2026:07:11:31 +0200] "POST /wp-cron.php?doing_wp_cron=1781932291.0599958896636962890625 HTTP/1.1" 200 - "-" "WordPress/7.0; https://claireduwig.com"
5.39.1.249 - - [20/Jun/2026:07:11:30 +0200] "GET /?sitemap642.xml HTTP/1.1" 301 - "-" "Mozilla/5.0 (compatible; AhrefsBot/7.0; +http://ahrefs.com/robot/)"
5.39.1.249 - - [20/Jun/2026:07:11:31 +0200] "GET /?sitemap642_xml HTTP/1.1" 200 46855 "-" "Mozilla/5.0 (compatible; AhrefsBot/7.0; +http://ahrefs.com/robot/)"
109.234.166.195 - - [20/Jun/2026:07:13:34 +0200] "POST /wp-cron.php?doing_wp_cron=1781932414.7869269847869873046875 HTTP/1.1" 200 - "-" "WordPress/7.0; https://claireduwig.com"
40.77.167.79 - - [20/Jun/2026:07:13:34 +0200] "GET /?listing/21852025/ HTTP/1.1" 301 - "-" "Mozilla/5.0 AppleWebKit/537.36 (KHTML, like Gecko; compatible; bingbot/2.0; +http://www.bing.com/bingbot.htm) Chrome/116.0.1938.76 Safari/537.36"
109.234.166.195 - - [20/Jun/2026:07:25:56 +0200] "POST /wp-cron.php?doing_wp_cron=1781933156.9768118858337402343750 HTTP/1.1" 200 - "-" "WordPress/7.0; https://claireduwig.com"
193.142.37.56 - - [20/Jun/2026:07:25:56 +0200] "GET /?aaboutpagecarted=53052&_=1781933156182430300 HTTP/1.1" 200 46855 "-" "Mozilla/5.0 (Windows NT 10.0; Win64; x64) AppleWebKit/537.36 (KHTML, like Gecko) Chrome/120.0.0.0 Safari/537.36"
109.234.166.195 - - [20/Jun/2026:07:33:15 +0200] "POST /wp-cron.php?doing_wp_cron=1781933595.6149370670318603515625 HTTP/1.1" 200 - "-" "WordPress/7.0; https://claireduwig.com"
66.249.64.226 - - [20/Jun/2026:07:33:15 +0200] "GET /?listing/14024158/ HTTP/1.1" 301 - "-" "Mozilla/5.0 (Linux; Android 6.0.1; Nexus 5X Build/MMB29P) AppleWebKit/537.36 (KHTML, like Gecko) Chrome/148.0.7778.96 Mobile Safari/537.36 (compatible; Googlebot/2.1; +http://www.google.com/bot.html)"
66.249.64.65 - - [20/Jun/2026:07:33:15 +0200] "GET /?listing%2F14024158%2F HTTP/1.1" 200 46855 "-" "Mozilla/5.0 (Linux; Android 6.0.1; Nexus 5X Build/MMB29P) AppleWebKit/537.36 (KHTML, like Gecko) Chrome/148.0.7778.96 Mobile Safari/537.36 (compatible; Googlebot/2.1; +http://www.google.com/bot.html)"
109.234.166.195 - - [20/Jun/2026:07:34:26 +0200] "POST /wp-cron.php?doing_wp_cron=1781933666.2999289035797119140625 HTTP/1.1" 200 - "-" "WordPress/7.0; https://claireduwig.com"
66.249.64.224 - - [20/Jun/2026:07:34:26 +0200] "GET /?listing/22521503/ HTTP/1.1" 301 - "-" "Mozilla/5.0 (Linux; Android 6.0.1; Nexus 5X Build/MMB29P) AppleWebKit/537.36 (KHTML, like Gecko) Chrome/148.0.7778.96 Mobile Safari/537.36 (compatible; Googlebot/2.1; +http://www.google.com/bot.html)"
66.249.64.66 - - [20/Jun/2026:07:34:26 +0200] "GET /?listing%2F22521503%2F HTTP/1.1" 200 46855 "-" "Mozilla/5.0 (Linux; Android 6.0.1; Nexus 5X Build/MMB29P) AppleWebKit/537.36 (KHTML, like Gecko) Chrome/148.0.7778.96 Mobile Safari/537.36 (compatible; Googlebot/2.1; +http://www.google.com/bot.html)"
109.234.166.195 - - [20/Jun/2026:07:36:48 +0200] "POST /wp-cron.php?doing_wp_cron=1781933808.5058960914611816406250 HTTP/1.1" 200 - "-" "WordPress/7.0; https://claireduwig.com"
66.249.64.226 - - [20/Jun/2026:07:36:48 +0200] "GET /?listing/13366569/ HTTP/1.1" 301 - "-" "Mozilla/5.0 (Linux; Android 6.0.1; Nexus 5X Build/MMB29P) AppleWebKit/537.36 (KHTML, like Gecko) Chrome/148.0.7778.96 Mobile Safari/537.36 (compatible; Googlebot/2.1; +http://www.google.com/bot.html)"
66.249.64.64 - - [20/Jun/2026:07:36:48 +0200] "GET /?listing%2F13366569%2F HTTP/1.1" 200 46855 "-" "Mozilla/5.0 (Linux; Android 6.0.1; Nexus 5X Build/MMB29P) AppleWebKit/537.36 (KHTML, like Gecko) Chrome/148.0.7778.96 Mobile Safari/537.36 (compatible; Googlebot/2.1; +http://www.google.com/bot.html)"
109.234.166.195 - - [20/Jun/2026:07:39:25 +0200] "POST /wp-cron.php?doing_wp_cron=1781933965.9101738929748535156250 HTTP/1.1" 200 - "-" "WordPress/7.0; https://claireduwig.com"
66.249.64.225 - - [20/Jun/2026:07:39:25 +0200] "GET /?listing/11666136/ HTTP/1.1" 301 - "-" "Mozilla/5.0 (Linux; Android 6.0.1; Nexus 5X Build/MMB29P) AppleWebKit/537.36 (KHTML, like Gecko) Chrome/148.0.7778.96 Mobile Safari/537.36 (compatible; Googlebot/2.1; +http://www.google.com/bot.html)"
66.249.64.65 - - [20/Jun/2026:07:39:26 +0200] "GET /?listing%2F11666136%2F HTTP/1.1" 200 46855 "-" "Mozilla/5.0 (Linux; Android 6.0.1; Nexus 5X Build/MMB29P) AppleWebKit/537.36 (KHTML, like Gecko) Chrome/148.0.7778.96 Mobile Safari/537.36 (compatible; Googlebot/2.1; +http://www.google.com/bot.html)"
109.234.166.195 - - [20/Jun/2026:07:39:56 +0200] "POST /wp-cron.php?doing_wp_cron=1781933996.8678729534149169921875 HTTP/1.1" 200 - "-" "WordPress/7.0; https://claireduwig.com"
94.23.188.221 - - [20/Jun/2026:07:39:56 +0200] "GET /?sitemap764.xml HTTP/1.1" 301 - "-" "Mozilla/5.0 (compatible; AhrefsBot/7.0; +http://ahrefs.com/robot/)"
94.23.188.221 - - [20/Jun/2026:07:39:56 +0200] "GET /?sitemap764_xml HTTP/1.1" 200 46855 "-" "Mozilla/5.0 (compatible; AhrefsBot/7.0; +http://ahrefs.com/robot/)"
66.249.64.226 - - [20/Jun/2026:07:40:00 +0200] "GET /?listing/4036025/ HTTP/1.1" 301 - "-" "Mozilla/5.0 (Linux; Android 6.0.1; Nexus 5X Build/MMB29P) AppleWebKit/537.36 (KHTML, like Gecko) Chrome/148.0.7778.96 Mobile Safari/537.36 (compatible; Googlebot/2.1; +http://www.google.com/bot.html)"
66.249.64.65 - - [20/Jun/2026:07:40:01 +0200] "GET /?listing%2F4036025%2F HTTP/1.1" 200 46855 "-" "Mozilla/5.0 (Linux; Android 6.0.1; Nexus 5X Build/MMB29P) AppleWebKit/537.36 (KHTML, like Gecko) Chrome/148.0.7778.96 Mobile Safari/537.36 (compatible; Googlebot/2.1; +http://www.google.com/bot.html)"
109.234.166.195 - - [20/Jun/2026:07:42:48 +0200] "POST /wp-cron.php?doing_wp_cron=1781934168.1418859958648681640625 HTTP/1.1" 200 - "-" "WordPress/7.0; https://claireduwig.com"
66.249.64.225 - - [20/Jun/2026:07:42:48 +0200] "GET /?listing/21713003/ HTTP/1.1" 301 - "-" "Mozilla/5.0 (Linux; Android 6.0.1; Nexus 5X Build/MMB29P) AppleWebKit/537.36 (KHTML, like Gecko) Chrome/148.0.7778.96 Mobile Safari/537.36 (compatible; Googlebot/2.1; +http://www.google.com/bot.html)"
66.249.64.64 - - [20/Jun/2026:07:42:49 +0200] "GET /?listing%2F21713003%2F HTTP/1.1" 200 46855 "-" "Mozilla/5.0 (Linux; Android 6.0.1; Nexus 5X Build/MMB29P) AppleWebKit/537.36 (KHTML, like Gecko) Chrome/148.0.7778.96 Mobile Safari/537.36 (compatible; Googlebot/2.1; +http://www.google.com/bot.html)"
34.85.218.54 - - [20/Jun/2026:07:43:05 +0200] "GET / HTTP/1.1" 200 46876 "https://duckduckgo.com/" "Mozilla/5.0 (Windows NT 10.0; Win64; x64) AppleWebKit/537.36 (KHTML, like Gecko) Chrome/124.0.0.0 Safari/537.36"
34.85.218.54 - - [20/Jun/2026:07:43:06 +0200] "GET /wp-includes/js/dist/hooks.min.js?ver=7496969728ca0f95732d HTTP/1.1" 200 5015 "https://claireduwig.com" "Mozilla/5.0 (Windows NT 10.0; Win64; x64) AppleWebKit/537.36 (KHTML, like Gecko) Chrome/124.0.0.0 Safari/537.36"
34.85.218.54 - - [20/Jun/2026:07:43:06 +0200] "GET /wp-includes/js/dist/i18n.min.js?ver=781d11515ad3d91786ec HTTP/1.1" 200 5697 "https://claireduwig.com" "Mozilla/5.0 (Windows NT 10.0; Win64; x64) AppleWebKit/537.36 (KHTML, like Gecko) Chrome/124.0.0.0 Safari/537.36"
34.85.218.54 - - [20/Jun/2026:07:43:06 +0200] "GET /wp-content/plugins/contact-form-7/includes/swv/js/index.js?ver=6.1.5 HTTP/1.1" 200 12512 "https://claireduwig.com" "Mozilla/5.0 (Windows NT 10.0; Win64; x64) AppleWebKit/537.36 (KHTML, like Gecko) Chrome/124.0.0.0 Safari/537.36"
34.85.218.54 - - [20/Jun/2026:07:43:06 +0200] "GET /wp-content/plugins/contact-form-7/includes/js/index.js?ver=6.1.5 HTTP/1.1" 200 13452 "https://claireduwig.com" "Mozilla/5.0 (Windows NT 10.0; Win64; x64) AppleWebKit/537.36 (KHTML, like Gecko) Chrome/124.0.0.0 Safari/537.36"
34.85.218.54 - - [20/Jun/2026:07:43:06 +0200] "GET /wp-content/themes/ClrD/js/header.js HTTP/1.1" 200 275 "https://claireduwig.com" "Mozilla/5.0 (Windows NT 10.0; Win64; x64) AppleWebKit/537.36 (KHTML, like Gecko) Chrome/124.0.0.0 Safari/537.36"
34.85.218.54 - - [20/Jun/2026:07:43:06 +0200] "GET /wp-content/themes/ClrD/js/recommandations.js HTTP/1.1" 200 457 "https://claireduwig.com" "Mozilla/5.0 (Windows NT 10.0; Win64; x64) AppleWebKit/537.36 (KHTML, like Gecko) Chrome/124.0.0.0 Safari/537.36"
34.85.218.54 - - [20/Jun/2026:07:43:06 +0200] "GET / HTTP/1.1" 200 46876 "https://claireduwig.com" "Mozilla/5.0 (Windows NT 10.0; Win64; x64) AppleWebKit/537.36 (KHTML, like Gecko) Chrome/124.0.0.0 Safari/537.36"
34.85.218.54 - - [20/Jun/2026:07:43:06 +0200] "GET /portfolio/ HTTP/1.1" 200 30856 "https://claireduwig.com" "Mozilla/5.0 (Windows NT 10.0; Win64; x64) AppleWebKit/537.36 (KHTML, like Gecko) Chrome/124.0.0.0 Safari/537.36"
34.85.218.54 - - [20/Jun/2026:07:43:06 +0200] "GET /a-propos/ HTTP/1.1" 200 57696 "https://claireduwig.com" "Mozilla/5.0 (Windows NT 10.0; Win64; x64) AppleWebKit/537.36 (KHTML, like Gecko) Chrome/124.0.0.0 Safari/537.36"
34.85.218.54 - - [20/Jun/2026:07:43:06 +0200] "GET /expertises/ HTTP/1.1" 200 78038 "https://claireduwig.com" "Mozilla/5.0 (Windows NT 10.0; Win64; x64) AppleWebKit/537.36 (KHTML, like Gecko) Chrome/124.0.0.0 Safari/537.36"
34.85.218.54 - - [20/Jun/2026:07:43:06 +0200] "GET /contact/ HTTP/1.1" 200 51940 "https://claireduwig.com" "Mozilla/5.0 (Windows NT 10.0; Win64; x64) AppleWebKit/537.36 (KHTML, like Gecko) Chrome/124.0.0.0 Safari/537.36"
34.85.218.54 - - [20/Jun/2026:07:43:06 +0200] "GET /a-propos HTTP/1.1" 301 - "https://claireduwig.com" "Mozilla/5.0 (Windows NT 10.0; Win64; x64) AppleWebKit/537.36 (KHTML, like Gecko) Chrome/124.0.0.0 Safari/537.36"
34.85.218.54 - - [20/Jun/2026:07:43:06 +0200] "GET /expertises HTTP/1.1" 301 - "https://claireduwig.com" "Mozilla/5.0 (Windows NT 10.0; Win64; x64) AppleWebKit/537.36 (KHTML, like Gecko) Chrome/124.0.0.0 Safari/537.36"
34.85.218.54 - - [20/Jun/2026:07:43:06 +0200] "GET /projet/emmanuel-bruas/ HTTP/1.1" 200 31414 "https://claireduwig.com" "Mozilla/5.0 (Windows NT 10.0; Win64; x64) AppleWebKit/537.36 (KHTML, like Gecko) Chrome/124.0.0.0 Safari/537.36"
34.85.218.54 - - [20/Jun/2026:07:43:06 +0200] "GET /projet/trace-studio/ HTTP/1.1" 200 30812 "https://claireduwig.com" "Mozilla/5.0 (Windows NT 10.0; Win64; x64) AppleWebKit/537.36 (KHTML, like Gecko) Chrome/124.0.0.0 Safari/537.36"
34.85.218.54 - - [20/Jun/2026:07:43:06 +0200] "GET /portfolio HTTP/1.1" 301 - "https://claireduwig.com" "Mozilla/5.0 (Windows NT 10.0; Win64; x64) AppleWebKit/537.36 (KHTML, like Gecko) Chrome/124.0.0.0 Safari/537.36"
34.85.218.54 - - [20/Jun/2026:07:43:06 +0200] "GET /projet/maison-neva/ HTTP/1.1" 200 30176 "https://claireduwig.com" "Mozilla/5.0 (Windows NT 10.0; Win64; x64) AppleWebKit/537.36 (KHTML, like Gecko) Chrome/124.0.0.0 Safari/537.36"
34.85.218.54 - - [20/Jun/2026:07:43:07 +0200] "GET /a-propos/ HTTP/1.1" 200 57696 "https://claireduwig.com" "Mozilla/5.0 (Windows NT 10.0; Win64; x64) AppleWebKit/537.36 (KHTML, like Gecko) Chrome/124.0.0.0 Safari/537.36"
34.85.218.54 - - [20/Jun/2026:07:43:06 +0200] "GET /contact HTTP/1.1" 301 - "https://claireduwig.com" "Mozilla/5.0 (Windows NT 10.0; Win64; x64) AppleWebKit/537.36 (KHTML, like Gecko) Chrome/124.0.0.0 Safari/537.36"
34.85.218.54 - - [20/Jun/2026:07:43:07 +0200] "GET /expertises/ HTTP/1.1" 200 78038 "https://claireduwig.com" "Mozilla/5.0 (Windows NT 10.0; Win64; x64) AppleWebKit/537.36 (KHTML, like Gecko) Chrome/124.0.0.0 Safari/537.36"
34.85.218.54 - - [20/Jun/2026:07:43:07 +0200] "GET /mentions-legales HTTP/1.1" 301 - "https://claireduwig.com" "Mozilla/5.0 (Windows NT 10.0; Win64; x64) AppleWebKit/537.36 (KHTML, like Gecko) Chrome/124.0.0.0 Safari/537.36"
34.85.218.54 - - [20/Jun/2026:07:43:07 +0200] "GET /portfolio/ HTTP/1.1" 200 30856 "https://claireduwig.com" "Mozilla/5.0 (Windows NT 10.0; Win64; x64) AppleWebKit/537.36 (KHTML, like Gecko) Chrome/124.0.0.0 Safari/537.36"
34.85.218.54 - - [20/Jun/2026:07:43:07 +0200] "GET /contact/ HTTP/1.1" 200 51940 "https://claireduwig.com" "Mozilla/5.0 (Windows NT 10.0; Win64; x64) AppleWebKit/537.36 (KHTML, like Gecko) Chrome/124.0.0.0 Safari/537.36"
34.85.218.54 - - [20/Jun/2026:07:43:07 +0200] "GET /mentions-legales/ HTTP/1.1" 200 37543 "https://claireduwig.com" "Mozilla/5.0 (Windows NT 10.0; Win64; x64) AppleWebKit/537.36 (KHTML, like Gecko) Chrome/124.0.0.0 Safari/537.36"
109.234.166.195 - - [20/Jun/2026:07:43:46 +0200] "POST /wp-cron.php?doing_wp_cron=1781934226.3347690105438232421875 HTTP/1.1" 200 - "-" "WordPress/7.0; https://claireduwig.com"
66.249.64.226 - - [20/Jun/2026:07:43:46 +0200] "GET /?listing/24155447/ HTTP/1.1" 301 - "-" "Mozilla/5.0 (Linux; Android 6.0.1; Nexus 5X Build/MMB29P) AppleWebKit/537.36 (KHTML, like Gecko) Chrome/148.0.7778.96 Mobile Safari/537.36 (compatible; Googlebot/2.1; +http://www.google.com/bot.html)"
66.249.64.66 - - [20/Jun/2026:07:43:46 +0200] "GET /?listing%2F24155447%2F HTTP/1.1" 200 46855 "-" "Mozilla/5.0 (Linux; Android 6.0.1; Nexus 5X Build/MMB29P) AppleWebKit/537.36 (KHTML, like Gecko) Chrome/148.0.7778.96 Mobile Safari/537.36 (compatible; Googlebot/2.1; +http://www.google.com/bot.html)"
66.249.64.226 - - [20/Jun/2026:07:44:30 +0200] "GET /?listing/7158069/ HTTP/1.1" 301 - "-" "Mozilla/5.0 (Linux; Android 6.0.1; Nexus 5X Build/MMB29P) AppleWebKit/537.36 (KHTML, like Gecko) Chrome/148.0.7778.96 Mobile Safari/537.36 (compatible; Googlebot/2.1; +http://www.google.com/bot.html)"
109.234.166.195 - - [20/Jun/2026:07:44:31 +0200] "POST /wp-cron.php?doing_wp_cron=1781934271.4701099395751953125000 HTTP/1.1" 200 - "-" "WordPress/7.0; https://claireduwig.com"
66.249.64.65 - - [20/Jun/2026:07:44:31 +0200] "GET /?listing%2F7158069%2F HTTP/1.1" 200 46855 "-" "Mozilla/5.0 (Linux; Android 6.0.1; Nexus 5X Build/MMB29P) AppleWebKit/537.36 (KHTML, like Gecko) Chrome/148.0.7778.96 Mobile Safari/537.36 (compatible; Googlebot/2.1; +http://www.google.com/bot.html)"
109.234.166.195 - - [20/Jun/2026:07:46:46 +0200] "POST /wp-cron.php?doing_wp_cron=1781934406.0887920856475830078125 HTTP/1.1" 200 - "-" "WordPress/7.0; https://claireduwig.com"
66.249.64.226 - - [20/Jun/2026:07:46:45 +0200] "GET /?listing/11718258/ HTTP/1.1" 301 - "-" "Mozilla/5.0 (Linux; Android 6.0.1; Nexus 5X Build/MMB29P) AppleWebKit/537.36 (KHTML, like Gecko) Chrome/148.0.7778.96 Mobile Safari/537.36 (compatible; Googlebot/2.1; +http://www.google.com/bot.html)"
66.249.64.65 - - [20/Jun/2026:07:46:46 +0200] "GET /?listing%2F11718258%2F HTTP/1.1" 200 46855 "-" "Mozilla/5.0 (Linux; Android 6.0.1; Nexus 5X Build/MMB29P) AppleWebKit/537.36 (KHTML, like Gecko) Chrome/148.0.7778.96 Mobile Safari/537.36 (compatible; Googlebot/2.1; +http://www.google.com/bot.html)"
66.249.64.224 - - [20/Jun/2026:07:48:20 +0200] "GET /?listing/12605558/ HTTP/1.1" 301 - "-" "Mozilla/5.0 (Linux; Android 6.0.1; Nexus 5X Build/MMB29P) AppleWebKit/537.36 (KHTML, like Gecko) Chrome/148.0.7778.96 Mobile Safari/537.36 (compatible; Googlebot/2.1; +http://www.google.com/bot.html)"
66.249.64.65 - - [20/Jun/2026:07:48:20 +0200] "GET /?listing%2F12605558%2F HTTP/1.1" 200 46855 "-" "Mozilla/5.0 (Linux; Android 6.0.1; Nexus 5X Build/MMB29P) AppleWebKit/537.36 (KHTML, like Gecko) Chrome/148.0.7778.96 Mobile Safari/537.36 (compatible; Googlebot/2.1; +http://www.google.com/bot.html)"
109.234.166.195 - - [20/Jun/2026:07:50:01 +0200] "POST /wp-cron.php?doing_wp_cron=1781934601.3897590637207031250000 HTTP/1.1" 200 - "-" "WordPress/7.0; https://claireduwig.com"
66.249.64.225 - - [20/Jun/2026:07:50:01 +0200] "GET /?listing/12807458/ HTTP/1.1" 301 - "-" "Mozilla/5.0 (Linux; Android 6.0.1; Nexus 5X Build/MMB29P) AppleWebKit/537.36 (KHTML, like Gecko) Chrome/148.0.7778.96 Mobile Safari/537.36 (compatible; Googlebot/2.1; +http://www.google.com/bot.html)"
66.249.64.66 - - [20/Jun/2026:07:50:01 +0200] "GET /?listing%2F12807458%2F HTTP/1.1" 200 46855 "-" "Mozilla/5.0 (Linux; Android 6.0.1; Nexus 5X Build/MMB29P) AppleWebKit/537.36 (KHTML, like Gecko) Chrome/148.0.7778.96 Mobile Safari/537.36 (compatible; Googlebot/2.1; +http://www.google.com/bot.html)"
109.234.166.195 - - [20/Jun/2026:07:50:35 +0200] "POST /wp-cron.php?doing_wp_cron=1781934635.3283369541168212890625 HTTP/1.1" 200 - "-" "WordPress/7.0; https://claireduwig.com"
66.249.64.225 - - [20/Jun/2026:07:50:35 +0200] "GET /?listing/10759969/ HTTP/1.1" 301 - "-" "Mozilla/5.0 (Linux; Android 6.0.1; Nexus 5X Build/MMB29P) AppleWebKit/537.36 (KHTML, like Gecko) Chrome/148.0.7778.96 Mobile Safari/537.36 (compatible; Googlebot/2.1; +http://www.google.com/bot.html)"
