66.249.64.64 - - [20/Jun/2026:07:50:36 +0200] "GET /?listing%2F10759969%2F HTTP/1.1" 200 46855 "-" "Mozilla/5.0 (Linux; Android 6.0.1; Nexus 5X Build/MMB29P) AppleWebKit/537.36 (KHTML, like Gecko) Chrome/148.0.7778.96 Mobile Safari/537.36 (compatible; Googlebot/2.1; +http://www.google.com/bot.html)"
66.249.64.226 - - [20/Jun/2026:07:51:15 +0200] "GET /?listing/21693125/ HTTP/1.1" 301 - "-" "Mozilla/5.0 (Linux; Android 6.0.1; Nexus 5X Build/MMB29P) AppleWebKit/537.36 (KHTML, like Gecko) Chrome/148.0.7778.96 Mobile Safari/537.36 (compatible; Googlebot/2.1; +http://www.google.com/bot.html)"
66.249.64.64 - - [20/Jun/2026:07:51:16 +0200] "GET /?listing%2F21693125%2F HTTP/1.1" 200 46855 "-" "Mozilla/5.0 (Linux; Android 6.0.1; Nexus 5X Build/MMB29P) AppleWebKit/537.36 (KHTML, like Gecko) Chrome/148.0.7778.96 Mobile Safari/537.36 (compatible; Googlebot/2.1; +http://www.google.com/bot.html)"
109.234.166.195 - - [20/Jun/2026:07:57:59 +0200] "POST /wp-cron.php?doing_wp_cron=1781935079.6730070114135742187500 HTTP/1.1" 200 - "-" "WordPress/7.0; https://claireduwig.com"
66.249.64.225 - - [20/Jun/2026:07:57:59 +0200] "GET /?listing/29021214/ HTTP/1.1" 301 - "-" "Mozilla/5.0 (Linux; Android 6.0.1; Nexus 5X Build/MMB29P) AppleWebKit/537.36 (KHTML, like Gecko) Chrome/148.0.7778.96 Mobile Safari/537.36 (compatible; Googlebot/2.1; +http://www.google.com/bot.html)"
66.249.64.66 - - [20/Jun/2026:07:58:00 +0200] "GET /?listing%2F29021214%2F HTTP/1.1" 200 46855 "-" "Mozilla/5.0 (Linux; Android 6.0.1; Nexus 5X Build/MMB29P) AppleWebKit/537.36 (KHTML, like Gecko) Chrome/148.0.7778.96 Mobile Safari/537.36 (compatible; Googlebot/2.1; +http://www.google.com/bot.html)"
109.234.166.195 - - [20/Jun/2026:08:00:46 +0200] "POST /wp-cron.php?doing_wp_cron=1781935246.7736380100250244140625 HTTP/1.1" 200 - "-" "WordPress/7.0; https://claireduwig.com"
66.249.64.225 - - [20/Jun/2026:08:00:46 +0200] "GET /?listing/4412258/ HTTP/1.1" 301 - "-" "Mozilla/5.0 (Linux; Android 6.0.1; Nexus 5X Build/MMB29P) AppleWebKit/537.36 (KHTML, like Gecko) Chrome/148.0.7778.96 Mobile Safari/537.36 (compatible; Googlebot/2.1; +http://www.google.com/bot.html)"
66.249.64.65 - - [20/Jun/2026:08:00:48 +0200] "GET /?listing%2F4412258%2F HTTP/1.1" 200 46855 "-" "Mozilla/5.0 (Linux; Android 6.0.1; Nexus 5X Build/MMB29P) AppleWebKit/537.36 (KHTML, like Gecko) Chrome/148.0.7778.96 Mobile Safari/537.36 (compatible; Googlebot/2.1; +http://www.google.com/bot.html)"
192.241.134.160 - - [20/Jun/2026:08:01:09 +0200] "GET / HTTP/1.1" 200 46876 "http://claireduwig.com" "Go-http-client/1.1"
66.249.64.65 - - [20/Jun/2026:08:03:00 +0200] "GET /wp-content/uploads/elementor/css/post-495.css?ver=1780704000 HTTP/1.1" 200 1166 "https://claireduwig.com/?listing%2F4412258%2F" "Mozilla/5.0 (Linux; Android 6.0.1; Nexus 5X Build/MMB29P) AppleWebKit/537.36 (KHTML, like Gecko) Chrome/148.0.7778.96 Mobile Safari/537.36 (compatible; Googlebot/2.1; +http://www.google.com/bot.html)"
109.234.166.195 - - [20/Jun/2026:08:03:01 +0200] "POST /wp-cron.php?doing_wp_cron=1781935381.4779570102691650390625 HTTP/1.1" 200 - "-" "WordPress/7.0; https://claireduwig.com"
66.249.64.224 - - [20/Jun/2026:08:03:01 +0200] "GET /?listing/6919858/ HTTP/1.1" 301 - "-" "Mozilla/5.0 (Linux; Android 6.0.1; Nexus 5X Build/MMB29P) AppleWebKit/537.36 (KHTML, like Gecko) Chrome/148.0.7778.96 Mobile Safari/537.36 (compatible; Googlebot/2.1; +http://www.google.com/bot.html)"
66.249.64.66 - - [20/Jun/2026:08:03:02 +0200] "GET /?listing%2F6919858%2F HTTP/1.1" 200 46855 "-" "Mozilla/5.0 (Linux; Android 6.0.1; Nexus 5X Build/MMB29P) AppleWebKit/537.36 (KHTML, like Gecko) Chrome/148.0.7778.96 Mobile Safari/537.36 (compatible; Googlebot/2.1; +http://www.google.com/bot.html)"
109.234.166.195 - - [20/Jun/2026:08:03:36 +0200] "POST /wp-cron.php?doing_wp_cron=1781935416.9175169467926025390625 HTTP/1.1" 200 - "-" "WordPress/7.0; https://claireduwig.com"
66.249.64.224 - - [20/Jun/2026:08:03:36 +0200] "GET /?listing/7956936/ HTTP/1.1" 301 - "-" "Mozilla/5.0 (Linux; Android 6.0.1; Nexus 5X Build/MMB29P) AppleWebKit/537.36 (KHTML, like Gecko) Chrome/148.0.7778.96 Mobile Safari/537.36 (compatible; Googlebot/2.1; +http://www.google.com/bot.html)"
66.249.64.64 - - [20/Jun/2026:08:03:37 +0200] "GET /?listing%2F7956936%2F HTTP/1.1" 200 46855 "-" "Mozilla/5.0 (Linux; Android 6.0.1; Nexus 5X Build/MMB29P) AppleWebKit/537.36 (KHTML, like Gecko) Chrome/148.0.7778.96 Mobile Safari/537.36 (compatible; Googlebot/2.1; +http://www.google.com/bot.html)"
109.234.166.195 - - [20/Jun/2026:08:06:20 +0200] "POST /wp-cron.php?doing_wp_cron=1781935580.5201880931854248046875 HTTP/1.1" 200 - "-" "WordPress/7.0; https://claireduwig.com"
66.249.64.225 - - [20/Jun/2026:08:06:20 +0200] "GET /?listing/19805192/ HTTP/1.1" 301 - "-" "Mozilla/5.0 (Linux; Android 6.0.1; Nexus 5X Build/MMB29P) AppleWebKit/537.36 (KHTML, like Gecko) Chrome/148.0.7778.96 Mobile Safari/537.36 (compatible; Googlebot/2.1; +http://www.google.com/bot.html)"
66.249.64.64 - - [20/Jun/2026:08:06:20 +0200] "GET /?listing%2F19805192%2F HTTP/1.1" 200 46855 "-" "Mozilla/5.0 (Linux; Android 6.0.1; Nexus 5X Build/MMB29P) AppleWebKit/537.36 (KHTML, like Gecko) Chrome/148.0.7778.96 Mobile Safari/537.36 (compatible; Googlebot/2.1; +http://www.google.com/bot.html)"
109.234.166.195 - - [20/Jun/2026:08:06:54 +0200] "POST /wp-cron.php?doing_wp_cron=1781935614.9508750438690185546875 HTTP/1.1" 200 - "-" "WordPress/7.0; https://claireduwig.com"
40.77.167.13 - - [20/Jun/2026:08:06:54 +0200] "GET /?listing/30406858/ HTTP/1.1" 301 - "-" "Mozilla/5.0 AppleWebKit/537.36 (KHTML, like Gecko; compatible; bingbot/2.0; +http://www.bing.com/bingbot.htm) Chrome/116.0.1938.76 Safari/537.36"
109.234.166.195 - - [20/Jun/2026:08:08:06 +0200] "POST /wp-cron.php?doing_wp_cron=1781935686.3404510021209716796875 HTTP/1.1" 200 - "-" "WordPress/7.0; https://claireduwig.com"
66.249.64.224 - - [20/Jun/2026:08:08:06 +0200] "GET /?listing/11953425/ HTTP/1.1" 301 - "-" "Mozilla/5.0 (Linux; Android 6.0.1; Nexus 5X Build/MMB29P) AppleWebKit/537.36 (KHTML, like Gecko) Chrome/148.0.7778.96 Mobile Safari/537.36 (compatible; Googlebot/2.1; +http://www.google.com/bot.html)"
66.249.64.66 - - [20/Jun/2026:08:08:06 +0200] "GET /?listing%2F11953425%2F HTTP/1.1" 200 46855 "-" "Mozilla/5.0 (Linux; Android 6.0.1; Nexus 5X Build/MMB29P) AppleWebKit/537.36 (KHTML, like Gecko) Chrome/148.0.7778.96 Mobile Safari/537.36 (compatible; Googlebot/2.1; +http://www.google.com/bot.html)"
109.234.166.195 - - [20/Jun/2026:08:09:13 +0200] "POST /wp-cron.php?doing_wp_cron=1781935753.7064490318298339843750 HTTP/1.1" 200 - "-" "WordPress/7.0; https://claireduwig.com"
66.249.64.226 - - [20/Jun/2026:08:09:13 +0200] "GET /?listing/4142381/ HTTP/1.1" 301 - "-" "Mozilla/5.0 (Linux; Android 6.0.1; Nexus 5X Build/MMB29P) AppleWebKit/537.36 (KHTML, like Gecko) Chrome/148.0.7778.96 Mobile Safari/537.36 (compatible; Googlebot/2.1; +http://www.google.com/bot.html)"
66.249.64.65 - - [20/Jun/2026:08:09:14 +0200] "GET /?listing%2F4142381%2F HTTP/1.1" 200 46855 "-" "Mozilla/5.0 (Linux; Android 6.0.1; Nexus 5X Build/MMB29P) AppleWebKit/537.36 (KHTML, like Gecko) Chrome/148.0.7778.96 Mobile Safari/537.36 (compatible; Googlebot/2.1; +http://www.google.com/bot.html)"
109.234.166.195 - - [20/Jun/2026:08:10:21 +0200] "POST /wp-cron.php?doing_wp_cron=1781935821.0768361091613769531250 HTTP/1.1" 200 - "-" "WordPress/7.0; https://claireduwig.com"
66.249.64.226 - - [20/Jun/2026:08:10:20 +0200] "GET /?listing/11060970/ HTTP/1.1" 301 - "-" "Mozilla/5.0 (Linux; Android 6.0.1; Nexus 5X Build/MMB29P) AppleWebKit/537.36 (KHTML, like Gecko) Chrome/148.0.7778.96 Mobile Safari/537.36 (compatible; Googlebot/2.1; +http://www.google.com/bot.html)"
66.249.64.64 - - [20/Jun/2026:08:10:21 +0200] "GET /?listing%2F11060970%2F HTTP/1.1" 200 46855 "-" "Mozilla/5.0 (Linux; Android 6.0.1; Nexus 5X Build/MMB29P) AppleWebKit/537.36 (KHTML, like Gecko) Chrome/148.0.7778.96 Mobile Safari/537.36 (compatible; Googlebot/2.1; +http://www.google.com/bot.html)"
85.17.145.111 - - [20/Jun/2026:08:11:32 +0200] "GET / HTTP/1.1" 200 46876 "-" "Mozilla/5.0 (Macintosh; Intel Mac OS X 10_15_7) AppleWebKit/537.36 (KHTML, like Gecko) Chrome/136.0.0.0 Safari/537.36"
109.234.166.195 - - [20/Jun/2026:08:12:35 +0200] "POST /wp-cron.php?doing_wp_cron=1781935955.8100559711456298828125 HTTP/1.1" 200 - "-" "WordPress/7.0; https://claireduwig.com"
66.249.64.226 - - [20/Jun/2026:08:12:35 +0200] "GET /?listing/12863425/ HTTP/1.1" 301 - "-" "Mozilla/5.0 (Linux; Android 6.0.1; Nexus 5X Build/MMB29P) AppleWebKit/537.36 (KHTML, like Gecko) Chrome/148.0.7778.96 Mobile Safari/537.36 (compatible; Googlebot/2.1; +http://www.google.com/bot.html)"
66.249.64.64 - - [20/Jun/2026:08:12:36 +0200] "GET /?listing%2F12863425%2F HTTP/1.1" 200 46855 "-" "Mozilla/5.0 (Linux; Android 6.0.1; Nexus 5X Build/MMB29P) AppleWebKit/537.36 (KHTML, like Gecko) Chrome/148.0.7778.96 Mobile Safari/537.36 (compatible; Googlebot/2.1; +http://www.google.com/bot.html)"
109.234.166.195 - - [20/Jun/2026:08:13:47 +0200] "POST /wp-cron.php?doing_wp_cron=1781936027.5232579708099365234375 HTTP/1.1" 200 - "-" "WordPress/7.0; https://claireduwig.com"
66.249.64.226 - - [20/Jun/2026:08:13:47 +0200] "GET /?listing/10828003/ HTTP/1.1" 301 - "-" "Mozilla/5.0 (Linux; Android 6.0.1; Nexus 5X Build/MMB29P) AppleWebKit/537.36 (KHTML, like Gecko) Chrome/148.0.7778.96 Mobile Safari/537.36 (compatible; Googlebot/2.1; +http://www.google.com/bot.html)"
66.249.64.65 - - [20/Jun/2026:08:13:47 +0200] "GET /?listing%2F10828003%2F HTTP/1.1" 200 46855 "-" "Mozilla/5.0 (Linux; Android 6.0.1; Nexus 5X Build/MMB29P) AppleWebKit/537.36 (KHTML, like Gecko) Chrome/148.0.7778.96 Mobile Safari/537.36 (compatible; Googlebot/2.1; +http://www.google.com/bot.html)"
109.234.166.195 - - [20/Jun/2026:08:14:54 +0200] "POST /wp-cron.php?doing_wp_cron=1781936094.4666059017181396484375 HTTP/1.1" 200 - "-" "WordPress/7.0; https://claireduwig.com"
66.249.64.224 - - [20/Jun/2026:08:14:54 +0200] "GET /?listing/21720269/ HTTP/1.1" 301 - "-" "Mozilla/5.0 (Linux; Android 6.0.1; Nexus 5X Build/MMB29P) AppleWebKit/537.36 (KHTML, like Gecko) Chrome/148.0.7778.96 Mobile Safari/537.36 (compatible; Googlebot/2.1; +http://www.google.com/bot.html)"
66.249.64.64 - - [20/Jun/2026:08:14:55 +0200] "GET /?listing%2F21720269%2F HTTP/1.1" 200 46855 "-" "Mozilla/5.0 (Linux; Android 6.0.1; Nexus 5X Build/MMB29P) AppleWebKit/537.36 (KHTML, like Gecko) Chrome/148.0.7778.96 Mobile Safari/537.36 (compatible; Googlebot/2.1; +http://www.google.com/bot.html)"
109.234.166.195 - - [20/Jun/2026:08:17:27 +0200] "POST /wp-cron.php?doing_wp_cron=1781936247.3620901107788085937500 HTTP/1.1" 200 - "-" "WordPress/7.0; https://claireduwig.com"
66.249.64.224 - - [20/Jun/2026:08:17:27 +0200] "GET /?listing/3929469/ HTTP/1.1" 301 - "-" "Mozilla/5.0 (Linux; Android 6.0.1; Nexus 5X Build/MMB29P) AppleWebKit/537.36 (KHTML, like Gecko) Chrome/148.0.7778.96 Mobile Safari/537.36 (compatible; Googlebot/2.1; +http://www.google.com/bot.html)"
66.249.64.64 - - [20/Jun/2026:08:17:27 +0200] "GET /?listing%2F3929469%2F HTTP/1.1" 200 46855 "-" "Mozilla/5.0 (Linux; Android 6.0.1; Nexus 5X Build/MMB29P) AppleWebKit/537.36 (KHTML, like Gecko) Chrome/148.0.7778.96 Mobile Safari/537.36 (compatible; Googlebot/2.1; +http://www.google.com/bot.html)"
109.234.166.195 - - [20/Jun/2026:08:18:34 +0200] "POST /wp-cron.php?doing_wp_cron=1781936314.9784009456634521484375 HTTP/1.1" 200 - "-" "WordPress/7.0; https://claireduwig.com"
66.249.64.224 - - [20/Jun/2026:08:18:34 +0200] "GET /?listing/11204303/ HTTP/1.1" 301 - "-" "Mozilla/5.0 (Linux; Android 6.0.1; Nexus 5X Build/MMB29P) AppleWebKit/537.36 (KHTML, like Gecko) Chrome/148.0.7778.96 Mobile Safari/537.36 (compatible; Googlebot/2.1; +http://www.google.com/bot.html)"
66.249.64.66 - - [20/Jun/2026:08:18:35 +0200] "GET /?listing%2F11204303%2F HTTP/1.1" 200 46855 "-" "Mozilla/5.0 (Linux; Android 6.0.1; Nexus 5X Build/MMB29P) AppleWebKit/537.36 (KHTML, like Gecko) Chrome/148.0.7778.96 Mobile Safari/537.36 (compatible; Googlebot/2.1; +http://www.google.com/bot.html)"
91.231.89.100 - - [20/Jun/2026:08:19:07 +0200] "GET / HTTP/1.1" 200 46876 "-" "Mozilla/5.0 (X11; Ubuntu; Linux x86_64; rv:134.0) Gecko/20100101 Firefox/134.0"
109.234.166.195 - - [20/Jun/2026:08:19:41 +0200] "POST /wp-cron.php?doing_wp_cron=1781936381.9447989463806152343750 HTTP/1.1" 200 - "-" "WordPress/7.0; https://claireduwig.com"
66.249.64.226 - - [20/Jun/2026:08:19:41 +0200] "GET /?listing/27272036/ HTTP/1.1" 301 - "-" "Mozilla/5.0 (Linux; Android 6.0.1; Nexus 5X Build/MMB29P) AppleWebKit/537.36 (KHTML, like Gecko) Chrome/148.0.7778.96 Mobile Safari/537.36 (compatible; Googlebot/2.1; +http://www.google.com/bot.html)"
66.249.64.65 - - [20/Jun/2026:08:19:42 +0200] "GET /?listing%2F27272036%2F HTTP/1.1" 200 46855 "-" "Mozilla/5.0 (Linux; Android 6.0.1; Nexus 5X Build/MMB29P) AppleWebKit/537.36 (KHTML, like Gecko) Chrome/148.0.7778.96 Mobile Safari/537.36 (compatible; Googlebot/2.1; +http://www.google.com/bot.html)"
109.234.166.195 - - [20/Jun/2026:08:21:44 +0200] "POST /wp-cron.php?doing_wp_cron=1781936504.9589600563049316406250 HTTP/1.1" 200 - "-" "WordPress/7.0; https://claireduwig.com"
66.249.64.226 - - [20/Jun/2026:08:21:44 +0200] "GET /?listing/13188281/ HTTP/1.1" 301 - "-" "Mozilla/5.0 (Linux; Android 6.0.1; Nexus 5X Build/MMB29P) AppleWebKit/537.36 (KHTML, like Gecko) Chrome/148.0.7778.96 Mobile Safari/537.36 (compatible; Googlebot/2.1; +http://www.google.com/bot.html)"
66.249.64.64 - - [20/Jun/2026:08:21:45 +0200] "GET /?listing%2F13188281%2F HTTP/1.1" 200 46855 "-" "Mozilla/5.0 (Linux; Android 6.0.1; Nexus 5X Build/MMB29P) AppleWebKit/537.36 (KHTML, like Gecko) Chrome/148.0.7778.96 Mobile Safari/537.36 (compatible; Googlebot/2.1; +http://www.google.com/bot.html)"
109.234.166.195 - - [20/Jun/2026:08:31:27 +0200] "POST /wp-cron.php?doing_wp_cron=1781937087.3266420364379882812500 HTTP/1.1" 200 - "-" "WordPress/7.0; https://claireduwig.com"
92.222.104.211 - - [20/Jun/2026:08:31:26 +0200] "GET /?sitemap642.xml HTTP/1.1" 301 - "-" "Mozilla/5.0 (compatible; AhrefsBot/7.0; +http://ahrefs.com/robot/)"
92.222.104.211 - - [20/Jun/2026:08:31:27 +0200] "GET /?sitemap642_xml HTTP/1.1" 200 46855 "-" "Mozilla/5.0 (compatible; AhrefsBot/7.0; +http://ahrefs.com/robot/)"
91.231.89.38 - - [20/Jun/2026:08:36:01 +0200] "GET / HTTP/1.1" 200 46876 "-" "Mozilla/5.0 (X11; Ubuntu; Linux x86_64; rv:134.0) Gecko/20100101 Firefox/134.0"
66.249.64.225 - - [20/Jun/2026:08:37:20 +0200] "GET /?listing/14036781/ HTTP/1.1" 301 - "-" "Mozilla/5.0 (Linux; Android 6.0.1; Nexus 5X Build/MMB29P) AppleWebKit/537.36 (KHTML, like Gecko) Chrome/148.0.7778.96 Mobile Safari/537.36 (compatible; Googlebot/2.1; +http://www.google.com/bot.html)"
66.249.64.65 - - [20/Jun/2026:08:37:20 +0200] "GET /?listing%2F14036781%2F HTTP/1.1" 200 46855 "-" "Mozilla/5.0 (Linux; Android 6.0.1; Nexus 5X Build/MMB29P) AppleWebKit/537.36 (KHTML, like Gecko) Chrome/148.0.7778.96 Mobile Safari/537.36 (compatible; Googlebot/2.1; +http://www.google.com/bot.html)"
66.249.64.65 - - [20/Jun/2026:08:37:23 +0200] "GET /wp-content/plugins/contact-form-7/includes/swv/js/index.js?ver=6.1.5 HTTP/1.1" 200 12512 "https://claireduwig.com/?listing%2F14036781%2F" "Mozilla/5.0 (Linux; Android 6.0.1; Nexus 5X Build/MMB29P) AppleWebKit/537.36 (KHTML, like Gecko) Chrome/148.0.7778.96 Mobile Safari/537.36 (compatible; Googlebot/2.1; +http://www.google.com/bot.html)"
66.249.64.65 - - [20/Jun/2026:08:40:29 +0200] "GET /wp-content/themes/ClrD/style.css?ver=6.9.4 HTTP/1.1" 200 127 "https://claireduwig.com/expertises/" "Mozilla/5.0 (Linux; Android 6.0.1; Nexus 5X Build/MMB29P) AppleWebKit/537.36 (KHTML, like Gecko) Chrome/147.0.7727.137 Mobile Safari/537.36 (compatible; Googlebot/2.1; +http://www.google.com/bot.html)"
66.249.64.64 - - [20/Jun/2026:08:40:30 +0200] "GET /wp-content/plugins/elementor/assets/css/frontend.min.css?ver=3.35.6 HTTP/1.1" 200 54666 "https://claireduwig.com/expertises/" "Mozilla/5.0 (Linux; Android 6.0.1; Nexus 5X Build/MMB29P) AppleWebKit/537.36 (KHTML, like Gecko) Chrome/147.0.7727.137 Mobile Safari/537.36 (compatible; Googlebot/2.1; +http://www.google.com/bot.html)"
66.249.64.64 - - [20/Jun/2026:08:40:30 +0200] "GET /wp-includes/js/jquery/jquery.min.js?ver=3.7.1 HTTP/1.1" 200 87553 "https://claireduwig.com/expertises/" "Mozilla/5.0 (Linux; Android 6.0.1; Nexus 5X Build/MMB29P) AppleWebKit/537.36 (KHTML, like Gecko) Chrome/147.0.7727.137 Mobile Safari/537.36 (compatible; Googlebot/2.1; +http://www.google.com/bot.html)"
66.249.64.66 - - [20/Jun/2026:08:40:30 +0200] "GET /wp-content/plugins/elementor/assets/css/widget-image-gallery.min.css?ver=3.35.6 HTTP/1.1" 200 2419 "https://claireduwig.com/expertises/" "Mozilla/5.0 (Linux; Android 6.0.1; Nexus 5X Build/MMB29P) AppleWebKit/537.36 (KHTML, like Gecko) Chrome/147.0.7727.137 Mobile Safari/537.36 (compatible; Googlebot/2.1; +http://www.google.com/bot.html)"
66.249.64.65 - - [20/Jun/2026:08:40:30 +0200] "GET /wp-content/uploads/elementor/css/post-495.css?ver=1776694196 HTTP/1.1" 200 1166 "https://claireduwig.com/expertises/" "Mozilla/5.0 (Linux; Android 6.0.1; Nexus 5X Build/MMB29P) AppleWebKit/537.36 (KHTML, like Gecko) Chrome/147.0.7727.137 Mobile Safari/537.36 (compatible; Googlebot/2.1; +http://www.google.com/bot.html)"
66.249.64.64 - - [20/Jun/2026:08:40:31 +0200] "GET /wp-content/uploads/elementor/css/post-8.css?ver=1776794867 HTTP/1.1" 200 40328 "https://claireduwig.com/expertises/" "Mozilla/5.0 (Linux; Android 6.0.1; Nexus 5X Build/MMB29P) AppleWebKit/537.36 (KHTML, like Gecko) Chrome/147.0.7727.137 Mobile Safari/537.36 (compatible; Googlebot/2.1; +http://www.google.com/bot.html)"
66.249.64.65 - - [20/Jun/2026:08:40:31 +0200] "GET /wp-includes/js/dist/hooks.min.js?ver=dd5603f07f9220ed27f1 HTTP/1.1" 200 5015 "https://claireduwig.com/expertises/" "Mozilla/5.0 (Linux; Android 6.0.1; Nexus 5X Build/MMB29P) AppleWebKit/537.36 (KHTML, like Gecko) Chrome/147.0.7727.137 Mobile Safari/537.36 (compatible; Googlebot/2.1; +http://www.google.com/bot.html)"
66.249.64.66 - - [20/Jun/2026:08:40:31 +0200] "GET /wp-content/themes/ClrD/css/style.css?ver=6.9.4 HTTP/1.1" 200 26521 "https://claireduwig.com/expertises/" "Mozilla/5.0 (Linux; Android 6.0.1; Nexus 5X Build/MMB29P) AppleWebKit/537.36 (KHTML, like Gecko) Chrome/147.0.7727.137 Mobile Safari/537.36 (compatible; Googlebot/2.1; +http://www.google.com/bot.html)"
66.249.64.66 - - [20/Jun/2026:08:40:32 +0200] "GET /wp-content/plugins/elementor/assets/js/webpack.runtime.min.js?ver=3.35.6 HTTP/1.1" 200 5722 "https://claireduwig.com/expertises/" "Mozilla/5.0 (Linux; Android 6.0.1; Nexus 5X Build/MMB29P) AppleWebKit/537.36 (KHTML, like Gecko) Chrome/147.0.7727.137 Mobile Safari/537.36 (compatible; Googlebot/2.1; +http://www.google.com/bot.html)"
66.249.64.65 - - [20/Jun/2026:08:40:32 +0200] "GET /wp-includes/js/jquery/ui/core.min.js?ver=1.13.3 HTTP/1.1" 200 21464 "https://claireduwig.com/expertises/" "Mozilla/5.0 (Linux; Android 6.0.1; Nexus 5X Build/MMB29P) AppleWebKit/537.36 (KHTML, like Gecko) Chrome/147.0.7727.137 Mobile Safari/537.36 (compatible; Googlebot/2.1; +http://www.google.com/bot.html)"
66.249.64.66 - - [20/Jun/2026:08:40:33 +0200] "GET /wp-content/plugins/elementor/assets/js/shared-frontend-handlers.03caa53373b56d3bab67.bundle.min.js HTTP/1.1" 200 8481 "https://claireduwig.com/expertises/" "Mozilla/5.0 (Linux; Android 6.0.1; Nexus 5X Build/MMB29P) AppleWebKit/537.36 (KHTML, like Gecko) Chrome/147.0.7727.137 Mobile Safari/537.36 (compatible; Googlebot/2.1; +http://www.google.com/bot.html)"
109.234.166.195 - - [20/Jun/2026:08:42:30 +0200] "POST /wp-cron.php?doing_wp_cron=1781937750.4062380790710449218750 HTTP/1.1" 200 - "-" "WordPress/7.0; https://claireduwig.com"
66.249.64.224 - - [20/Jun/2026:08:42:30 +0200] "GET /?listing/6143281/ HTTP/1.1" 301 - "-" "Mozilla/5.0 (Linux; Android 6.0.1; Nexus 5X Build/MMB29P) AppleWebKit/537.36 (KHTML, like Gecko) Chrome/148.0.7778.96 Mobile Safari/537.36 (compatible; Googlebot/2.1; +http://www.google.com/bot.html)"
66.249.64.64 - - [20/Jun/2026:08:42:30 +0200] "GET /?listing%2F6143281%2F HTTP/1.1" 200 46855 "-" "Mozilla/5.0 (Linux; Android 6.0.1; Nexus 5X Build/MMB29P) AppleWebKit/537.36 (KHTML, like Gecko) Chrome/148.0.7778.96 Mobile Safari/537.36 (compatible; Googlebot/2.1; +http://www.google.com/bot.html)"
109.234.166.195 - - [20/Jun/2026:08:46:42 +0200] "POST /wp-cron.php?doing_wp_cron=1781938002.8590879440307617187500 HTTP/1.1" 200 - "-" "WordPress/7.0; https://claireduwig.com"
66.249.64.224 - - [20/Jun/2026:08:46:42 +0200] "GET /?listing/3324170/ HTTP/1.1" 301 - "-" "Mozilla/5.0 (Linux; Android 6.0.1; Nexus 5X Build/MMB29P) AppleWebKit/537.36 (KHTML, like Gecko) Chrome/148.0.7778.96 Mobile Safari/537.36 (compatible; Googlebot/2.1; +http://www.google.com/bot.html)"
66.249.64.64 - - [20/Jun/2026:08:46:43 +0200] "GET /?listing%2F3324170%2F HTTP/1.1" 200 46855 "-" "Mozilla/5.0 (Linux; Android 6.0.1; Nexus 5X Build/MMB29P) AppleWebKit/537.36 (KHTML, like Gecko) Chrome/148.0.7778.96 Mobile Safari/537.36 (compatible; Googlebot/2.1; +http://www.google.com/bot.html)"
66.249.64.226 - - [20/Jun/2026:08:47:21 +0200] "GET /?listing/21190825/ HTTP/1.1" 301 - "-" "Mozilla/5.0 (Linux; Android 6.0.1; Nexus 5X Build/MMB29P) AppleWebKit/537.36 (KHTML, like Gecko) Chrome/148.0.7778.96 Mobile Safari/537.36 (compatible; Googlebot/2.1; +http://www.google.com/bot.html)"
66.249.64.65 - - [20/Jun/2026:08:47:21 +0200] "GET /?listing%2F21190825%2F HTTP/1.1" 200 46855 "-" "Mozilla/5.0 (Linux; Android 6.0.1; Nexus 5X Build/MMB29P) AppleWebKit/537.36 (KHTML, like Gecko) Chrome/148.0.7778.96 Mobile Safari/537.36 (compatible; Googlebot/2.1; +http://www.google.com/bot.html)"
109.234.166.195 - - [20/Jun/2026:08:49:48 +0200] "POST /wp-cron.php?doing_wp_cron=1781938188.6709280014038085937500 HTTP/1.1" 200 - "-" "WordPress/7.0; https://claireduwig.com"
66.249.64.224 - - [20/Jun/2026:08:49:48 +0200] "GET /?listing/9077714/ HTTP/1.1" 301 - "-" "Mozilla/5.0 (Linux; Android 6.0.1; Nexus 5X Build/MMB29P) AppleWebKit/537.36 (KHTML, like Gecko) Chrome/148.0.7778.96 Mobile Safari/537.36 (compatible; Googlebot/2.1; +http://www.google.com/bot.html)"
66.249.64.66 - - [20/Jun/2026:08:49:49 +0200] "GET /?listing%2F9077714%2F HTTP/1.1" 200 46855 "-" "Mozilla/5.0 (Linux; Android 6.0.1; Nexus 5X Build/MMB29P) AppleWebKit/537.36 (KHTML, like Gecko) Chrome/148.0.7778.96 Mobile Safari/537.36 (compatible; Googlebot/2.1; +http://www.google.com/bot.html)"
109.234.166.195 - - [20/Jun/2026:09:09:56 +0200] "POST /wp-cron.php?doing_wp_cron=1781939395.8961050510406494140625 HTTP/1.1" 200 - "-" "WordPress/7.0; https://claireduwig.com"
54.37.118.79 - - [20/Jun/2026:09:09:55 +0200] "GET /?sitemap764.xml HTTP/1.1" 301 - "-" "Mozilla/5.0 (compatible; AhrefsBot/7.0; +http://ahrefs.com/robot/)"
54.37.118.79 - - [20/Jun/2026:09:09:56 +0200] "GET /?sitemap764_xml HTTP/1.1" 200 46855 "-" "Mozilla/5.0 (compatible; AhrefsBot/7.0; +http://ahrefs.com/robot/)"
207.46.13.229 - - [20/Jun/2026:09:18:42 +0200] "GET /robots.txt HTTP/1.1" 200 1154 "-" "Mozilla/5.0 AppleWebKit/537.36 (KHTML, like Gecko; compatible; bingbot/2.0; +http://www.bing.com/bingbot.htm) Chrome/116.0.1938.76 Safari/537.36"
109.234.166.195 - - [20/Jun/2026:09:18:52 +0200] "POST /wp-cron.php?doing_wp_cron=1781939932.3804190158843994140625 HTTP/1.1" 200 - "-" "WordPress/7.0; https://claireduwig.com"
40.77.167.63 - - [20/Jun/2026:09:18:52 +0200] "GET /?listing/14280192/ HTTP/1.1" 301 - "-" "Mozilla/5.0 AppleWebKit/537.36 (KHTML, like Gecko; compatible; bingbot/2.0; +http://www.bing.com/bingbot.htm) Chrome/116.0.1938.76 Safari/537.36"
109.234.166.195 - - [20/Jun/2026:09:23:46 +0200] "POST /wp-cron.php?doing_wp_cron=1781940226.0664188861846923828125 HTTP/1.1" 200 - "-" "WordPress/7.0; https://claireduwig.com"
66.249.64.224 - - [20/Jun/2026:09:23:45 +0200] "GET /?listing/4978158/ HTTP/1.1" 301 - "-" "Mozilla/5.0 (Linux; Android 6.0.1; Nexus 5X Build/MMB29P) AppleWebKit/537.36 (KHTML, like Gecko) Chrome/148.0.7778.96 Mobile Safari/537.36 (compatible; Googlebot/2.1; +http://www.google.com/bot.html)"
66.249.64.64 - - [20/Jun/2026:09:23:46 +0200] "GET /?listing%2F4978158%2F HTTP/1.1" 200 46855 "-" "Mozilla/5.0 (Linux; Android 6.0.1; Nexus 5X Build/MMB29P) AppleWebKit/537.36 (KHTML, like Gecko) Chrome/148.0.7778.96 Mobile Safari/537.36 (compatible; Googlebot/2.1; +http://www.google.com/bot.html)"
109.234.166.195 - - [20/Jun/2026:09:27:29 +0200] "POST /wp-cron.php?doing_wp_cron=1781940448.9971640110015869140625 HTTP/1.1" 200 - "-" "WordPress/7.0; https://claireduwig.com"
40.77.167.42 - - [20/Jun/2026:09:27:28 +0200] "GET /?listing/6136714/ HTTP/1.1" 301 - "-" "Mozilla/5.0 AppleWebKit/537.36 (KHTML, like Gecko; compatible; bingbot/2.0; +http://www.bing.com/bingbot.htm) Chrome/116.0.1938.76 Safari/537.36"
109.234.166.195 - - [20/Jun/2026:09:35:55 +0200] "POST /wp-cron.php?doing_wp_cron=1781940955.0289740562438964843750 HTTP/1.1" 200 - "-" "WordPress/7.0; https://claireduwig.com"
66.249.64.224 - - [20/Jun/2026:09:35:54 +0200] "GET /?listing/10705425/ HTTP/1.1" 301 - "-" "Mozilla/5.0 (Linux; Android 6.0.1; Nexus 5X Build/MMB29P) AppleWebKit/537.36 (KHTML, like Gecko) Chrome/148.0.7778.96 Mobile Safari/537.36 (compatible; Googlebot/2.1; +http://www.google.com/bot.html)"
66.249.64.66 - - [20/Jun/2026:09:35:55 +0200] "GET /?listing%2F10705425%2F HTTP/1.1" 200 46855 "-" "Mozilla/5.0 (Linux; Android 6.0.1; Nexus 5X Build/MMB29P) AppleWebKit/537.36 (KHTML, like Gecko) Chrome/148.0.7778.96 Mobile Safari/537.36 (compatible; Googlebot/2.1; +http://www.google.com/bot.html)"
109.234.166.195 - - [20/Jun/2026:09:46:50 +0200] "POST /wp-cron.php?doing_wp_cron=1781941610.2140610218048095703125 HTTP/1.1" 200 - "-" "WordPress/7.0; https://claireduwig.com"
66.249.64.225 - - [20/Jun/2026:09:46:50 +0200] "GET /?listing/1562714/ HTTP/1.1" 301 - "-" "Mozilla/5.0 (Linux; Android 6.0.1; Nexus 5X Build/MMB29P) AppleWebKit/537.36 (KHTML, like Gecko) Chrome/148.0.7778.96 Mobile Safari/537.36 (compatible; Googlebot/2.1; +http://www.google.com/bot.html)"
66.249.64.65 - - [20/Jun/2026:09:46:50 +0200] "GET /?listing%2F1562714%2F HTTP/1.1" 200 46855 "-" "Mozilla/5.0 (Linux; Android 6.0.1; Nexus 5X Build/MMB29P) AppleWebKit/537.36 (KHTML, like Gecko) Chrome/148.0.7778.96 Mobile Safari/537.36 (compatible; Googlebot/2.1; +http://www.google.com/bot.html)"
109.234.166.195 - - [20/Jun/2026:09:57:45 +0200] "POST /wp-cron.php?doing_wp_cron=1781942265.1751780509948730468750 HTTP/1.1" 200 - "-" "WordPress/7.0; https://claireduwig.com"
40.77.167.48 - - [20/Jun/2026:09:57:45 +0200] "GET /?listing/6923947/ HTTP/1.1" 301 - "-" "Mozilla/5.0 AppleWebKit/537.36 (KHTML, like Gecko; compatible; bingbot/2.0; +http://www.bing.com/bingbot.htm) Chrome/116.0.1938.76 Safari/537.36"
109.234.166.195 - - [20/Jun/2026:10:08:37 +0200] "POST /wp-cron.php?doing_wp_cron=1781942917.9510560035705566406250 HTTP/1.1" 200 - "-" "WordPress/7.0; https://claireduwig.com"
51.68.247.198 - - [20/Jun/2026:10:08:37 +0200] "GET /?sitemap642.xml HTTP/1.1" 301 - "-" "Mozilla/5.0 (compatible; AhrefsBot/7.0; +http://ahrefs.com/robot/)"
51.68.247.198 - - [20/Jun/2026:10:08:38 +0200] "GET /?sitemap642_xml HTTP/1.1" 200 46855 "-" "Mozilla/5.0 (compatible; AhrefsBot/7.0; +http://ahrefs.com/robot/)"
47.79.198.216 - - [20/Jun/2026:10:14:55 +0200] "GET /wp-content/uploads/2024/05/projet-planty-vignette.webp HTTP/1.1" 200 31148 "-" "Mozilla/5.0 (Macintosh; Intel Mac OS X 10_15_7) AppleWebKit/537.36 (KHTML, like Gecko) Chrome/146.0.0.0 Safari/537.36"
109.234.166.195 - - [20/Jun/2026:10:19:23 +0200] "POST /wp-cron.php?doing_wp_cron=1781943563.2901899814605712890625 HTTP/1.1" 200 - "-" "WordPress/7.0; https://claireduwig.com"
66.249.64.225 - - [20/Jun/2026:10:19:23 +0200] "GET /?listing/27970503/ HTTP/1.1" 301 - "-" "Mozilla/5.0 (Linux; Android 6.0.1; Nexus 5X Build/MMB29P) AppleWebKit/537.36 (KHTML, like Gecko) Chrome/148.0.7778.96 Mobile Safari/537.36 (compatible; Googlebot/2.1; +http://www.google.com/bot.html)"
66.249.64.66 - - [20/Jun/2026:10:19:23 +0200] "GET /?listing%2F27970503%2F HTTP/1.1" 200 46855 "-" "Mozilla/5.0 (Linux; Android 6.0.1; Nexus 5X Build/MMB29P) AppleWebKit/537.36 (KHTML, like Gecko) Chrome/148.0.7778.96 Mobile Safari/537.36 (compatible; Googlebot/2.1; +http://www.google.com/bot.html)"
66.249.93.193 - - [20/Jun/2026:10:22:03 +0200] "GET /wp-content/uploads/2025/05/Fichier-6.png HTTP/1.1" 200 12153 "-" "Mozilla/5.0 (Windows NT 5.1; rv:11.0) Gecko Firefox/11.0 (via ggpht.com GoogleImageProxy)"
90.167.202.224 - - [20/Jun/2026:10:23:38 +0200] "GET /wp-content/uploads/2025/05/Fichier-6.png HTTP/1.1" 200 12153 "https://mail.google.com/" "Mozilla/5.0 (Windows NT 10.0; Win64; x64) AppleWebKit/537.36 (KHTML, like Gecko) Chrome/149.0.0.0 Safari/537.36"
109.234.166.195 - - [20/Jun/2026:10:25:35 +0200] "POST /wp-cron.php?doing_wp_cron=1781943935.6739330291748046875000 HTTP/1.1" 200 - "-" "WordPress/7.0; https://claireduwig.com"
66.249.64.224 - - [20/Jun/2026:10:25:35 +0200] "GET /?listing/4290336/ HTTP/1.1" 301 - "-" "Mozilla/5.0 (Linux; Android 6.0.1; Nexus 5X Build/MMB29P) AppleWebKit/537.36 (KHTML, like Gecko) Chrome/148.0.7778.96 Mobile Safari/537.36 (compatible; Googlebot/2.1; +http://www.google.com/bot.html)"
66.249.64.64 - - [20/Jun/2026:10:25:36 +0200] "GET /?listing%2F4290336%2F HTTP/1.1" 200 46855 "-" "Mozilla/5.0 (Linux; Android 6.0.1; Nexus 5X Build/MMB29P) AppleWebKit/537.36 (KHTML, like Gecko) Chrome/148.0.7778.96 Mobile Safari/537.36 (compatible; Googlebot/2.1; +http://www.google.com/bot.html)"
109.234.166.195 - - [20/Jun/2026:10:26:14 +0200] "POST /wp-cron.php?doing_wp_cron=1781943974.3829948902130126953125 HTTP/1.1" 200 - "-" "WordPress/7.0; https://claireduwig.com"
66.249.64.225 - - [20/Jun/2026:10:26:14 +0200] "GET /?listing/22671425/ HTTP/1.1" 301 - "-" "Mozilla/5.0 (Linux; Android 6.0.1; Nexus 5X Build/MMB29P) AppleWebKit/537.36 (KHTML, like Gecko) Chrome/148.0.7778.96 Mobile Safari/537.36 (compatible; Googlebot/2.1; +http://www.google.com/bot.html)"
66.249.64.66 - - [20/Jun/2026:10:26:14 +0200] "GET /?listing%2F22671425%2F HTTP/1.1" 200 46855 "-" "Mozilla/5.0 (Linux; Android 6.0.1; Nexus 5X Build/MMB29P) AppleWebKit/537.36 (KHTML, like Gecko) Chrome/148.0.7778.96 Mobile Safari/537.36 (compatible; Googlebot/2.1; +http://www.google.com/bot.html)"
109.234.166.195 - - [20/Jun/2026:10:29:08 +0200] "POST /wp-cron.php?doing_wp_cron=1781944148.7244300842285156250000 HTTP/1.1" 200 - "-" "WordPress/7.0; https://claireduwig.com"
54.37.118.69 - - [20/Jun/2026:10:29:08 +0200] "GET /?sitemap764.xml HTTP/1.1" 301 - "-" "Mozilla/5.0 (compatible; AhrefsBot/7.0; +http://ahrefs.com/robot/)"
54.37.118.69 - - [20/Jun/2026:10:29:08 +0200] "GET /?sitemap764_xml HTTP/1.1" 200 46855 "-" "Mozilla/5.0 (compatible; AhrefsBot/7.0; +http://ahrefs.com/robot/)"
109.234.166.195 - - [20/Jun/2026:10:32:15 +0200] "POST /wp-cron.php?doing_wp_cron=1781944335.8827409744262695312500 HTTP/1.1" 200 - "-" "WordPress/7.0; https://claireduwig.com"
40.77.167.43 - - [20/Jun/2026:10:32:15 +0200] "GET /?listing/6259447/ HTTP/1.1" 301 - "-" "Mozilla/5.0 AppleWebKit/537.36 (KHTML, like Gecko; compatible; bingbot/2.0; +http://www.bing.com/bingbot.htm) Chrome/116.0.1938.76 Safari/537.36"
109.234.166.195 - - [20/Jun/2026:10:48:39 +0200] "POST /wp-cron.php?doing_wp_cron=1781945319.4674770832061767578125 HTTP/1.1" 200 - "-" "WordPress/7.0; https://claireduwig.com"
66.249.64.224 - - [20/Jun/2026:10:48:39 +0200] "GET /?listing/8983347/ HTTP/1.1" 301 - "-" "Mozilla/5.0 (Linux; Android 6.0.1; Nexus 5X Build/MMB29P) AppleWebKit/537.36 (KHTML, like Gecko) Chrome/148.0.7778.96 Mobile Safari/537.36 (compatible; Googlebot/2.1; +http://www.google.com/bot.html)"
66.249.64.65 - - [20/Jun/2026:10:48:40 +0200] "GET /?listing%2F8983347%2F HTTP/1.1" 200 46855 "-" "Mozilla/5.0 (Linux; Android 6.0.1; Nexus 5X Build/MMB29P) AppleWebKit/537.36 (KHTML, like Gecko) Chrome/148.0.7778.96 Mobile Safari/537.36 (compatible; Googlebot/2.1; +http://www.google.com/bot.html)"
109.234.166.195 - - [20/Jun/2026:11:30:57 +0200] "POST /wp-cron.php?doing_wp_cron=1781947857.9167139530181884765625 HTTP/1.1" 200 - "-" "WordPress/7.0; https://claireduwig.com"
37.59.204.155 - - [20/Jun/2026:11:30:57 +0200] "GET /?sitemap642.xml HTTP/1.1" 301 - "-" "Mozilla/5.0 (compatible; AhrefsBot/7.0; +http://ahrefs.com/robot/)"
37.59.204.155 - - [20/Jun/2026:11:30:58 +0200] "GET /?sitemap642_xml HTTP/1.1" 200 46855 "-" "Mozilla/5.0 (compatible; AhrefsBot/7.0; +http://ahrefs.com/robot/)"
109.234.166.195 - - [20/Jun/2026:11:32:10 +0200] "POST /wp-cron.php?doing_wp_cron=1781947930.6757800579071044921875 HTTP/1.1" 200 - "-" "WordPress/7.0; https://claireduwig.com"
40.77.167.43 - - [20/Jun/2026:11:32:10 +0200] "GET /?listing/19529581/ HTTP/1.1" 301 - "-" "Mozilla/5.0 AppleWebKit/537.36 (KHTML, like Gecko; compatible; bingbot/2.0; +http://www.bing.com/bingbot.htm) Chrome/116.0.1938.76 Safari/537.36"
94.23.188.215 - - [20/Jun/2026:11:35:52 +0200] "GET /divi-builder/includes/navigation-b7Jfxz.php HTTP/1.1" 200 389 "-" "Mozilla/5.0 (compatible; AhrefsBot/7.0; +http://ahrefs.com/robot/)"
109.234.166.195 - - [20/Jun/2026:11:36:47 +0200] "POST /wp-cron.php?doing_wp_cron=1781948207.8369030952453613281250 HTTP/1.1" 200 - "-" "WordPress/7.0; https://claireduwig.com"
94.23.152.111 - - [20/Jun/2026:11:36:47 +0200] "GET / HTTP/1.1" 200 46876 "-" "Mozilla/5.0 (X11; Linux x86_64) AppleWebKit/537.36"
94.23.152.111 - - [20/Jun/2026:11:36:49 +0200] "GET / HTTP/1.1" 200 46876 "-" "Mozilla/5.0 (X11; Linux x86_64) AppleWebKit/537.36"
51.75.236.158 - - [20/Jun/2026:11:41:57 +0200] "GET /divi-builder/includes/template.php HTTP/1.1" 200 14 "-" "Mozilla/5.0 (compatible; AhrefsBot/7.0; +http://ahrefs.com/robot/)"
109.234.166.195 - - [20/Jun/2026:11:42:46 +0200] "POST /wp-cron.php?doing_wp_cron=1781948566.4384510517120361328125 HTTP/1.1" 200 - "-" "WordPress/7.0; https://claireduwig.com"
52.167.144.166 - - [20/Jun/2026:11:42:46 +0200] "GET /?listing/17968158/ HTTP/1.1" 301 - "-" "Mozilla/5.0 AppleWebKit/537.36 (KHTML, like Gecko; compatible; bingbot/2.0; +http://www.bing.com/bingbot.htm) Chrome/116.0.1938.76 Safari/537.36"
129.226.166.199 - - [20/Jun/2026:11:50:58 +0200] "GET /robots.txt HTTP/1.1" 200 1154 "https://claireduwig.com/robots.txt" "Mozilla/5.0 (Windows NT 10.0; Win64; x64) AppleWebKit/537.36 (KHTML, like Gecko) Chrome/116.0.0.0 Safari/537.36"
43.155.23.8 - - [20/Jun/2026:11:50:58 +0200] "GET /robots.txt HTTP/1.1" 200 1154 "https://claireduwig.com/robots.txt" "Mozilla/5.0 (Macintosh; Intel Mac OS X 10_15_7) AppleWebKit/537.36 (KHTML, like Gecko) Chrome/131.0.0.0 Safari/537.36"
109.234.166.195 - - [20/Jun/2026:12:14:34 +0200] "POST /wp-cron.php?doing_wp_cron=1781950474.0476639270782470703125 HTTP/1.1" 200 - "-" "WordPress/7.0; https://claireduwig.com"
92.222.104.204 - - [20/Jun/2026:12:14:33 +0200] "GET /?sitemap764.xml HTTP/1.1" 301 - "-" "Mozilla/5.0 (compatible; AhrefsBot/7.0; +http://ahrefs.com/robot/)"
92.222.104.204 - - [20/Jun/2026:12:14:34 +0200] "GET /?sitemap764_xml HTTP/1.1" 200 46855 "-" "Mozilla/5.0 (compatible; AhrefsBot/7.0; +http://ahrefs.com/robot/)"
109.234.166.195 - - [20/Jun/2026:12:23:08 +0200] "POST /wp-cron.php?doing_wp_cron=1781950988.7972710132598876953125 HTTP/1.1" 200 - "-" "WordPress/7.0; https://claireduwig.com"
66.249.64.225 - - [20/Jun/2026:12:23:08 +0200] "GET /?listing/3659114/ HTTP/1.1" 301 - "-" "Mozilla/5.0 (Linux; Android 6.0.1; Nexus 5X Build/MMB29P) AppleWebKit/537.36 (KHTML, like Gecko) Chrome/148.0.7778.96 Mobile Safari/537.36 (compatible; Googlebot/2.1; +http://www.google.com/bot.html)"
66.249.64.65 - - [20/Jun/2026:12:23:09 +0200] "GET /?listing%2F3659114%2F HTTP/1.1" 200 46855 "-" "Mozilla/5.0 (Linux; Android 6.0.1; Nexus 5X Build/MMB29P) AppleWebKit/537.36 (KHTML, like Gecko) Chrome/148.0.7778.96 Mobile Safari/537.36 (compatible; Googlebot/2.1; +http://www.google.com/bot.html)"
66.249.64.224 - - [20/Jun/2026:12:23:10 +0200] "GET /?listing/17755781/ HTTP/1.1" 301 - "-" "Mozilla/5.0 (Linux; Android 6.0.1; Nexus 5X Build/MMB29P) AppleWebKit/537.36 (KHTML, like Gecko) Chrome/148.0.7778.96 Mobile Safari/537.36 (compatible; Googlebot/2.1; +http://www.google.com/bot.html)"
66.249.64.66 - - [20/Jun/2026:12:23:10 +0200] "GET /?listing%2F17755781%2F HTTP/1.1" 200 46855 "-" "Mozilla/5.0 (Linux; Android 6.0.1; Nexus 5X Build/MMB29P) AppleWebKit/537.36 (KHTML, like Gecko) Chrome/148.0.7778.96 Mobile Safari/537.36 (compatible; Googlebot/2.1; +http://www.google.com/bot.html)"
109.234.166.195 - - [20/Jun/2026:12:25:45 +0200] "POST /wp-cron.php?doing_wp_cron=1781951145.6416399478912353515625 HTTP/1.1" 200 - "-" "WordPress/7.0; https://claireduwig.com"
108.173.68.7 - - [20/Jun/2026:12:25:45 +0200] "GET / HTTP/1.1" 200 46876 "-" "Mozilla/5.0 (Linux; Android 6.0; Nexus 5 Build/MRA58N) AppleWebKit/537.36 (KHTML, like Gecko) Chrome/55.0.2724.1771 Mobile Safari/537.36"
172.240.166.45 - - [20/Jun/2026:12:25:57 +0200] "GET /wp-content/plugins/elementor/assets/css/frontend.min.css?ver=4.0.8 HTTP/1.1" 200 54666 "https://claireduwig.com/" "Mozilla/5.0 (Linux; Android 6.0; Nexus 5 Build/MRA58N) AppleWebKit/537.36 (KHTML, like Gecko) Chrome/55.0.2724.1771 Mobile Safari/537.36"
172.240.166.45 - - [20/Jun/2026:12:25:57 +0200] "GET /wp-content/uploads/elementor/google-fonts/css/roboto.css?ver=1746693089 HTTP/1.1" 200 107244 "https://claireduwig.com/" "Mozilla/5.0 (Linux; Android 6.0; Nexus 5 Build/MRA58N) AppleWebKit/537.36 (KHTML, like Gecko) Chrome/55.0.2724.1771 Mobile Safari/537.36"
172.240.166.45 - - [20/Jun/2026:12:25:57 +0200] "GET /wp-content/uploads/elementor/google-fonts/css/robotoslab.css?ver=1746693092 HTTP/1.1" 200 24885 "https://claireduwig.com/" "Mozilla/5.0 (Linux; Android 6.0; Nexus 5 Build/MRA58N) AppleWebKit/537.36 (KHTML, like Gecko) Chrome/55.0.2724.1771 Mobile Safari/537.36"
172.240.166.45 - - [20/Jun/2026:12:25:58 +0200] "GET /wp-content/themes/ClrD/assets/images/logo-ClrD.svg HTTP/1.1" 200 3326 "https://claireduwig.com/" "Mozilla/5.0 (Linux; Android 6.0; Nexus 5 Build/MRA58N) AppleWebKit/537.36 (KHTML, like Gecko) Chrome/55.0.2724.1771 Mobile Safari/537.36"
172.240.166.45 - - [20/Jun/2026:12:25:58 +0200] "GET /wp-content/uploads/2024/09/fondtests_Plan-de-travail-1-copie.jpg HTTP/1.1" 200 2678208 "https://claireduwig.com/" "Mozilla/5.0 (Linux; Android 6.0; Nexus 5 Build/MRA58N) AppleWebKit/537.36 (KHTML, like Gecko) Chrome/55.0.2724.1771 Mobile Safari/537.36"
172.240.166.45 - - [20/Jun/2026:12:25:58 +0200] "GET /wp-content/uploads/2024/05/icones_webdesign.png HTTP/1.1" 200 4477 "https://claireduwig.com/" "Mozilla/5.0 (Linux; Android 6.0; Nexus 5 Build/MRA58N) AppleWebKit/537.36 (KHTML, like Gecko) Chrome/55.0.2724.1771 Mobile Safari/537.36"
172.240.166.45 - - [20/Jun/2026:12:25:58 +0200] "GET /wp-content/uploads/2024/05/claire-duwig-photo.webp HTTP/1.1" 200 32364 "https://claireduwig.com/" "Mozilla/5.0 (Linux; Android 6.0; Nexus 5 Build/MRA58N) AppleWebKit/537.36 (KHTML, like Gecko) Chrome/55.0.2724.1771 Mobile Safari/537.36"
172.240.166.45 - - [20/Jun/2026:12:25:58 +0200] "GET /wp-content/uploads/2024/05/icones_identite-graphique.png HTTP/1.1" 200 4528 "https://claireduwig.com/" "Mozilla/5.0 (Linux; Android 6.0; Nexus 5 Build/MRA58N) AppleWebKit/537.36 (KHTML, like Gecko) Chrome/55.0.2724.1771 Mobile Safari/537.36"
172.240.166.45 - - [20/Jun/2026:12:25:58 +0200] "GET /wp-content/themes/ClrD/assets/images/logo-ClrD.svg HTTP/1.1" 200 3326 "https://claireduwig.com/" "Mozilla/5.0 (Linux; Android 6.0; Nexus 5 Build/MRA58N) AppleWebKit/537.36 (KHTML, like Gecko) Chrome/55.0.2724.1771 Mobile Safari/537.36"
172.240.166.45 - - [20/Jun/2026:12:25:58 +0200] "GET /wp-content/uploads/2024/09/fondtests_Plan-de-travail-1-copie.jpg HTTP/1.1" 200 2678208 "https://claireduwig.com/" "Mozilla/5.0 (Linux; Android 6.0; Nexus 5 Build/MRA58N) AppleWebKit/537.36 (KHTML, like Gecko) Chrome/55.0.2724.1771 Mobile Safari/537.36"
172.240.166.45 - - [20/Jun/2026:12:25:58 +0200] "GET /wp-content/uploads/2024/05/icones_dev.png HTTP/1.1" 200 3114 "https://claireduwig.com/" "Mozilla/5.0 (Linux; Android 6.0; Nexus 5 Build/MRA58N) AppleWebKit/537.36 (KHTML, like Gecko) Chrome/55.0.2724.1771 Mobile Safari/537.36"
172.240.166.45 - - [20/Jun/2026:12:25:58 +0200] "GET /wp-content/uploads/2025/11/Site-trace-studio-vignette.webp HTTP/1.1" 200 34364 "https://claireduwig.com/" "Mozilla/5.0 (Linux; Android 6.0; Nexus 5 Build/MRA58N) AppleWebKit/537.36 (KHTML, like Gecko) Chrome/55.0.2724.1771 Mobile Safari/537.36"
172.240.166.45 - - [20/Jun/2026:12:25:59 +0200] "GET /wp-content/uploads/2024/05/icones_print.png HTTP/1.1" 200 2467 "https://claireduwig.com/" "Mozilla/5.0 (Linux; Android 6.0; Nexus 5 Build/MRA58N) AppleWebKit/537.36 (KHTML, like Gecko) Chrome/55.0.2724.1771 Mobile Safari/537.36"
172.240.166.45 - - [20/Jun/2026:12:25:59 +0200] "GET /wp-content/uploads/2025/11/projet-maison-neva-vignette.jpg HTTP/1.1" 200 72173 "https://claireduwig.com/" "Mozilla/5.0 (Linux; Android 6.0; Nexus 5 Build/MRA58N) AppleWebKit/537.36 (KHTML, like Gecko) Chrome/55.0.2724.1771 Mobile Safari/537.36"
172.240.166.45 - - [20/Jun/2026:12:25:59 +0200] "GET /wp-content/uploads/2025/09/WE-PROTECT-YOU.webp HTTP/1.1" 200 96074 "https://claireduwig.com/" "Mozilla/5.0 (Linux; Android 6.0; Nexus 5 Build/MRA58N) AppleWebKit/537.36 (KHTML, like Gecko) Chrome/55.0.2724.1771 Mobile Safari/537.36"
172.240.166.45 - - [20/Jun/2026:12:25:59 +0200] "GET /wp-content/uploads/2024/09/fondtests_Plan-de-travail-1-copie.jpg HTTP/1.1" 200 2678208 "https://claireduwig.com/" "Mozilla/5.0 (Linux; Android 6.0; Nexus 5 Build/MRA58N) AppleWebKit/537.36 (KHTML, like Gecko) Chrome/55.0.2724.1771 Mobile Safari/537.36"
172.240.166.45 - - [20/Jun/2026:12:25:59 +0200] "GET /wp-content/themes/ClrD/assets/images/icon-contact.svg HTTP/1.1" 200 806 "https://claireduwig.com/" "Mozilla/5.0 (Linux; Android 6.0; Nexus 5 Build/MRA58N) AppleWebKit/537.36 (KHTML, like Gecko) Chrome/55.0.2724.1771 Mobile Safari/537.36"
172.240.166.45 - - [20/Jun/2026:12:25:59 +0200] "GET /wp-content/uploads/2024/05/fond-reco-scaled.webp HTTP/1.1" 200 13896 "https://claireduwig.com/" "Mozilla/5.0 (Linux; Android 6.0; Nexus 5 Build/MRA58N) AppleWebKit/537.36 (KHTML, like Gecko) Chrome/55.0.2724.1771 Mobile Safari/537.36"
172.240.166.45 - - [20/Jun/2026:12:25:59 +0200] "GET /wp-content/themes/ClrD/assets/images/icon-cv.svg HTTP/1.1" 200 1147 "https://claireduwig.com/" "Mozilla/5.0 (Linux; Android 6.0; Nexus 5 Build/MRA58N) AppleWebKit/537.36 (KHTML, like Gecko) Chrome/55.0.2724.1771 Mobile Safari/537.36"
172.240.166.45 - - [20/Jun/2026:12:25:59 +0200] "GET /wp-content/themes/ClrD/assets/images/icon-linkedin.svg HTTP/1.1" 200 966 "https://claireduwig.com/" "Mozilla/5.0 (Linux; Android 6.0; Nexus 5 Build/MRA58N) AppleWebKit/537.36 (KHTML, like Gecko) Chrome/55.0.2724.1771 Mobile Safari/537.36"
172.240.166.45 - - [20/Jun/2026:12:25:59 +0200] "GET /wp-content/uploads/2025/11/projet-maison-neva-vignette.jpg HTTP/1.1" 200 72173 "https://claireduwig.com/" "Mozilla/5.0 (Linux; Android 6.0; Nexus 5 Build/MRA58N) AppleWebKit/537.36 (KHTML, like Gecko) Chrome/55.0.2724.1771 Mobile Safari/537.36"
172.240.166.45 - - [20/Jun/2026:12:26:02 +0200] "GET /wp-content/uploads/2025/11/projet-maison-neva-vignette.jpg HTTP/1.1" 200 72173 "https://claireduwig.com/" "Mozilla/5.0 (Linux; Android 6.0; Nexus 5 Build/MRA58N) AppleWebKit/537.36 (KHTML, like Gecko) Chrome/55.0.2724.1771 Mobile Safari/537.36"
172.240.166.45 - - [20/Jun/2026:12:26:02 +0200] "GET /wp-content/themes/ClrD/assets/images/icon-contact.svg HTTP/1.1" 200 806 "https://claireduwig.com/" "Mozilla/5.0 (Linux; Android 6.0; Nexus 5 Build/MRA58N) AppleWebKit/537.36 (KHTML, like Gecko) Chrome/55.0.2724.1771 Mobile Safari/537.36"
172.240.166.45 - - [20/Jun/2026:12:26:02 +0200] "GET /wp-content/themes/ClrD/assets/images/icon-cv.svg HTTP/1.1" 200 1147 "https://claireduwig.com/" "Mozilla/5.0 (Linux; Android 6.0; Nexus 5 Build/MRA58N) AppleWebKit/537.36 (KHTML, like Gecko) Chrome/55.0.2724.1771 Mobile Safari/537.36"
172.240.166.45 - - [20/Jun/2026:12:26:02 +0200] "GET /wp-content/themes/ClrD/assets/images/icon-linkedin.svg HTTP/1.1" 200 966 "https://claireduwig.com/" "Mozilla/5.0 (Linux; Android 6.0; Nexus 5 Build/MRA58N) AppleWebKit/537.36 (KHTML, like Gecko) Chrome/55.0.2724.1771 Mobile Safari/537.36"
172.240.166.45 - - [20/Jun/2026:12:26:03 +0200] "GET /wp-content/themes/ClrD/assets/images/icon-contact.svg HTTP/1.1" 200 806 "https://claireduwig.com/" "Mozilla/5.0 (Linux; Android 6.0; Nexus 5 Build/MRA58N) AppleWebKit/537.36 (KHTML, like Gecko) Chrome/55.0.2724.1771 Mobile Safari/537.36"
172.240.166.45 - - [20/Jun/2026:12:26:03 +0200] "GET /wp-content/themes/ClrD/assets/images/icon-linkedin.svg HTTP/1.1" 200 966 "https://claireduwig.com/" "Mozilla/5.0 (Linux; Android 6.0; Nexus 5 Build/MRA58N) AppleWebKit/537.36 (KHTML, like Gecko) Chrome/55.0.2724.1771 Mobile Safari/537.36"
13.219.121.241 - - [20/Jun/2026:12:27:57 +0200] "GET / HTTP/1.1" 503 6278 "-" "RecordedFuture Global Inventory Crawler"
40.77.167.121 - - [20/Jun/2026:12:34:16 +0200] "GET /?listing/2050070/ HTTP/1.1" 301 - "-" "Mozilla/5.0 AppleWebKit/537.36 (KHTML, like Gecko; compatible; bingbot/2.0; +http://www.bing.com/bingbot.htm) Chrome/116.0.1938.76 Safari/537.36"
109.234.166.195 - - [20/Jun/2026:12:37:12 +0200] "POST /wp-cron.php?doing_wp_cron=1781951832.4617729187011718750000 HTTP/1.1" 200 - "-" "WordPress/7.0; https://claireduwig.com"
40.77.167.61 - - [20/Jun/2026:12:37:12 +0200] "GET /?listing/9991025/ HTTP/1.1" 301 - "-" "Mozilla/5.0 AppleWebKit/537.36 (KHTML, like Gecko; compatible; bingbot/2.0; +http://www.bing.com/bingbot.htm) Chrome/116.0.1938.76 Safari/537.36"
109.234.166.195 - - [20/Jun/2026:13:00:10 +0200] "POST /wp-cron.php?doing_wp_cron=1781953210.6588480472564697265625 HTTP/1.1" 200 - "-" "WordPress/7.0; https://claireduwig.com"
92.222.104.202 - - [20/Jun/2026:13:00:10 +0200] "GET /?sitemap642.xml HTTP/1.1" 301 - "-" "Mozilla/5.0 (compatible; AhrefsBot/7.0; +http://ahrefs.com/robot/)"
92.222.104.202 - - [20/Jun/2026:13:00:10 +0200] "GET /?sitemap642_xml HTTP/1.1" 200 46855 "-" "Mozilla/5.0 (compatible; AhrefsBot/7.0; +http://ahrefs.com/robot/)"
109.234.166.195 - - [20/Jun/2026:13:02:00 +0200] "POST /wp-cron.php?doing_wp_cron=1781953320.3360509872436523437500 HTTP/1.1" 200 - "-" "WordPress/7.0; https://claireduwig.com"
66.249.64.225 - - [20/Jun/2026:13:02:00 +0200] "GET /?listing/3198770/ HTTP/1.1" 301 - "-" "Mozilla/5.0 (Linux; Android 6.0.1; Nexus 5X Build/MMB29P) AppleWebKit/537.36 (KHTML, like Gecko) Chrome/148.0.7778.96 Mobile Safari/537.36 (compatible; Googlebot/2.1; +http://www.google.com/bot.html)"
66.249.64.66 - - [20/Jun/2026:13:02:00 +0200] "GET /?listing%2F3198770%2F HTTP/1.1" 200 46855 "-" "Mozilla/5.0 (Linux; Android 6.0.1; Nexus 5X Build/MMB29P) AppleWebKit/537.36 (KHTML, like Gecko) Chrome/148.0.7778.96 Mobile Safari/537.36 (compatible; Googlebot/2.1; +http://www.google.com/bot.html)"
109.234.166.195 - - [20/Jun/2026:13:09:24 +0200] "POST /wp-cron.php?doing_wp_cron=1781953764.5831921100616455078125 HTTP/1.1" 200 - "-" "WordPress/7.0; https://claireduwig.com"
66.249.64.225 - - [20/Jun/2026:13:09:24 +0200] "GET /?listing/14935414/ HTTP/1.1" 301 - "-" "Mozilla/5.0 (Linux; Android 6.0.1; Nexus 5X Build/MMB29P) AppleWebKit/537.36 (KHTML, like Gecko) Chrome/148.0.7778.96 Mobile Safari/537.36 (compatible; Googlebot/2.1; +http://www.google.com/bot.html)"
66.249.64.66 - - [20/Jun/2026:13:09:25 +0200] "GET /?listing%2F14935414%2F HTTP/1.1" 200 46855 "-" "Mozilla/5.0 (Linux; Android 6.0.1; Nexus 5X Build/MMB29P) AppleWebKit/537.36 (KHTML, like Gecko) Chrome/148.0.7778.96 Mobile Safari/537.36 (compatible; Googlebot/2.1; +http://www.google.com/bot.html)"
159.69.248.113 - - [20/Jun/2026:13:09:50 +0200] "GET /robots.txt HTTP/1.1" 200 1154 "-" "LightningCrawler/0.1 (+https://example.com/bot; domain-intelligence)"
159.69.248.113 - - [20/Jun/2026:13:09:50 +0200] "GET /llms.txt HTTP/1.1" 404 41072 "-" "LightningCrawler/0.1 (+https://example.com/bot; domain-intelligence)"
109.234.166.195 - - [20/Jun/2026:13:09:50 +0200] "POST /wp-cron.php?doing_wp_cron=1781953790.6373701095581054687500 HTTP/1.1" 200 - "-" "WordPress/7.0; https://claireduwig.com"
159.69.248.113 - - [20/Jun/2026:13:09:50 +0200] "GET /ai.txt HTTP/1.1" 404 41072 "-" "LightningCrawler/0.1 (+https://example.com/bot; domain-intelligence)"
159.69.248.113 - - [20/Jun/2026:13:09:50 +0200] "GET /humans.txt HTTP/1.1" 404 41072 "-" "LightningCrawler/0.1 (+https://example.com/bot; domain-intelligence)"
159.69.248.113 - - [20/Jun/2026:13:09:50 +0200] "GET / HTTP/1.1" 200 46876 "-" "LightningCrawler/0.1 (+https://example.com/bot; domain-intelligence)"
159.69.248.113 - - [20/Jun/2026:13:09:54 +0200] "GET /mentions-legales HTTP/1.1" 301 - "-" "LightningCrawler/0.1 (+https://example.com/bot; domain-intelligence)"
159.69.248.113 - - [20/Jun/2026:13:09:55 +0200] "GET /mentions-legales/ HTTP/1.1" 200 37543 "https://claireduwig.com/mentions-legales" "LightningCrawler/0.1 (+https://example.com/bot; domain-intelligence)"
109.234.166.195 - - [20/Jun/2026:13:10:55 +0200] "POST /wp-cron.php?doing_wp_cron=1781953855.6462349891662597656250 HTTP/1.1" 200 - "-" "WordPress/7.0; https://claireduwig.com"
40.77.167.75 - - [20/Jun/2026:13:10:55 +0200] "GET /?listing/4133847/ HTTP/1.1" 301 - "-" "Mozilla/5.0 AppleWebKit/537.36 (KHTML, like Gecko; compatible; bingbot/2.0; +http://www.bing.com/bingbot.htm) Chrome/116.0.1938.76 Safari/537.36"
109.234.166.195 - - [20/Jun/2026:13:15:24 +0200] "POST /wp-cron.php?doing_wp_cron=1781954124.6013340950012207031250 HTTP/1.1" 200 - "-" "WordPress/7.0; https://claireduwig.com"
40.77.167.75 - - [20/Jun/2026:13:15:24 +0200] "GET /?listing/7811203/ HTTP/1.1" 301 - "-" "Mozilla/5.0 AppleWebKit/537.36 (KHTML, like Gecko; compatible; bingbot/2.0; +http://www.bing.com/bingbot.htm) Chrome/116.0.1938.76 Safari/537.36"
109.234.166.195 - - [20/Jun/2026:13:17:26 +0200] "POST /wp-cron.php?doing_wp_cron=1781954246.3615889549255371093750 HTTP/1.1" 200 - "-" "WordPress/7.0; https://claireduwig.com"
